174.118.60.252 - - [20/Jun/2026:08:01:51 -0400] "GET /wp-content/plugins/realtypress-premium/public/third-party/font-awesome-4.2.0/fonts/fontawesome-webfont.woff?v=4.2.0 HTTP/2.0" 200 65456 "https://www.alliancerealty.nb.ca/" "Mozilla/5.0 (Macintosh; Intel Mac OS X 10_15_7) AppleWebKit/605.1.15 (KHTML, like Gecko) Version/16.1 Safari/605.1.15"
174.118.60.252 - - [20/Jun/2026:08:01:51 -0400] "GET /wp-content/plugins/real-estate-listing-realtyna-wpl-pro/assets/fonts/wpl_front.svg HTTP/2.0" 200 95254 "https://www.alliancerealty.nb.ca/" "Mozilla/5.0 (Macintosh; Intel Mac OS X 10_15_7) AppleWebKit/605.1.15 (KHTML, like Gecko) Version/16.1 Safari/605.1.15"
174.118.60.252 - - [20/Jun/2026:08:01:51 -0400] "GET /wp-content/plugins/real-estate-listing-realtyna-wpl-pro/assets/js/js_inline.html HTTP/2.0" 200 1431 "https://www.alliancerealty.nb.ca/" "Mozilla/5.0 (Macintosh; Intel Mac OS X 10_15_7) AppleWebKit/605.1.15 (KHTML, like Gecko) Version/16.1 Safari/605.1.15"
143.105.101.181 - - [20/Jun/2026:08:01:52 -0400] "GET /wp-content/uploads/WPL/1069/thimg_Terrain-Ch-du-Pouvoir-1_360x240.jpeg HTTP/2.0" 200 47793 "https://www.alliancerealty.nb.ca/proprietes/?widget_id=2&kind=0&sf_unit_price=260&sf_min_price=0&sf_max_price=180000" "Mozilla/5.0 (iPhone; CPU iPhone OS 18_7 like Mac OS X) AppleWebKit/605.1.15 (KHTML, like Gecko) Version/26.5 Mobile/15E148 Safari/604.1"
174.118.60.252 - - [20/Jun/2026:08:01:52 -0400] "GET /wp-content/uploads/2021/01/excl.jpg HTTP/2.0" 200 13261 "https://www.alliancerealty.nb.ca/" "Mozilla/5.0 (Macintosh; Intel Mac OS X 10_15_7) AppleWebKit/605.1.15 (KHTML, like Gecko) Version/16.1 Safari/605.1.15"
174.118.60.252 - - [20/Jun/2026:08:01:52 -0400] "GET /wp-content/uploads/2021/04/office_R_white.png HTTP/2.0" 200 7563 "https://www.alliancerealty.nb.ca/" "Mozilla/5.0 (Macintosh; Intel Mac OS X 10_15_7) AppleWebKit/605.1.15 (KHTML, like Gecko) Version/16.1 Safari/605.1.15"
174.118.60.252 - - [20/Jun/2026:08:01:52 -0400] "GET /wp-content/plugins/real-estate-listing-realtyna-wpl-pro/assets/img/empty.png HTTP/2.0" 200 137 "https://www.alliancerealty.nb.ca/" "Mozilla/5.0 (Macintosh; Intel Mac OS X 10_15_7) AppleWebKit/605.1.15 (KHTML, like Gecko) Version/16.1 Safari/605.1.15"
174.118.60.252 - - [20/Jun/2026:08:01:52 -0400] "POST / HTTP/2.0" 200 41 "https://www.alliancerealty.nb.ca/" "Mozilla/5.0 (Macintosh; Intel Mac OS X 10_15_7) AppleWebKit/605.1.15 (KHTML, like Gecko) Version/16.1 Safari/605.1.15"
174.118.60.252 - - [20/Jun/2026:08:01:52 -0400] "POST /wp-admin/admin-ajax.php HTTP/2.0" 200 268 "https://www.alliancerealty.nb.ca/" "Mozilla/5.0 (Macintosh; Intel Mac OS X 10_15_7) AppleWebKit/605.1.15 (KHTML, like Gecko) Version/16.1 Safari/605.1.15"
174.118.60.252 - - [20/Jun/2026:08:01:52 -0400] "GET /wp-content/uploads/2020/12/cropped-favicon-32x32.gif HTTP/2.0" 200 138 "https://www.alliancerealty.nb.ca/" "Mozilla/5.0 (Macintosh; Intel Mac OS X 10_15_7) AppleWebKit/605.1.15 (KHTML, like Gecko) Version/16.1 Safari/605.1.15"
174.118.60.252 - - [20/Jun/2026:08:01:52 -0400] "GET /wp-content/uploads/2020/12/cropped-favicon-192x192.gif HTTP/2.0" 200 922 "https://www.alliancerealty.nb.ca/" "Mozilla/5.0 (Macintosh; Intel Mac OS X 10_15_7) AppleWebKit/605.1.15 (KHTML, like Gecko) Version/16.1 Safari/605.1.15"
174.118.60.252 - - [20/Jun/2026:08:01:54 -0400] "GET /proprietes-nouveautes/ HTTP/2.0" 200 36040 "https://www.alliancerealty.nb.ca/" "Mozilla/5.0 (Macintosh; Intel Mac OS X 10_15_7) AppleWebKit/605.1.15 (KHTML, like Gecko) Version/16.1 Safari/605.1.15"
174.118.60.252 - - [20/Jun/2026:08:01:57 -0400] "GET /wp-content/et-cache/1615/et-core-unified-1615.min.css?ver=1780683200 HTTP/2.0" 200 3181 "https://www.alliancerealty.nb.ca/proprietes-nouveautes/" "Mozilla/5.0 (Macintosh; Intel Mac OS X 10_15_7) AppleWebKit/605.1.15 (KHTML, like Gecko) Version/16.1 Safari/605.1.15"
174.118.60.252 - - [20/Jun/2026:08:01:57 -0400] "GET /wp-content/uploads/WPL/1148/thimg_28Lynott_1ext_360x240.JPG HTTP/2.0" 200 35050 "https://www.alliancerealty.nb.ca/proprietes-nouveautes/" "Mozilla/5.0 (Macintosh; Intel Mac OS X 10_15_7) AppleWebKit/605.1.15 (KHTML, like Gecko) Version/16.1 Safari/605.1.15"
174.118.60.252 - - [20/Jun/2026:08:01:57 -0400] "GET /wp-content/uploads/WPL/1150/thimg_53_rueGrondin1Ext_360x240.jpg HTTP/2.0" 200 39236 "https://www.alliancerealty.nb.ca/proprietes-nouveautes/" "Mozilla/5.0 (Macintosh; Intel Mac OS X 10_15_7) AppleWebKit/605.1.15 (KHTML, like Gecko) Version/16.1 Safari/605.1.15"
174.118.60.252 - - [20/Jun/2026:08:01:57 -0400] "GET /wp-content/uploads/WPL/1147/thimg_98_des%C3%89rables1Ext_360x240.JPG HTTP/2.0" 200 45348 "https://www.alliancerealty.nb.ca/proprietes-nouveautes/" "Mozilla/5.0 (Macintosh; Intel Mac OS X 10_15_7) AppleWebKit/605.1.15 (KHTML, like Gecko) Version/16.1 Safari/605.1.15"
174.118.60.252 - - [20/Jun/2026:08:01:57 -0400] "POST /proprietes-nouveautes/ HTTP/2.0" 200 41 "https://www.alliancerealty.nb.ca/proprietes-nouveautes/" "Mozilla/5.0 (Macintosh; Intel Mac OS X 10_15_7) AppleWebKit/605.1.15 (KHTML, like Gecko) Version/16.1 Safari/605.1.15"
174.118.60.252 - - [20/Jun/2026:08:01:57 -0400] "POST /wp-admin/admin-ajax.php HTTP/2.0" 200 264 "https://www.alliancerealty.nb.ca/proprietes-nouveautes/" "Mozilla/5.0 (Macintosh; Intel Mac OS X 10_15_7) AppleWebKit/605.1.15 (KHTML, like Gecko) Version/16.1 Safari/605.1.15"
143.105.101.181 - - [20/Jun/2026:08:02:00 -0400] "GET /wp-content/uploads/WPL/1060/thimg_Terrainroute2_1_360x240.jpg HTTP/2.0" 200 56113 "https://www.alliancerealty.nb.ca/proprietes/?widget_id=2&kind=0&sf_unit_price=260&sf_min_price=0&sf_max_price=180000" "Mozilla/5.0 (iPhone; CPU iPhone OS 18_7 like Mac OS X) AppleWebKit/605.1.15 (KHTML, like Gecko) Version/26.5 Mobile/15E148 Safari/604.1"
143.105.101.181 - - [20/Jun/2026:08:02:02 -0400] "GET /wp-content/uploads/WPL/1036/thimg_GeoNB_360x240.jpg HTTP/2.0" 200 53770 "https://www.alliancerealty.nb.ca/proprietes/?widget_id=2&kind=0&sf_unit_price=260&sf_min_price=0&sf_max_price=180000" "Mozilla/5.0 (iPhone; CPU iPhone OS 18_7 like Mac OS X) AppleWebKit/605.1.15 (KHTML, like Gecko) Version/26.5 Mobile/15E148 Safari/604.1"
143.105.101.181 - - [20/Jun/2026:08:02:13 -0400] "GET /proprietes/?widget_id=2&kind=0&sf_unit_price=260&sf_min_price=0&sf_max_price=180000&wplpage=2 HTTP/2.0" 200 36798 "https://www.alliancerealty.nb.ca/proprietes/?widget_id=2&kind=0&sf_unit_price=260&sf_min_price=0&sf_max_price=180000" "Mozilla/5.0 (iPhone; CPU iPhone OS 18_7 like Mac OS X) AppleWebKit/605.1.15 (KHTML, like Gecko) Version/26.5 Mobile/15E148 Safari/604.1"
143.105.101.181 - - [20/Jun/2026:08:02:15 -0400] "GET /wp-content/uploads/WPL/908/thimg_GeoNB_360x240.jpg HTTP/2.0" 200 40435 "https://www.alliancerealty.nb.ca/proprietes/?widget_id=2&kind=0&sf_unit_price=260&sf_min_price=0&sf_max_price=180000&wplpage=2" "Mozilla/5.0 (iPhone; CPU iPhone OS 18_7 like Mac OS X) AppleWebKit/605.1.15 (KHTML, like Gecko) Version/26.5 Mobile/15E148 Safari/604.1"
143.105.101.181 - - [20/Jun/2026:08:02:15 -0400] "GET /wp-content/uploads/WPL/789/thimg_GeoNB_360x240.jpg HTTP/2.0" 200 46899 "https://www.alliancerealty.nb.ca/proprietes/?widget_id=2&kind=0&sf_unit_price=260&sf_min_price=0&sf_max_price=180000&wplpage=2" "Mozilla/5.0 (iPhone; CPU iPhone OS 18_7 like Mac OS X) AppleWebKit/605.1.15 (KHTML, like Gecko) Version/26.5 Mobile/15E148 Safari/604.1"
143.105.101.181 - - [20/Jun/2026:08:02:15 -0400] "POST /proprietes/?widget_id=2&kind=0&sf_unit_price=260&sf_min_price=0&sf_max_price=180000&wplpage=2 HTTP/2.0" 200 41 "https://www.alliancerealty.nb.ca/proprietes/?widget_id=2&kind=0&sf_unit_price=260&sf_min_price=0&sf_max_price=180000&wplpage=2" "Mozilla/5.0 (iPhone; CPU iPhone OS 18_7 like Mac OS X) AppleWebKit/605.1.15 (KHTML, like Gecko) Version/26.5 Mobile/15E148 Safari/604.1"
143.105.101.181 - - [20/Jun/2026:08:02:15 -0400] "POST /wp-admin/admin-ajax.php HTTP/2.0" 200 267 "https://www.alliancerealty.nb.ca/proprietes/?widget_id=2&kind=0&sf_unit_price=260&sf_min_price=0&sf_max_price=180000&wplpage=2" "Mozilla/5.0 (iPhone; CPU iPhone OS 18_7 like Mac OS X) AppleWebKit/605.1.15 (KHTML, like Gecko) Version/26.5 Mobile/15E148 Safari/604.1"
143.105.101.181 - - [20/Jun/2026:08:02:16 -0400] "GET /wp-content/uploads/WPL/788/thimg_GeoNB_360x240.jpg HTTP/2.0" 200 46410 "https://www.alliancerealty.nb.ca/proprietes/?widget_id=2&kind=0&sf_unit_price=260&sf_min_price=0&sf_max_price=180000&wplpage=2" "Mozilla/5.0 (iPhone; CPU iPhone OS 18_7 like Mac OS X) AppleWebKit/605.1.15 (KHTML, like Gecko) Version/26.5 Mobile/15E148 Safari/604.1"
143.105.101.181 - - [20/Jun/2026:08:02:17 -0400] "GET /wp-content/uploads/WPL/469/thGeoNB_360x240.jpg HTTP/2.0" 200 47496 "https://www.alliancerealty.nb.ca/proprietes/?widget_id=2&kind=0&sf_unit_price=260&sf_min_price=0&sf_max_price=180000&wplpage=2" "Mozilla/5.0 (iPhone; CPU iPhone OS 18_7 like Mac OS X) AppleWebKit/605.1.15 (KHTML, like Gecko) Version/26.5 Mobile/15E148 Safari/604.1"
143.105.101.181 - - [20/Jun/2026:08:02:18 -0400] "GET /wp-content/uploads/WPL/445/thgeonb_360x240.jpg HTTP/2.0" 200 59662 "https://www.alliancerealty.nb.ca/proprietes/?widget_id=2&kind=0&sf_unit_price=260&sf_min_price=0&sf_max_price=180000&wplpage=2" "Mozilla/5.0 (iPhone; CPU iPhone OS 18_7 like Mac OS X) AppleWebKit/605.1.15 (KHTML, like Gecko) Version/26.5 Mobile/15E148 Safari/604.1"
143.105.101.181 - - [20/Jun/2026:08:02:19 -0400] "GET /wp-content/uploads/WPL/407/thimg_lot5_lotplan_360x240.jpg HTTP/2.0" 200 49683 "https://www.alliancerealty.nb.ca/proprietes/?widget_id=2&kind=0&sf_unit_price=260&sf_min_price=0&sf_max_price=180000&wplpage=2" "Mozilla/5.0 (iPhone; CPU iPhone OS 18_7 like Mac OS X) AppleWebKit/605.1.15 (KHTML, like Gecko) Version/26.5 Mobile/15E148 Safari/604.1"
143.105.101.181 - - [20/Jun/2026:08:02:24 -0400] "GET /wp-content/uploads/WPL/406/thimg_lot3_lotplan_360x240.jpg HTTP/2.0" 200 50507 "https://www.alliancerealty.nb.ca/proprietes/?widget_id=2&kind=0&sf_unit_price=260&sf_min_price=0&sf_max_price=180000&wplpage=2" "Mozilla/5.0 (iPhone; CPU iPhone OS 18_7 like Mac OS X) AppleWebKit/605.1.15 (KHTML, like Gecko) Version/26.5 Mobile/15E148 Safari/604.1"
143.105.101.181 - - [20/Jun/2026:08:02:30 -0400] "GET /wp-content/uploads/WPL/405/thimg_lot4_lotplan_360x240.jpg HTTP/2.0" 200 48560 "https://www.alliancerealty.nb.ca/proprietes/?widget_id=2&kind=0&sf_unit_price=260&sf_min_price=0&sf_max_price=180000&wplpage=2" "Mozilla/5.0 (iPhone; CPU iPhone OS 18_7 like Mac OS X) AppleWebKit/605.1.15 (KHTML, like Gecko) Version/26.5 Mobile/15E148 Safari/604.1"
143.105.101.181 - - [20/Jun/2026:08:02:31 -0400] "GET /wp-content/uploads/WPL/1169/thnx10_360x240.php HTTP/2.0" 404 29923 "https://www.alliancerealty.nb.ca/proprietes/?widget_id=2&kind=0&sf_unit_price=260&sf_min_price=0&sf_max_price=180000&wplpage=2" "Mozilla/5.0 (iPhone; CPU iPhone OS 18_7 like Mac OS X) AppleWebKit/605.1.15 (KHTML, like Gecko) Version/26.5 Mobile/15E148 Safari/604.1"
143.105.101.181 - - [20/Jun/2026:08:02:34 -0400] "GET /wp-content/uploads/WPL/1168/thnx10_360x240.php HTTP/2.0" 404 29923 "https://www.alliancerealty.nb.ca/proprietes/?widget_id=2&kind=0&sf_unit_price=260&sf_min_price=0&sf_max_price=180000&wplpage=2" "Mozilla/5.0 (iPhone; CPU iPhone OS 18_7 like Mac OS X) AppleWebKit/605.1.15 (KHTML, like Gecko) Version/26.5 Mobile/15E148 Safari/604.1"
143.105.101.181 - - [20/Jun/2026:08:02:35 -0400] "GET /wp-content/uploads/WPL/1167/thNx4_360x240.php HTTP/2.0" 404 29924 "https://www.alliancerealty.nb.ca/proprietes/?widget_id=2&kind=0&sf_unit_price=260&sf_min_price=0&sf_max_price=180000&wplpage=2" "Mozilla/5.0 (iPhone; CPU iPhone OS 18_7 like Mac OS X) AppleWebKit/605.1.15 (KHTML, like Gecko) Version/26.5 Mobile/15E148 Safari/604.1"
143.105.101.181 - - [20/Jun/2026:08:02:37 -0400] "GET /wp-content/uploads/WPL/1166/thNx4_360x240.php HTTP/2.0" 404 29923 "https://www.alliancerealty.nb.ca/proprietes/?widget_id=2&kind=0&sf_unit_price=260&sf_min_price=0&sf_max_price=180000&wplpage=2" "Mozilla/5.0 (iPhone; CPU iPhone OS 18_7 like Mac OS X) AppleWebKit/605.1.15 (KHTML, like Gecko) Version/26.5 Mobile/15E148 Safari/604.1"
143.105.101.181 - - [20/Jun/2026:08:02:44 -0400] "GET /proprietes/?widget_id=2&kind=0&sf_unit_price=260&sf_min_price=0&sf_max_price=180000&wplpage=3 HTTP/2.0" 200 35625 "https://www.alliancerealty.nb.ca/proprietes/?widget_id=2&kind=0&sf_unit_price=260&sf_min_price=0&sf_max_price=180000&wplpage=2" "Mozilla/5.0 (iPhone; CPU iPhone OS 18_7 like Mac OS X) AppleWebKit/605.1.15 (KHTML, like Gecko) Version/26.5 Mobile/15E148 Safari/604.1"
143.105.101.181 - - [20/Jun/2026:08:02:47 -0400] "POST /wp-admin/admin-ajax.php HTTP/2.0" 200 262 "https://www.alliancerealty.nb.ca/proprietes/?widget_id=2&kind=0&sf_unit_price=260&sf_min_price=0&sf_max_price=180000&wplpage=3" "Mozilla/5.0 (iPhone; CPU iPhone OS 18_7 like Mac OS X) AppleWebKit/605.1.15 (KHTML, like Gecko) Version/26.5 Mobile/15E148 Safari/604.1"
143.105.101.181 - - [20/Jun/2026:08:02:47 -0400] "POST /proprietes/?widget_id=2&kind=0&sf_unit_price=260&sf_min_price=0&sf_max_price=180000&wplpage=3 HTTP/2.0" 200 41 "https://www.alliancerealty.nb.ca/proprietes/?widget_id=2&kind=0&sf_unit_price=260&sf_min_price=0&sf_max_price=180000&wplpage=3" "Mozilla/5.0 (iPhone; CPU iPhone OS 18_7 like Mac OS X) AppleWebKit/605.1.15 (KHTML, like Gecko) Version/26.5 Mobile/15E148 Safari/604.1"
143.105.101.181 - - [20/Jun/2026:08:02:47 -0400] "GET /wp-content/uploads/WPL/1164/thNx4_360x240.php HTTP/2.0" 404 29923 "https://www.alliancerealty.nb.ca/proprietes/?widget_id=2&kind=0&sf_unit_price=260&sf_min_price=0&sf_max_price=180000&wplpage=3" "Mozilla/5.0 (iPhone; CPU iPhone OS 18_7 like Mac OS X) AppleWebKit/605.1.15 (KHTML, like Gecko) Version/26.5 Mobile/15E148 Safari/604.1"
143.105.101.181 - - [20/Jun/2026:08:02:47 -0400] "GET /wp-content/uploads/WPL/1165/thNx4_360x240.php HTTP/2.0" 404 29924 "https://www.alliancerealty.nb.ca/proprietes/?widget_id=2&kind=0&sf_unit_price=260&sf_min_price=0&sf_max_price=180000&wplpage=3" "Mozilla/5.0 (iPhone; CPU iPhone OS 18_7 like Mac OS X) AppleWebKit/605.1.15 (KHTML, like Gecko) Version/26.5 Mobile/15E148 Safari/604.1"
143.105.101.181 - - [20/Jun/2026:08:02:49 -0400] "GET /wp-content/uploads/WPL/1163/thNx3_360x240.php HTTP/2.0" 404 29924 "https://www.alliancerealty.nb.ca/proprietes/?widget_id=2&kind=0&sf_unit_price=260&sf_min_price=0&sf_max_price=180000&wplpage=3" "Mozilla/5.0 (iPhone; CPU iPhone OS 18_7 like Mac OS X) AppleWebKit/605.1.15 (KHTML, like Gecko) Version/26.5 Mobile/15E148 Safari/604.1"
143.105.101.181 - - [20/Jun/2026:08:02:52 -0400] "GET /proprietes/1164-%C3%80-vendre/ HTTP/2.0" 200 - "https://www.alliancerealty.nb.ca/proprietes/?widget_id=2&kind=0&sf_unit_price=260&sf_min_price=0&sf_max_price=180000&wplpage=3" "Mozilla/5.0 (iPhone; CPU iPhone OS 18_7 like Mac OS X) AppleWebKit/605.1.15 (KHTML, like Gecko) Version/26.5 Mobile/15E148 Safari/604.1"
143.105.101.181 - - [20/Jun/2026:08:02:54 -0400] "GET /proprietes/1164-%C3%80-vendre/ HTTP/2.0" 200 34627 "https://www.alliancerealty.nb.ca/proprietes/?widget_id=2&kind=0&sf_unit_price=260&sf_min_price=0&sf_max_price=180000&wplpage=3" "Mozilla/5.0 (iPhone; CPU iPhone OS 18_7 like Mac OS X) AppleWebKit/605.1.15 (KHTML, like Gecko) Version/26.5 Mobile/15E148 Safari/604.1"
143.105.101.181 - - [20/Jun/2026:08:02:56 -0400] "GET /wp-content/uploads/WPL/users/1/main_email.png HTTP/2.0" 200 273 "https://www.alliancerealty.nb.ca/proprietes/1164-%C3%80-vendre/" "Mozilla/5.0 (iPhone; CPU iPhone OS 18_7 like Mac OS X) AppleWebKit/605.1.15 (KHTML, like Gecko) Version/26.5 Mobile/15E148 Safari/604.1"
143.105.101.181 - - [20/Jun/2026:08:02:54 -0400] "GET /wp-content/uploads/WPL/1162/thshell_360x240.php HTTP/2.0" 404 - "https://www.alliancerealty.nb.ca/proprietes/?widget_id=2&kind=0&sf_unit_price=260&sf_min_price=0&sf_max_price=180000&wplpage=3" "Mozilla/5.0 (iPhone; CPU iPhone OS 18_7 like Mac OS X) AppleWebKit/605.1.15 (KHTML, like Gecko) Version/26.5 Mobile/15E148 Safari/604.1"
143.105.101.181 - - [20/Jun/2026:08:02:56 -0400] "POST /proprietes/1164-%C3%80-vendre/ HTTP/2.0" 200 41 "https://www.alliancerealty.nb.ca/proprietes/1164-%C3%80-vendre/" "Mozilla/5.0 (iPhone; CPU iPhone OS 18_7 like Mac OS X) AppleWebKit/605.1.15 (KHTML, like Gecko) Version/26.5 Mobile/15E148 Safari/604.1"
143.105.101.181 - - [20/Jun/2026:08:02:56 -0400] "POST /wp-admin/admin-ajax.php HTTP/2.0" 200 269 "https://www.alliancerealty.nb.ca/proprietes/1164-%C3%80-vendre/" "Mozilla/5.0 (iPhone; CPU iPhone OS 18_7 like Mac OS X) AppleWebKit/605.1.15 (KHTML, like Gecko) Version/26.5 Mobile/15E148 Safari/604.1"
143.105.101.181 - - [20/Jun/2026:08:02:56 -0400] "GET /wp-content/uploads/WPL/1164/thNx4_1140x760.php HTTP/2.0" 404 29923 "https://www.alliancerealty.nb.ca/proprietes/1164-%C3%80-vendre/" "Mozilla/5.0 (iPhone; CPU iPhone OS 18_7 like Mac OS X) AppleWebKit/605.1.15 (KHTML, like Gecko) Version/26.5 Mobile/15E148 Safari/604.1"
143.105.101.181 - - [20/Jun/2026:08:02:56 -0400] "GET /wp-content/uploads/WPL/1164/thNx4_160x80.php HTTP/2.0" 404 29923 "https://www.alliancerealty.nb.ca/proprietes/1164-%C3%80-vendre/" "Mozilla/5.0 (iPhone; CPU iPhone OS 18_7 like Mac OS X) AppleWebKit/605.1.15 (KHTML, like Gecko) Version/26.5 Mobile/15E148 Safari/604.1"
143.105.101.181 - - [20/Jun/2026:08:02:59 -0400] "GET /wp-content/uploads/WPL/1164/thNx4_160x80.php HTTP/2.0" 404 29924 "https://www.alliancerealty.nb.ca/proprietes/1164-%C3%80-vendre/" "Mozilla/5.0 (iPhone; CPU iPhone OS 18_7 like Mac OS X) AppleWebKit/605.1.15 (KHTML, like Gecko) Version/26.5 Mobile/15E148 Safari/604.1"
143.105.101.181 - - [20/Jun/2026:08:03:01 -0400] "GET /wp-content/uploads/WPL/1164/thNx4_160x80.php HTTP/2.0" 404 - "https://www.alliancerealty.nb.ca/proprietes/1164-%C3%80-vendre/" "Mozilla/5.0 (iPhone; CPU iPhone OS 18_7 like Mac OS X) AppleWebKit/605.1.15 (KHTML, like Gecko) Version/26.5 Mobile/15E148 Safari/604.1"
143.105.101.181 - - [20/Jun/2026:08:03:02 -0400] "GET /proprietes/?widget_id=2&kind=0&sf_unit_price=260&sf_min_price=0&sf_max_price=180000&wplpage=3 HTTP/2.0" 200 - "https://www.alliancerealty.nb.ca/proprietes/?widget_id=2&kind=0&sf_unit_price=260&sf_min_price=0&sf_max_price=180000&wplpage=2" "Mozilla/5.0 (iPhone; CPU iPhone OS 18_7 like Mac OS X) AppleWebKit/605.1.15 (KHTML, like Gecko) Version/26.5 Mobile/15E148 Safari/604.1"
143.105.101.181 - - [20/Jun/2026:08:03:03 -0400] "GET /proprietes/?widget_id=2&kind=0&sf_unit_price=260&sf_min_price=0&sf_max_price=180000&wplpage=2 HTTP/2.0" 200 - "https://www.alliancerealty.nb.ca/proprietes/?widget_id=2&kind=0&sf_unit_price=260&sf_min_price=0&sf_max_price=180000" "Mozilla/5.0 (iPhone; CPU iPhone OS 18_7 like Mac OS X) AppleWebKit/605.1.15 (KHTML, like Gecko) Version/26.5 Mobile/15E148 Safari/604.1"
143.105.101.181 - - [20/Jun/2026:08:03:05 -0400] "GET /proprietes/?widget_id=2&kind=0&sf_unit_price=260&sf_min_price=0&sf_max_price=180000 HTTP/2.0" 200 38170 "https://www.alliancerealty.nb.ca/proprietes/?widget_id=2&kind=0&sf_unit_price=260&sf_min_price=0&sf_max_price=999999999999" "Mozilla/5.0 (iPhone; CPU iPhone OS 18_7 like Mac OS X) AppleWebKit/605.1.15 (KHTML, like Gecko) Version/26.5 Mobile/15E148 Safari/604.1"
143.105.101.181 - - [20/Jun/2026:08:03:08 -0400] "POST /proprietes/?widget_id=2&kind=0&sf_unit_price=260&sf_min_price=0&sf_max_price=180000 HTTP/2.0" 200 41 "https://www.alliancerealty.nb.ca/proprietes/?widget_id=2&kind=0&sf_unit_price=260&sf_min_price=0&sf_max_price=180000" "Mozilla/5.0 (iPhone; CPU iPhone OS 18_7 like Mac OS X) AppleWebKit/605.1.15 (KHTML, like Gecko) Version/26.5 Mobile/15E148 Safari/604.1"
143.105.101.181 - - [20/Jun/2026:08:03:08 -0400] "POST /wp-admin/admin-ajax.php HTTP/2.0" 200 265 "https://www.alliancerealty.nb.ca/proprietes/?widget_id=2&kind=0&sf_unit_price=260&sf_min_price=0&sf_max_price=180000" "Mozilla/5.0 (iPhone; CPU iPhone OS 18_7 like Mac OS X) AppleWebKit/605.1.15 (KHTML, like Gecko) Version/26.5 Mobile/15E148 Safari/604.1"
143.105.101.181 - - [20/Jun/2026:08:03:13 -0400] "GET /proprietes/?widget_id=2&kind=0&sf_unit_price=260&sf_min_price=0&sf_max_price=999999999999 HTTP/2.0" 200 38381 "https://www.alliancerealty.nb.ca/" "Mozilla/5.0 (iPhone; CPU iPhone OS 18_7 like Mac OS X) AppleWebKit/605.1.15 (KHTML, like Gecko) Version/26.5 Mobile/15E148 Safari/604.1"
143.105.101.181 - - [20/Jun/2026:08:03:15 -0400] "POST /proprietes/?widget_id=2&kind=0&sf_unit_price=260&sf_min_price=0&sf_max_price=999999999999 HTTP/2.0" 200 41 "https://www.alliancerealty.nb.ca/proprietes/?widget_id=2&kind=0&sf_unit_price=260&sf_min_price=0&sf_max_price=999999999999" "Mozilla/5.0 (iPhone; CPU iPhone OS 18_7 like Mac OS X) AppleWebKit/605.1.15 (KHTML, like Gecko) Version/26.5 Mobile/15E148 Safari/604.1"
143.105.101.181 - - [20/Jun/2026:08:03:15 -0400] "POST /wp-admin/admin-ajax.php HTTP/2.0" 200 271 "https://www.alliancerealty.nb.ca/proprietes/?widget_id=2&kind=0&sf_unit_price=260&sf_min_price=0&sf_max_price=999999999999" "Mozilla/5.0 (iPhone; CPU iPhone OS 18_7 like Mac OS X) AppleWebKit/605.1.15 (KHTML, like Gecko) Version/26.5 Mobile/15E148 Safari/604.1"
40.77.167.131 - - [20/Jun/2026:08:03:21 -0400] "GET /wp-content/uploads/2021/01/mls.gif HTTP/2.0" 200 5461 "-" "Mozilla/5.0 AppleWebKit/537.36 (KHTML, like Gecko; compatible; bingbot/2.0; +http://www.bing.com/bingbot.htm) Chrome/116.0.1938.76 Safari/537.36"
143.105.101.181 - - [20/Jun/2026:08:03:18 -0400] "GET / HTTP/2.0" 200 37987 "https://www.google.com/" "Mozilla/5.0 (iPhone; CPU iPhone OS 18_7 like Mac OS X) AppleWebKit/605.1.15 (KHTML, like Gecko) Version/26.5 Mobile/15E148 Safari/604.1"
143.105.101.181 - - [20/Jun/2026:08:03:21 -0400] "POST / HTTP/2.0" 200 41 "https://www.alliancerealty.nb.ca/" "Mozilla/5.0 (iPhone; CPU iPhone OS 18_7 like Mac OS X) AppleWebKit/605.1.15 (KHTML, like Gecko) Version/26.5 Mobile/15E148 Safari/604.1"
143.105.101.181 - - [20/Jun/2026:08:03:21 -0400] "POST /wp-admin/admin-ajax.php HTTP/2.0" 200 266 "https://www.alliancerealty.nb.ca/" "Mozilla/5.0 (iPhone; CPU iPhone OS 18_7 like Mac OS X) AppleWebKit/605.1.15 (KHTML, like Gecko) Version/26.5 Mobile/15E148 Safari/604.1"
143.105.101.181 - - [20/Jun/2026:08:03:21 -0400] "GET /wp-content/uploads/WPL/1168/thnx10_360x240.php HTTP/2.0" 404 29924 "https://www.alliancerealty.nb.ca/" "Mozilla/5.0 (iPhone; CPU iPhone OS 18_7 like Mac OS X) AppleWebKit/605.1.15 (KHTML, like Gecko) Version/26.5 Mobile/15E148 Safari/604.1"
143.105.101.181 - - [20/Jun/2026:08:03:21 -0400] "GET /wp-content/uploads/WPL/1169/thnx10_360x240.php HTTP/2.0" 404 29924 "https://www.alliancerealty.nb.ca/" "Mozilla/5.0 (iPhone; CPU iPhone OS 18_7 like Mac OS X) AppleWebKit/605.1.15 (KHTML, like Gecko) Version/26.5 Mobile/15E148 Safari/604.1"
44.223.232.55 - - [20/Jun/2026:08:04:02 -0400] "GET /en/listing/page/23/?view=map&wplview HTTP/1.1" 200 256524 "-" "Mozilla/5.0 AppleWebKit/537.36 (KHTML, like Gecko; compatible; Amazonbot/0.1; +https://developer.amazon.com/support/amazonbot) Chrome/119.0.6045.214 Safari/537.36"
47.128.119.154 - - [20/Jun/2026:08:04:35 -0400] "GET /en/listing/133-chemin-du-pouvoir-road-edmundston-new-brunswick-e3v-2y2-28575537/ HTTP/2.0" 404 29710 "-" "Mozilla/5.0 (Linux; Android 5.0) AppleWebKit/537.36 (KHTML, like Gecko) Mobile Safari/537.36 (compatible; TikTokSpider; ttspider-feedback@tiktok.com)"
47.128.119.154 - - [20/Jun/2026:08:04:38 -0400] "GET /wp-content/plugins/real-estate-listing-realtyna-wpl-pro/libraries/page_builders/divi/styles/style.min.css HTTP/2.0" 200 1 "https://www.alliancerealty.nb.ca/en/listing/133-chemin-du-pouvoir-road-edmundston-new-brunswick-e3v-2y2-28575537/" "Mozilla/5.0 (Linux; Android 5.0) AppleWebKit/537.36 (KHTML, like Gecko) Mobile Safari/537.36 (compatible; TikTokSpider; ttspider-feedback@tiktok.com)"
216.73.217.135 - - [20/Jun/2026:08:04:56 -0400] "GET /listing/page/54?paged=54&view=grid HTTP/2.0" 301 1 "-" "Mozilla/5.0 AppleWebKit/537.36 (KHTML, like Gecko; compatible; ClaudeBot/1.0; +claudebot@anthropic.com)"
216.73.217.135 - - [20/Jun/2026:08:04:56 -0400] "GET /listing/page/53?paged=53&view=map HTTP/2.0" 301 1 "-" "Mozilla/5.0 AppleWebKit/537.36 (KHTML, like Gecko; compatible; ClaudeBot/1.0; +claudebot@anthropic.com)"
216.73.217.135 - - [20/Jun/2026:08:04:58 -0400] "GET /listing/page/54/?view=grid HTTP/2.0" 200 32697 "https://www.alliancerealty.nb.ca/listing/page/54?paged=54&view=grid" "Mozilla/5.0 AppleWebKit/537.36 (KHTML, like Gecko; compatible; ClaudeBot/1.0; +claudebot@anthropic.com)"
216.73.217.135 - - [20/Jun/2026:08:04:58 -0400] "GET /listing/page/53/?view=map HTTP/2.0" 200 36714 "https://www.alliancerealty.nb.ca/listing/page/53?paged=53&view=map" "Mozilla/5.0 AppleWebKit/537.36 (KHTML, like Gecko; compatible; ClaudeBot/1.0; +claudebot@anthropic.com)"
54.39.210.136 - - [20/Jun/2026:08:05:19 -0400] "GET /listing/243-riviere-verte-road-riviere-verte-new-brunswick-e7a-3a1-29679567/ HTTP/2.0" 404 29817 "-" "Mozilla/5.0 (compatible; AhrefsBot/7.0; +http://ahrefs.com/robot/)"
47.128.119.132 - - [20/Jun/2026:08:05:19 -0400] "GET /en/listing/66-aqueduc-street-saint-jacques-new-brunswick-e7b-1r2-28523593/ HTTP/2.0" 404 29709 "-" "Mozilla/5.0 (Linux; Android 5.0) AppleWebKit/537.36 (KHTML, like Gecko) Mobile Safari/537.36 (compatible; TikTokSpider; ttspider-feedback@tiktok.com)"
47.128.119.132 - - [20/Jun/2026:08:05:22 -0400] "GET /wp-content/plugins/real-estate-listing-realtyna-wpl-pro/libraries/page_builders/divi/styles/style.min.css HTTP/2.0" 200 1 "https://www.alliancerealty.nb.ca/en/listing/66-aqueduc-street-saint-jacques-new-brunswick-e7b-1r2-28523593/" "Mozilla/5.0 (Linux; Android 5.0) AppleWebKit/537.36 (KHTML, like Gecko) Mobile Safari/537.36 (compatible; TikTokSpider; ttspider-feedback@tiktok.com)"
66.249.69.67 - - [20/Jun/2026:08:05:40 -0400] "GET /proprietes/623-1509-rue-St-Fran%C3%A7ois/ HTTP/1.1" 200 26890 "-" "Mozilla/5.0 (Linux; Android 6.0.1; Nexus 5X Build/MMB29P) AppleWebKit/537.36 (KHTML, like Gecko) Chrome/148.0.7778.96 Mobile Safari/537.36 (compatible; Googlebot/2.1; +http://www.google.com/bot.html)"
47.128.119.219 - - [20/Jun/2026:08:05:48 -0400] "GET /proprietes/941-1327-Route-205/ HTTP/2.0" 301 1 "-" "Mozilla/5.0 (compatible; Bytespider; spider-feedback@bytedance.com) AppleWebKit/537.36 (KHTML, like Gecko) Chrome/70.0.0.0 Safari/537.36"
66.249.69.65 - - [20/Jun/2026:08:05:49 -0400] "GET /wp-content/plugins/testimonial-free/public/assets/css/font-awesome.min.css?ver=2.4.1 HTTP/1.1" 200 6294 "https://www.alliancerealty.nb.ca/proprietes/623-1509-rue-St-Fran%C3%A7ois/" "Mozilla/5.0 (Linux; Android 6.0.1; Nexus 5X Build/MMB29P) AppleWebKit/537.36 (KHTML, like Gecko) Chrome/148.0.7778.96 Mobile Safari/537.36 (compatible; Googlebot/2.1; +http://www.google.com/bot.html)"
47.128.119.219 - - [20/Jun/2026:08:05:49 -0400] "GET /proprietes/941-Terrain-vacant-Route-205 HTTP/2.0" 301 1 "-" "Mozilla/5.0 (compatible; Bytespider; spider-feedback@bytedance.com) AppleWebKit/537.36 (KHTML, like Gecko) Chrome/70.0.0.0 Safari/537.36"
47.128.119.219 - - [20/Jun/2026:08:05:51 -0400] "GET /proprietes/941-Terrain-vacant-Route-205/ HTTP/2.0" 200 26690 "-" "Mozilla/5.0 (compatible; Bytespider; spider-feedback@bytedance.com) AppleWebKit/537.36 (KHTML, like Gecko) Chrome/70.0.0.0 Safari/537.36"
47.128.119.219 - - [20/Jun/2026:08:05:54 -0400] "GET /wp-content/plugins/real-estate-listing-realtyna-wpl-pro/libraries/page_builders/divi/styles/style.min.css HTTP/2.0" 200 1 "https://www.alliancerealty.nb.ca/proprietes/941-Terrain-vacant-Route-205/" "Mozilla/5.0 (compatible; Bytespider; spider-feedback@bytedance.com) AppleWebKit/537.36 (KHTML, like Gecko) Chrome/70.0.0.0 Safari/537.36"
114.119.143.14 - - [20/Jun/2026:08:05:56 -0400] "GET /listing/page/4?wplview&view=list&posts_per_page=12 HTTP/1.1" 301 1 "https://www.alliancerealty.nb.ca/listing/page/4?wplview&view=list&posts_per_page=12" "Mozilla/5.0 (Linux; Android 7.0;) AppleWebKit/537.36 (HTML, like Gecko) Mobile Safari/537.36 (compatible; PetalBot;+https://webmaster.petalsearch.com/site/petalbot)"
114.119.143.14 - - [20/Jun/2026:08:05:58 -0400] "GET /listing/page/4/?wplview&view=list&posts_per_page=12 HTTP/1.1" 200 38406 "https://www.alliancerealty.nb.ca/listing/page/4?wplview&view=list&posts_per_page=12" "Mozilla/5.0 (Linux; Android 7.0;) AppleWebKit/537.36 (HTML, like Gecko) Mobile Safari/537.36 (compatible; PetalBot;+https://webmaster.petalsearch.com/site/petalbot)"
114.119.142.7 - - [20/Jun/2026:08:06:03 -0400] "GET /en/multiple-listing-services/page/19/ HTTP/1.1" 200 30138 "https://www.alliancerealty.nb.ca/en/multiple-listing-services/page/19/" "Mozilla/5.0 (Linux; Android 7.0;) AppleWebKit/537.36 (HTML, like Gecko) Mobile Safari/537.36 (compatible; PetalBot;+https://webmaster.petalsearch.com/site/petalbot)"
216.73.217.135 - - [20/Jun/2026:08:06:27 -0400] "GET /listing/page/54?paged=1&posts_per_page=12&view=grid HTTP/2.0" 301 1 "-" "Mozilla/5.0 AppleWebKit/537.36 (KHTML, like Gecko; compatible; ClaudeBot/1.0; +claudebot@anthropic.com)"
216.73.217.135 - - [20/Jun/2026:08:06:29 -0400] "GET /listing/?posts_per_page=12&view=grid HTTP/2.0" 200 34820 "https://www.alliancerealty.nb.ca/listing/page/54?paged=1&posts_per_page=12&view=grid" "Mozilla/5.0 AppleWebKit/537.36 (KHTML, like Gecko; compatible; ClaudeBot/1.0; +claudebot@anthropic.com)"
216.73.217.135 - - [20/Jun/2026:08:07:25 -0400] "GET /listing/page/54?paged=1&posts_per_page=48&view=grid HTTP/2.0" 301 1 "-" "Mozilla/5.0 AppleWebKit/537.36 (KHTML, like Gecko; compatible; ClaudeBot/1.0; +claudebot@anthropic.com)"
216.73.217.135 - - [20/Jun/2026:08:07:27 -0400] "GET /listing/?posts_per_page=48&view=grid HTTP/2.0" 200 37835 "https://www.alliancerealty.nb.ca/listing/page/54?paged=1&posts_per_page=48&view=grid" "Mozilla/5.0 AppleWebKit/537.36 (KHTML, like Gecko; compatible; ClaudeBot/1.0; +claudebot@anthropic.com)"
193.36.224.204 - - [20/Jun/2026:08:07:29 -0400] "POST /wp-login.php HTTP/1.1" 200 10832 "-" "Mozilla/5.0 (Macintosh; Intel Mac OS X 10_15_7) AppleWebKit/605.1.15 Version/17.0 Safari/605.1.15"
114.119.157.108 - - [20/Jun/2026:08:08:26 -0400] "GET /en/properties/1148-28-rue-Lynott/ HTTP/1.1" 200 33423 "http://www.alliancerealty.nb.ca/newlisting.cfm?lg=en" "Mozilla/5.0 (Linux; Android 7.0;) AppleWebKit/537.36 (HTML, like Gecko) Mobile Safari/537.36 (compatible; PetalBot;+https://webmaster.petalsearch.com/site/petalbot)"
66.249.69.66 - - [20/Jun/2026:08:10:32 -0400] "GET /adminAR/files/PrintEn.php?pid=888 HTTP/1.1" 200 1687 "-" "Mozilla/5.0 (Linux; Android 6.0.1; Nexus 5X Build/MMB29P) AppleWebKit/537.36 (KHTML, like Gecko) Chrome/148.0.7778.96 Mobile Safari/537.36 (compatible; Googlebot/2.1; +http://www.google.com/bot.html)"
216.73.217.135 - - [20/Jun/2026:08:10:40 -0400] "GET /en/properties-our-listings/?wplpage=5 HTTP/2.0" 200 35579 "-" "Mozilla/5.0 AppleWebKit/537.36 (KHTML, like Gecko; compatible; ClaudeBot/1.0; +claudebot@anthropic.com)"
66.249.69.66 - - [20/Jun/2026:08:11:42 -0400] "GET /adminAR/files/PrintEn.php?pid=1162 HTTP/1.1" 200 1252 "-" "Mozilla/5.0 (Linux; Android 6.0.1; Nexus 5X Build/MMB29P) AppleWebKit/537.36 (KHTML, like Gecko) Chrome/148.0.7778.96 Mobile Safari/537.36 (compatible; Googlebot/2.1; +http://www.google.com/bot.html)"
82.223.101.158 - - [20/Jun/2026:08:12:00 -0400] "GET /wp-login.php HTTP/2.0" 200 2601 "-" "Mozilla/5.0 (Windows NT 10.0; Win64; x64) AppleWebKit/537.36 (KHTML, like Gecko) Chrome/133.0.0.0 Safari/537.36"
216.73.217.135 - - [20/Jun/2026:08:12:09 -0400] "GET /listing/page/53?paged=1&posts_per_page=24&view=list HTTP/2.0" 301 1 "-" "Mozilla/5.0 AppleWebKit/537.36 (KHTML, like Gecko; compatible; ClaudeBot/1.0; +claudebot@anthropic.com)"
216.73.217.135 - - [20/Jun/2026:08:12:10 -0400] "GET /listing/?posts_per_page=24&view=list HTTP/2.0" 200 41656 "https://www.alliancerealty.nb.ca/listing/page/53?paged=1&posts_per_page=24&view=list" "Mozilla/5.0 AppleWebKit/537.36 (KHTML, like Gecko; compatible; ClaudeBot/1.0; +claudebot@anthropic.com)"
207.46.13.150 - - [20/Jun/2026:08:12:25 -0400] "GET /en/properties/Julien/ HTTP/2.0" 200 34810 "-" "Mozilla/5.0 AppleWebKit/537.36 (KHTML, like Gecko; compatible; bingbot/2.0; +http://www.bing.com/bingbot.htm) Chrome/116.0.1938.76 Safari/537.36"
216.73.217.135 - - [20/Jun/2026:08:12:29 -0400] "GET /en/listing/542-saint-francois-street-edmundston-new-brunswick-e3v-1g8-29917803/ HTTP/2.0" 200 34136 "-" "Mozilla/5.0 AppleWebKit/537.36 (KHTML, like Gecko; compatible; ClaudeBot/1.0; +claudebot@anthropic.com)"
207.46.13.150 - - [20/Jun/2026:08:12:45 -0400] "POST /en/properties/Julien HTTP/2.0" 200 41 "https://www.alliancerealty.nb.ca/en/properties/Julien/" "Mozilla/5.0 AppleWebKit/537.36 (KHTML, like Gecko; compatible; bingbot/2.0; +http://www.bing.com/bingbot.htm) Chrome/136.0.0.0 Safari/537.36 AppleWebKit/537.36 (KHTML, like Gecko; compatible; bingbot/2.0; +http://www.bing.com/bingbot.htm) Chrome/116.0.1938.76 Safari/537.36"
216.73.217.135 - - [20/Jun/2026:08:13:03 -0400] "GET /listing/page/53?paged=1&posts_per_page=12&view=list HTTP/2.0" 301 1 "-" "Mozilla/5.0 AppleWebKit/537.36 (KHTML, like Gecko; compatible; ClaudeBot/1.0; +claudebot@anthropic.com)"
216.73.217.135 - - [20/Jun/2026:08:13:03 -0400] "GET /listing/page/53/?view=list HTTP/2.0" 200 32652 "-" "Mozilla/5.0 AppleWebKit/537.36 (KHTML, like Gecko; compatible; ClaudeBot/1.0; +claudebot@anthropic.com)"
216.73.217.135 - - [20/Jun/2026:08:13:04 -0400] "GET /listing/?posts_per_page=12&view=list HTTP/2.0" 200 38113 "https://www.alliancerealty.nb.ca/listing/page/53?paged=1&posts_per_page=12&view=list" "Mozilla/5.0 AppleWebKit/537.36 (KHTML, like Gecko; compatible; ClaudeBot/1.0; +claudebot@anthropic.com)"
40.77.167.63 - - [20/Jun/2026:08:14:02 -0400] "GET /acheter/ HTTP/2.0" 200 44585 "-" "Mozilla/5.0 AppleWebKit/537.36 (KHTML, like Gecko; compatible; bingbot/2.0; +http://www.bing.com/bingbot.htm) Chrome/116.0.1938.76 Safari/537.36"
114.119.143.104 - - [20/Jun/2026:08:15:51 -0400] "GET /en/properties/1099-16-rue-Theriault/ HTTP/1.1" 200 26890 "https://www.alliancerealty.nb.ca/proprietes/1099-16-rue-Theriault/" "Mozilla/5.0 (Linux; Android 7.0;) AppleWebKit/537.36 (HTML, like Gecko) Mobile Safari/537.36 (compatible; PetalBot;+https://webmaster.petalsearch.com/site/petalbot)"
114.119.142.7 - - [20/Jun/2026:08:15:57 -0400] "GET /en/listing/green-escape-edmundston-new-brunswick-e3v-4r7-28978366/ HTTP/1.1" 404 29710 "https://www.alliancerealty.nb.ca/en/listing/green-escape-edmundston-new-brunswick-e3v-4r7-28978366/" "Mozilla/5.0 (Linux; Android 7.0;) AppleWebKit/537.36 (HTML, like Gecko) Mobile Safari/537.36 (compatible; PetalBot;+https://webmaster.petalsearch.com/site/petalbot)"
114.119.142.20 - - [20/Jun/2026:08:16:06 -0400] "GET /adminAR/files/PrintEn.php?pid=940 HTTP/1.1" 200 1751 "https://www.alliancerealty.nb.ca/en/properties/940-100-rue-Rivi%C3%A8re-%C3%A0-la-Truite/" "Mozilla/5.0 (Linux; Android 7.0;) AppleWebKit/537.36 (HTML, like Gecko) Mobile Safari/537.36 (compatible; PetalBot;+https://webmaster.petalsearch.com/site/petalbot)"
57.141.20.20 - - [20/Jun/2026:08:17:01 -0400] "GET /listing/16-bellevue-street-edmundston-new-brunswick-e3v-2c7-29894218/ HTTP/2.0" 200 243624 "-" "meta-externalagent/1.1 (+https://developers.facebook.com/docs/sharing/webmasters/crawler)"
167.71.136.93 - - [20/Jun/2026:08:17:06 -0400] "GET /wp-login.php HTTP/2.0" 200 2594 "-" "Mozilla/5.0 (X11; CrOS x86_64 14541.0.0) AppleWebKit/537.36 (KHTML, like Gecko) Chrome/133.0.0.0 Safari/537.36"
167.71.136.93 - - [20/Jun/2026:08:17:10 -0400] "POST /wp-login.php HTTP/2.0" 200 2719 "https://www.alliancerealty.nb.ca/wp-login.php" "Mozilla/5.0 (X11; CrOS x86_64 14541.0.0) AppleWebKit/537.36 (KHTML, like Gecko) Chrome/133.0.0.0 Safari/537.36"
216.73.217.135 - - [20/Jun/2026:08:17:09 -0400] "GET /en/listing/10-park-street-edmundston-new-brunswick-e3v-1y7-29914366/ HTTP/2.0" 200 33809 "-" "Mozilla/5.0 AppleWebKit/537.36 (KHTML, like Gecko; compatible; ClaudeBot/1.0; +claudebot@anthropic.com)"
216.73.217.135 - - [20/Jun/2026:08:17:09 -0400] "GET /en/listing/221-barrett-perth-andover-new-brunswick-e7a-1e1-29915785/ HTTP/2.0" 200 33519 "-" "Mozilla/5.0 AppleWebKit/537.36 (KHTML, like Gecko; compatible; ClaudeBot/1.0; +claudebot@anthropic.com)"
20.109.130.190 - - [20/Jun/2026:08:17:10 -0400] "GET /robots.txt HTTP/1.1" 200 67 "-" "DuckAssistBot/1.2; (+http://duckduckgo.com/duckassistbot.html)"
216.73.217.135 - - [20/Jun/2026:08:17:11 -0400] "GET /en/listing/162-rang-8-road-saint-joseph-new-brunswick-e7b-2p8-29920421/ HTTP/2.0" 200 33585 "-" "Mozilla/5.0 AppleWebKit/537.36 (KHTML, like Gecko; compatible; ClaudeBot/1.0; +claudebot@anthropic.com)"
13.90.178.139 - - [20/Jun/2026:08:17:12 -0400] "GET /listing/30-dr-gaudreau-avenue-edmundston-new-brunswick-e3v-4b9-28976230 HTTP/2.0" 404 206615 "-" "DuckAssistBot/1.2; (+http://duckduckgo.com/duckassistbot.html)"
120.240.178.218 - - [20/Jun/2026:08:17:18 -0400] "GET /robots.txt HTTP/1.1" 301 - "-" "Mozilla/5.0 (Windows NT 10.0; WOW64) AppleWebKit/537.36 (KHTML, like Gecko) Chrome/86.0.3146.87 Safari/537.36 LBBROWSER"
47.128.119.223 - - [20/Jun/2026:08:17:21 -0400] "GET /en/listing/854-baisley-road-saint-jacques-new-brunswick-e7b-2a1-27982356/ HTTP/2.0" 404 29706 "-" "Mozilla/5.0 (compatible; Bytespider; spider-feedback@bytedance.com) AppleWebKit/537.36 (KHTML, like Gecko) Chrome/70.0.0.0 Safari/537.36"
120.240.178.247 - - [20/Jun/2026:08:17:23 -0400] "GET /robots.txt HTTP/1.1" 200 67 "-" "Mozilla/5.0 (Windows NT 10.0; WOW64) AppleWebKit/537.36 (KHTML, like Gecko) Chrome/86.0.3146.87 Safari/537.36 LBBROWSER"
47.128.119.223 - - [20/Jun/2026:08:17:24 -0400] "GET /wp-content/plugins/testimonial-free/public/assets/css/style.css?ver=2.4.1 HTTP/2.0" 200 819 "https://www.alliancerealty.nb.ca/en/listing/854-baisley-road-saint-jacques-new-brunswick-e7b-2a1-27982356/" "Mozilla/5.0 (compatible; Bytespider; spider-feedback@bytedance.com) AppleWebKit/537.36 (KHTML, like Gecko) Chrome/70.0.0.0 Safari/537.36"
47.128.119.223 - - [20/Jun/2026:08:17:25 -0400] "GET /wp-content/plugins/real-estate-listing-realtyna-wpl-pro/libraries/page_builders/divi/styles/style.min.css HTTP/2.0" 200 1 "https://www.alliancerealty.nb.ca/en/listing/854-baisley-road-saint-jacques-new-brunswick-e7b-2a1-27982356/" "Mozilla/5.0 (compatible; Bytespider; spider-feedback@bytedance.com) AppleWebKit/537.36 (KHTML, like Gecko) Chrome/70.0.0.0 Safari/537.36"
47.128.119.223 - - [20/Jun/2026:08:17:25 -0400] "GET /wp-content/plugins/divi-essential/styles/style.min.css?ver=4.6.0 HTTP/2.0" 200 62551 "https://www.alliancerealty.nb.ca/en/listing/854-baisley-road-saint-jacques-new-brunswick-e7b-2a1-27982356/" "Mozilla/5.0 (compatible; Bytespider; spider-feedback@bytedance.com) AppleWebKit/537.36 (KHTML, like Gecko) Chrome/70.0.0.0 Safari/537.36"
116.76.196.216 - - [20/Jun/2026:08:17:26 -0400] "GET /robots.txt HTTP/1.1" 200 67 "-" "Mozilla/5.0 (Windows NT 10.0; WOW64) AppleWebKit/537.36 (KHTML, like Gecko) Chrome/80.0.2595.28 Safari/537.36 SE 2.X MetaSr 1.0"
40.77.167.63 - - [20/Jun/2026:08:17:55 -0400] "GET /en/listing/platins-des-albert-road-saint-basile-new-brunswick-e7c-2l4-26925081/ HTTP/2.0" 404 29707 "-" "Mozilla/5.0 AppleWebKit/537.36 (KHTML, like Gecko; compatible; bingbot/2.0; +http://www.bing.com/bingbot.htm) Chrome/116.0.1938.76 Safari/537.36"
47.128.119.47 - - [20/Jun/2026:08:18:05 -0400] "GET /proprietes/789-Vacant-Lot-2nd-Avenue/ HTTP/2.0" 301 1 "-" "Mozilla/5.0 (compatible; Bytespider; spider-feedback@bytedance.com) AppleWebKit/537.36 (KHTML, like Gecko) Chrome/70.0.0.0 Safari/537.36"
47.128.119.47 - - [20/Jun/2026:08:18:07 -0400] "GET /proprietes/789-Terrain-vacant-2e-Avenue HTTP/2.0" 301 1 "-" "Mozilla/5.0 (compatible; Bytespider; spider-feedback@bytedance.com) AppleWebKit/537.36 (KHTML, like Gecko) Chrome/70.0.0.0 Safari/537.36"
47.128.119.47 - - [20/Jun/2026:08:18:09 -0400] "GET /proprietes/789-Terrain-vacant-2e-Avenue/ HTTP/2.0" 200 32678 "-" "Mozilla/5.0 (compatible; Bytespider; spider-feedback@bytedance.com) AppleWebKit/537.36 (KHTML, like Gecko) Chrome/70.0.0.0 Safari/537.36"
47.128.119.47 - - [20/Jun/2026:08:18:14 -0400] "GET /wp-content/plugins/honeypot/includes/css/wpa.css?ver=2.1.13 HTTP/2.0" 200 241 "https://www.alliancerealty.nb.ca/proprietes/789-Terrain-vacant-2e-Avenue/" "Mozilla/5.0 (compatible; Bytespider; spider-feedback@bytedance.com) AppleWebKit/537.36 (KHTML, like Gecko) Chrome/70.0.0.0 Safari/537.36"
47.128.119.47 - - [20/Jun/2026:08:18:15 -0400] "GET /wp-content/plugins/real-estate-listing-realtyna-wpl-pro/libraries/page_builders/divi/styles/style.min.css HTTP/2.0" 200 1 "https://www.alliancerealty.nb.ca/proprietes/789-Terrain-vacant-2e-Avenue/" "Mozilla/5.0 (compatible; Bytespider; spider-feedback@bytedance.com) AppleWebKit/537.36 (KHTML, like Gecko) Chrome/70.0.0.0 Safari/537.36"
47.128.119.47 - - [20/Jun/2026:08:18:15 -0400] "GET /wp-content/plugins/realtypress-premium/public/third-party/jrange/jquery.range.css?ver=1.9.6 HTTP/2.0" 200 752 "https://www.alliancerealty.nb.ca/proprietes/789-Terrain-vacant-2e-Avenue/" "Mozilla/5.0 (compatible; Bytespider; spider-feedback@bytedance.com) AppleWebKit/537.36 (KHTML, like Gecko) Chrome/70.0.0.0 Safari/537.36"
47.128.119.47 - - [20/Jun/2026:08:18:16 -0400] "GET /wp-content/plugins/realtypress-premium/public/third-party/leaflet-markercluster/css/MarkerCluster.min.css?ver=1.9.6 HTTP/2.0" 200 253 "https://www.alliancerealty.nb.ca/proprietes/789-Terrain-vacant-2e-Avenue/" "Mozilla/5.0 (compatible; Bytespider; spider-feedback@bytedance.com) AppleWebKit/537.36 (KHTML, like Gecko) Chrome/70.0.0.0 Safari/537.36"
47.128.119.47 - - [20/Jun/2026:08:18:16 -0400] "GET /wp-content/plugins/realtypress-premium/public/templates/default/css/widgets.css?ver=1.9.6 HTTP/2.0" 200 327 "https://www.alliancerealty.nb.ca/proprietes/789-Terrain-vacant-2e-Avenue/" "Mozilla/5.0 (compatible; Bytespider; spider-feedback@bytedance.com) AppleWebKit/537.36 (KHTML, like Gecko) Chrome/70.0.0.0 Safari/537.36"
47.128.119.47 - - [20/Jun/2026:08:18:16 -0400] "GET /wp-content/plugins/realtypress-premium/public/templates/default/css/responsive.css?ver=1.9.6 HTTP/2.0" 200 553 "https://www.alliancerealty.nb.ca/proprietes/789-Terrain-vacant-2e-Avenue/" "Mozilla/5.0 (compatible; Bytespider; spider-feedback@bytedance.com) AppleWebKit/537.36 (KHTML, like Gecko) Chrome/70.0.0.0 Safari/537.36"
47.128.119.47 - - [20/Jun/2026:08:18:16 -0400] "GET /wp-content/plugins/realtypress-premium/public/templates/default/css/print.css?ver=1.9.6 HTTP/2.0" 200 307 "https://www.alliancerealty.nb.ca/proprietes/789-Terrain-vacant-2e-Avenue/" "Mozilla/5.0 (compatible; Bytespider; spider-feedback@bytedance.com) AppleWebKit/537.36 (KHTML, like Gecko) Chrome/70.0.0.0 Safari/537.36"
47.128.119.47 - - [20/Jun/2026:08:18:17 -0400] "GET /wp-content/uploads/WPL/789/thimg_GeoNB_1140x760.jpg HTTP/2.0" 206 500 "https://www.alliancerealty.nb.ca/proprietes/789-Terrain-vacant-2e-Avenue/" "Mozilla/5.0 (compatible; Bytespider; spider-feedback@bytedance.com) AppleWebKit/537.36 (KHTML, like Gecko) Chrome/70.0.0.0 Safari/537.36"
47.128.119.47 - - [20/Jun/2026:08:18:17 -0400] "GET /wp-content/uploads/WPL/789/thimg_Terrainvacant2eAvenue_Lotplan_1140x760.jpg HTTP/2.0" 206 500 "https://www.alliancerealty.nb.ca/proprietes/789-Terrain-vacant-2e-Avenue/" "Mozilla/5.0 (compatible; Bytespider; spider-feedback@bytedance.com) AppleWebKit/537.36 (KHTML, like Gecko) Chrome/70.0.0.0 Safari/537.36"
47.128.119.47 - - [20/Jun/2026:08:18:18 -0400] "GET /wp-content/uploads/2021/01/sia.gif HTTP/2.0" 206 500 "https://www.alliancerealty.nb.ca/proprietes/789-Terrain-vacant-2e-Avenue/" "Mozilla/5.0 (compatible; Bytespider; spider-feedback@bytedance.com) AppleWebKit/537.36 (KHTML, like Gecko) Chrome/70.0.0.0 Safari/537.36"
112.86.225.74 - - [20/Jun/2026:08:18:37 -0400] "GET /listing/608-st-francois-edmundston-new-brunswick-e3v-1h3-27723065/ HTTP/1.1" 404 206615 "-" "Sogou web spider/4.0(+http://www.sogou.com/docs/help/webmasters.htm#07)"
114.119.142.207 - - [20/Jun/2026:08:18:39 -0400] "GET /for-sale?wplpage=2 HTTP/1.1" 301 1 "https://www.alliancerealty.nb.ca/for-sale?wplpage=5" "Mozilla/5.0 (Linux; Android 7.0;) AppleWebKit/537.36 (HTML, like Gecko) Mobile Safari/537.36 (compatible; PetalBot;+https://webmaster.petalsearch.com/site/petalbot)"
114.119.142.207 - - [20/Jun/2026:08:18:42 -0400] "GET /for-sale/?wplpage=2 HTTP/1.1" 200 37813 "https://www.alliancerealty.nb.ca/for-sale?wplpage=5" "Mozilla/5.0 (Linux; Android 7.0;) AppleWebKit/537.36 (HTML, like Gecko) Mobile Safari/537.36 (compatible; PetalBot;+https://webmaster.petalsearch.com/site/petalbot)"
114.119.147.196 - - [20/Jun/2026:08:18:46 -0400] "GET /en/properties/630-118-rue-Hubert/ HTTP/1.1" 200 27056 "https://www.alliancerealty.nb.ca/proprietes/630-118-rue-Hubert/" "Mozilla/5.0 (Linux; Android 7.0;) AppleWebKit/537.36 (HTML, like Gecko) Mobile Safari/537.36 (compatible; PetalBot;+https://webmaster.petalsearch.com/site/petalbot)"
173.252.87.15 - - [20/Jun/2026:08:21:31 -0400] "GET /details.cfm?house_id=3683&sale=1&lg=en HTTP/2.0" 404 207291 "-" "facebookexternalhit/1.1 (+http://www.facebook.com/externalhit_uatext.php)"
196.84.127.251 - - [20/Jun/2026:08:21:58 -0400] "GET /buyer/?lg=fr HTTP/1.1" 301 - "-" "Mozilla/5.0 (Windows NT 10.0; Win64; x64) AppleWebKit/537.36 (KHTML, like Gecko) Chrome/128.0.6613.84 Safari/537.36"
76.64.251.124 - - [20/Jun/2026:08:22:02 -0400] "GET /buyer/?lg=fr HTTP/1.1" 404 207299 "-" "Mozilla/5.0 (Windows NT 10.0; Win64; x64) AppleWebKit/537.36 (KHTML, like Gecko) Chrome/128.0.6613.84 Safari/537.36"
216.73.217.135 - - [20/Jun/2026:08:22:26 -0400] "GET /en/properties/404-Terrain-vacant- HTTP/2.0" 301 1 "-" "Mozilla/5.0 AppleWebKit/537.36 (KHTML, like Gecko; compatible; ClaudeBot/1.0; +claudebot@anthropic.com)"
216.73.217.135 - - [20/Jun/2026:08:22:28 -0400] "GET /en/properties/404-Terrain-vacant-/ HTTP/2.0" 301 1 "https://www.alliancerealty.nb.ca/en/properties/404-Terrain-vacant-" "Mozilla/5.0 AppleWebKit/537.36 (KHTML, like Gecko; compatible; ClaudeBot/1.0; +claudebot@anthropic.com)"
216.73.217.135 - - [20/Jun/2026:08:22:29 -0400] "GET /en/properties/404-Terrain-vacant-%231-rue-C%C3%A9cile-Roy HTTP/2.0" 301 1 "https://www.alliancerealty.nb.ca/en/properties/404-Terrain-vacant-/" "Mozilla/5.0 AppleWebKit/537.36 (KHTML, like Gecko; compatible; ClaudeBot/1.0; +claudebot@anthropic.com)"
216.73.217.135 - - [20/Jun/2026:08:22:30 -0400] "GET /en/properties/404-Terrain-vacant-%231-rue-C%C3%A9cile-Roy/ HTTP/2.0" 200 26855 "https://www.alliancerealty.nb.ca/en/properties/404-Terrain-vacant-%231-rue-C%C3%A9cile-Roy" "Mozilla/5.0 AppleWebKit/537.36 (KHTML, like Gecko; compatible; ClaudeBot/1.0; +claudebot@anthropic.com)"
66.249.69.65 - - [20/Jun/2026:08:22:43 -0400] "GET /en/listing/59-queen-street-edmundston-new-brunswick-e3v-1a4-29509360/ HTTP/1.1" 200 33734 "-" "Mozilla/5.0 (Linux; Android 6.0.1; Nexus 5X Build/MMB29P) AppleWebKit/537.36 (KHTML, like Gecko) Chrome/148.0.7778.96 Mobile Safari/537.36 (compatible; Googlebot/2.1; +http://www.google.com/bot.html)"
112.86.225.213 - - [20/Jun/2026:08:22:57 -0400] "GET /listing/20-murchie-road-edmundston-new-brunswick-e3v-3k5-29088206/ HTTP/1.1" 404 206615 "-" "Sogou web spider/4.0(+http://www.sogou.com/docs/help/webmasters.htm#07)"
66.249.69.65 - - [20/Jun/2026:08:24:45 -0400] "GET /en/?wplpage=5 HTTP/1.1" 200 37389 "-" "Mozilla/5.0 (Linux; Android 6.0.1; Nexus 5X Build/MMB29P) AppleWebKit/537.36 (KHTML, like Gecko) Chrome/148.0.7778.96 Mobile Safari/537.36 (compatible; Googlebot/2.1; +http://www.google.com/bot.html)"
43.159.201.58 - - [20/Jun/2026:08:25:11 -0400] "GET /en/listing/8-louise-street-edmundston-new-brunswick-e3v-0c3-29597323/ HTTP/2.0" 200 34013 "https://www.alliancerealty.nb.ca/en/listing/8-louise-street-edmundston-new-brunswick-e3v-0c3-29597323/" "Mozilla/5.0 (Macintosh; Intel Mac OS X 10_15_7) AppleWebKit/537.36 (KHTML, like Gecko) Chrome/119.0.0.0 Safari/537.36"
114.119.155.144 - - [20/Jun/2026:08:25:19 -0400] "GET /searchresult.cfm?lg=fr HTTP/1.1" 301 1 "https://www.alliancerealty.nb.ca/searchresult.cfm?lg=en" "Mozilla/5.0 (Linux; Android 7.0;) AppleWebKit/537.36 (HTML, like Gecko) Mobile Safari/537.36 (compatible; PetalBot;+https://webmaster.petalsearch.com/site/petalbot)"
114.119.155.144 - - [20/Jun/2026:08:25:21 -0400] "GET /proprietes-nouveautes/ HTTP/1.1" 200 36035 "https://www.alliancerealty.nb.ca/searchresult.cfm?lg=en" "Mozilla/5.0 (Linux; Android 7.0;) AppleWebKit/537.36 (HTML, like Gecko) Mobile Safari/537.36 (compatible; PetalBot;+https://webmaster.petalsearch.com/site/petalbot)"
114.119.128.236 - - [20/Jun/2026:08:25:26 -0400] "GET /adminAR/files/PrintFr.php?pid=1082 HTTP/1.1" 200 2308 "https://www.alliancerealty.nb.ca/proprietes/1082-23-avenue-Dr-Gaudreau/" "Mozilla/5.0 (Linux; Android 7.0;) AppleWebKit/537.36 (HTML, like Gecko) Mobile Safari/537.36 (compatible; PetalBot;+https://webmaster.petalsearch.com/site/petalbot)"
209.16.158.30 - - [20/Jun/2026:08:26:43 -0400] "POST /wp-cron.php?doing_wp_cron=1781958403.5780069828033447265625 HTTP/1.1" 200 1 "https://www.alliancerealty.nb.ca/wp-cron.php?doing_wp_cron=1781958403.5780069828033447265625" "WordPress/5.8.13; https://www.alliancerealty.nb.ca"
162.120.186.154 - - [20/Jun/2026:08:26:43 -0400] "GET /en/properties-new-listings/ HTTP/2.0" 200 35772 "https://www.google.com/" "Mozilla/5.0 (Macintosh; Intel Mac OS X 10_15_7) AppleWebKit/537.36 (KHTML, like Gecko) Chrome/149.0.0.0 Safari/537.36"
74.125.213.37 - - [20/Jun/2026:08:26:43 -0400] "GET /.well-known/traffic-advice HTTP/1.1" 404 29903 "-" "Chrome Privacy Preserving Prefetch Proxy"
74.125.213.36 - - [20/Jun/2026:08:26:43 -0400] "GET /.well-known/traffic-advice HTTP/1.1" 404 29902 "-" "Chrome Privacy Preserving Prefetch Proxy"
162.120.186.90 - - [20/Jun/2026:08:26:43 -0400] "GET /en/ HTTP/2.0" 200 37361 "https://www.google.com/" "Mozilla/5.0 (Macintosh; Intel Mac OS X 10_15_7) AppleWebKit/537.36 (KHTML, like Gecko) Chrome/149.0.0.0 Safari/537.36"
99.244.142.192 - - [20/Jun/2026:08:26:45 -0400] "GET /en/ HTTP/2.0" 200 37361 "https://www.google.com/" "Mozilla/5.0 (Macintosh; Intel Mac OS X 10_15_7) AppleWebKit/537.36 (KHTML, like Gecko) Chrome/149.0.0.0 Safari/537.36"
