51.75.21.177 - - [20/Jun/2026:12:31:09 -0400] "GET /en/properties/1171-For-sale/ HTTP/1.1" 200 34805 "-" "Mozilla/5.0 (Windows NT 10.0; Win64; x64) AppleWebKit/537.36 (KHTML, like Gecko) Chrome/139.0.0.0 Safari/537.36"
57.129.69.77 - - [20/Jun/2026:12:31:10 -0400] "GET /en/properties/1175-%C3%80-vendre/ HTTP/1.1" 200 34823 "-" "Mozilla/5.0 (Windows NT 10.0; Win64; x64) AppleWebKit/537.36 (KHTML, like Gecko) Chrome/139.0.0.0 Safari/537.36"
51.38.112.81 - - [20/Jun/2026:12:31:10 -0400] "GET /en/properties/?wplpage=4 HTTP/1.1" 200 36734 "-" "Mozilla/5.0 (Windows NT 10.0; Win64; x64) AppleWebKit/537.36 (KHTML, like Gecko) Chrome/139.0.0.0 Safari/537.36"
51.91.255.78 - - [20/Jun/2026:12:31:10 -0400] "GET /en/properties/1171-For-sale/ HTTP/1.1" 200 34806 "-" "Mozilla/5.0 (Windows NT 10.0; Win64; x64) AppleWebKit/537.36 (KHTML, like Gecko) Chrome/139.0.0.0 Safari/537.36"
51.77.210.64 - - [20/Jun/2026:12:31:12 -0400] "GET /listing/496-martin-sainte-anne-de-madawaska-new-brunswick-e7e-1r1-29903760/ HTTP/1.1" 200 33793 "-" "Mozilla/5.0 (Windows NT 10.0; Win64; x64) AppleWebKit/537.36 (KHTML, like Gecko) Chrome/139.0.0.0 Safari/537.36"
57.129.81.225 - - [20/Jun/2026:12:31:11 -0400] "GET /en/properties/1175-%C3%80-vendre/ HTTP/1.1" 200 34825 "-" "Mozilla/5.0 (Windows NT 10.0; Win64; x64) AppleWebKit/537.36 (KHTML, like Gecko) Chrome/139.0.0.0 Safari/537.36"
57.129.69.52 - - [20/Jun/2026:12:31:11 -0400] "GET /proprietes/1166-%C3%80-vendre/ HTTP/1.1" 404 29906 "-" "Mozilla/5.0 (Windows NT 10.0; Win64; x64) AppleWebKit/537.36 (KHTML, like Gecko) Chrome/139.0.0.0 Safari/537.36"
151.80.133.55 - - [20/Jun/2026:12:31:11 -0400] "GET /en/properties/1170-For-sale/ HTTP/1.1" 200 34806 "-" "Mozilla/5.0 (Windows NT 10.0; Win64; x64) AppleWebKit/537.36 (KHTML, like Gecko) Chrome/139.0.0.0 Safari/537.36"
51.91.255.78 - - [20/Jun/2026:12:31:10 -0400] "GET /en/properties/1162-%C3%80-vendre/ HTTP/1.1" 200 34826 "-" "Mozilla/5.0 (Windows NT 10.0; Win64; x64) AppleWebKit/537.36 (KHTML, like Gecko) Chrome/139.0.0.0 Safari/537.36"
145.239.87.55 - - [20/Jun/2026:12:31:11 -0400] "GET /listing/39-cloutier-street-saint-jacques-new-brunswick-e7b-1c7-27995186/ HTTP/1.1" 200 32690 "-" "Mozilla/5.0 (Windows NT 10.0; Win64; x64) AppleWebKit/537.36 (KHTML, like Gecko) Chrome/139.0.0.0 Safari/537.36"
151.80.133.238 - - [20/Jun/2026:12:31:13 -0400] "GET /proprietes/1165-%C3%80-vendre/ HTTP/1.1" 200 34608 "-" "Mozilla/5.0 (Windows NT 10.0; Win64; x64) AppleWebKit/537.36 (KHTML, like Gecko) Chrome/139.0.0.0 Safari/537.36"
57.129.81.225 - - [20/Jun/2026:12:31:17 -0400] "GET /acheter/?wplpage=6 HTTP/1.1" 200 41916 "-" "Mozilla/5.0 (Windows NT 10.0; Win64; x64) AppleWebKit/537.36 (KHTML, like Gecko) Chrome/139.0.0.0 Safari/537.36"
51.75.21.177 - - [20/Jun/2026:12:31:13 -0400] "GET /proprietes/?wplpage=6 HTTP/1.1" 200 35421 "-" "Mozilla/5.0 (Windows NT 10.0; Win64; x64) AppleWebKit/537.36 (KHTML, like Gecko) Chrome/139.0.0.0 Safari/537.36"
51.77.211.39 - - [20/Jun/2026:12:31:13 -0400] "GET /proprietes/1161-%C3%80-vendre/ HTTP/1.1" 200 34610 "-" "Mozilla/5.0 (Windows NT 10.0; Win64; x64) AppleWebKit/537.36 (KHTML, like Gecko) Chrome/139.0.0.0 Safari/537.36"
51.75.23.111 - - [20/Jun/2026:12:31:13 -0400] "GET /proprietes-inscriptions/?wplpage=6 HTTP/1.1" 200 35658 "-" "Mozilla/5.0 (Windows NT 10.0; Win64; x64) AppleWebKit/537.36 (KHTML, like Gecko) Chrome/139.0.0.0 Safari/537.36"
217.182.73.60 - - [20/Jun/2026:12:31:13 -0400] "GET /proprietes/1158-For-sale/ HTTP/1.1" 200 34620 "-" "Mozilla/5.0 (Windows NT 10.0; Win64; x64) AppleWebKit/537.36 (KHTML, like Gecko) Chrome/139.0.0.0 Safari/537.36"
51.91.254.43 - - [20/Jun/2026:12:31:12 -0400] "GET /proprietes/1166-%C3%80-vendre/ HTTP/1.1" 200 34609 "-" "Mozilla/5.0 (Windows NT 10.0; Win64; x64) AppleWebKit/537.36 (KHTML, like Gecko) Chrome/139.0.0.0 Safari/537.36"
57.129.139.88 - - [20/Jun/2026:12:31:12 -0400] "GET /proprietes/1165-%C3%80-vendre/ HTTP/1.1" 200 34608 "-" "Mozilla/5.0 (Windows NT 10.0; Win64; x64) AppleWebKit/537.36 (KHTML, like Gecko) Chrome/139.0.0.0 Safari/537.36"
51.75.23.120 - - [20/Jun/2026:12:31:17 -0400] "GET /en/properties/1168-%C3%80-vendre/ HTTP/1.1" 200 34827 "-" "Mozilla/5.0 (Windows NT 10.0; Win64; x64) AppleWebKit/537.36 (KHTML, like Gecko) Chrome/139.0.0.0 Safari/537.36"
51.91.250.17 - - [20/Jun/2026:12:31:18 -0400] "GET /inscriptions-inter-agences/page/3?input_bedrooms_max=10&input_baths_max=10&input_price_max=1000000&view=grid&num_columns=12,4,4&posts_per_page=24&paged=1 HTTP/1.1" 301 1 "-" "Mozilla/5.0 (Windows NT 10.0; Win64; x64) AppleWebKit/537.36 (KHTML, like Gecko) Chrome/139.0.0.0 Safari/537.36"
141.94.79.3 - - [20/Jun/2026:12:31:17 -0400] "GET /proprietes/1174-%C3%80-vendre/ HTTP/1.1" 200 34626 "-" "Mozilla/5.0 (Windows NT 10.0; Win64; x64) AppleWebKit/537.36 (KHTML, like Gecko) Chrome/139.0.0.0 Safari/537.36"
51.75.23.120 - - [20/Jun/2026:12:31:17 -0400] "GET /en/properties/1165-%C3%80-vendre/ HTTP/1.1" 200 34822 "-" "Mozilla/5.0 (Windows NT 10.0; Win64; x64) AppleWebKit/537.36 (KHTML, like Gecko) Chrome/139.0.0.0 Safari/537.36"
145.239.81.31 - - [20/Jun/2026:12:31:16 -0400] "GET /proprietes/1167-%C3%80-vendre/ HTTP/1.1" 200 34607 "-" "Mozilla/5.0 (Windows NT 10.0; Win64; x64) AppleWebKit/537.36 (KHTML, like Gecko) Chrome/139.0.0.0 Safari/537.36"
146.59.127.80 - - [20/Jun/2026:12:31:16 -0400] "GET /proprietes/1174-%C3%80-vendre/ HTTP/1.1" 200 34627 "-" "Mozilla/5.0 (Windows NT 10.0; Win64; x64) AppleWebKit/537.36 (KHTML, like Gecko) Chrome/139.0.0.0 Safari/537.36"
141.95.54.157 - - [20/Jun/2026:12:31:17 -0400] "GET /en/properties/admin/?wplpage=3 HTTP/1.1" 200 35420 "-" "Mozilla/5.0 (Windows NT 10.0; Win64; x64) AppleWebKit/537.36 (KHTML, like Gecko) Chrome/139.0.0.0 Safari/537.36"
217.182.73.60 - - [20/Jun/2026:12:31:16 -0400] "GET /proprietes/1159-%C3%80-vendre/ HTTP/1.1" 200 34613 "-" "Mozilla/5.0 (Windows NT 10.0; Win64; x64) AppleWebKit/537.36 (KHTML, like Gecko) Chrome/139.0.0.0 Safari/537.36"
141.95.54.157 - - [20/Jun/2026:12:31:17 -0400] "GET /listing/vacant-lot-chemin-du-pouvoir-street-edmundston-new-brunswick-e3v-4k2-28478473/ HTTP/1.1" 200 32580 "-" "Mozilla/5.0 (Windows NT 10.0; Win64; x64) AppleWebKit/537.36 (KHTML, like Gecko) Chrome/139.0.0.0 Safari/537.36"
141.94.79.3 - - [20/Jun/2026:12:31:17 -0400] "GET /en/properties/1169-%C3%80-vendre/ HTTP/1.1" 200 34826 "-" "Mozilla/5.0 (Windows NT 10.0; Win64; x64) AppleWebKit/537.36 (KHTML, like Gecko) Chrome/139.0.0.0 Safari/537.36"
51.91.250.17 - - [20/Jun/2026:12:31:17 -0400] "GET /en/multiple-listing-services/?input_bedrooms_max=10&input_baths_max=10&input_price_max=1000000&view=grid&num_columns=12,4,4&posts_per_page=24 HTTP/1.1" 200 31223 "-" "Mozilla/5.0 (Windows NT 10.0; Win64; x64) AppleWebKit/537.36 (KHTML, like Gecko) Chrome/139.0.0.0 Safari/537.36"
151.80.133.111 - - [20/Jun/2026:12:31:18 -0400] "GET /en/properties-our-listings/?wplpage=6 HTTP/1.1" 200 35426 "-" "Mozilla/5.0 (Windows NT 10.0; Win64; x64) AppleWebKit/537.36 (KHTML, like Gecko) Chrome/139.0.0.0 Safari/537.36"
51.38.112.81 - - [20/Jun/2026:12:31:19 -0400] "GET /adminAR/files/PrintEn.php?pid=1019 HTTP/1.1" 200 2388 "-" "Mozilla/5.0 (Windows NT 10.0; Win64; x64) AppleWebKit/537.36 (KHTML, like Gecko) Chrome/139.0.0.0 Safari/537.36"
51.91.254.244 - - [20/Jun/2026:12:31:18 -0400] "GET /en/multiple-listing-services/?input_bedrooms_max=10&input_baths_max=10&input_price_max=1000000&view=list&num_columns=12,4,4&posts_per_page=12 HTTP/1.1" 200 33512 "-" "Mozilla/5.0 (Windows NT 10.0; Win64; x64) AppleWebKit/537.36 (KHTML, like Gecko) Chrome/139.0.0.0 Safari/537.36"
51.38.115.13 - - [20/Jun/2026:12:31:18 -0400] "GET /en/properties/1165-%C3%80-vendre/ HTTP/1.1" 200 34822 "-" "Mozilla/5.0 (Windows NT 10.0; Win64; x64) AppleWebKit/537.36 (KHTML, like Gecko) Chrome/139.0.0.0 Safari/537.36"
151.80.133.238 - - [20/Jun/2026:12:31:17 -0400] "GET /proprietes/1164-%C3%80-vendre/ HTTP/1.1" 200 34624 "-" "Mozilla/5.0 (Windows NT 10.0; Win64; x64) AppleWebKit/537.36 (KHTML, like Gecko) Chrome/139.0.0.0 Safari/537.36"
51.38.187.112 - - [20/Jun/2026:12:31:17 -0400] "GET /proprietes/1157-For-sale/ HTTP/1.1" 200 34621 "-" "Mozilla/5.0 (Windows NT 10.0; Win64; x64) AppleWebKit/537.36 (KHTML, like Gecko) Chrome/139.0.0.0 Safari/537.36"
141.94.78.40 - - [20/Jun/2026:12:31:19 -0400] "GET /wp-login.php HTTP/1.1" 200 2593 "-" "Mozilla/5.0 (Windows NT 10.0; Win64; x64) AppleWebKit/537.36 (KHTML, like Gecko) Chrome/139.0.0.0 Safari/537.36"
57.129.139.103 - - [20/Jun/2026:12:31:18 -0400] "GET /en/properties/Hermance/?wplpage=2 HTTP/1.1" 200 38452 "-" "Mozilla/5.0 (Windows NT 10.0; Win64; x64) AppleWebKit/537.36 (KHTML, like Gecko) Chrome/139.0.0.0 Safari/537.36"
51.38.112.81 - - [20/Jun/2026:12:31:18 -0400] "GET /en/properties/1169-%C3%80-vendre/ HTTP/1.1" 200 34826 "-" "Mozilla/5.0 (Windows NT 10.0; Win64; x64) AppleWebKit/537.36 (KHTML, like Gecko) Chrome/139.0.0.0 Safari/537.36"
57.129.81.154 - - [20/Jun/2026:12:31:18 -0400] "GET /en/properties/?wplpage=3 HTTP/1.1" 200 38261 "-" "Mozilla/5.0 (Windows NT 10.0; Win64; x64) AppleWebKit/537.36 (KHTML, like Gecko) Chrome/139.0.0.0 Safari/537.36"
57.129.81.155 - - [20/Jun/2026:12:31:18 -0400] "GET /en/properties/1161-%C3%80-vendre/ HTTP/1.1" 200 34824 "-" "Mozilla/5.0 (Windows NT 10.0; Win64; x64) AppleWebKit/537.36 (KHTML, like Gecko) Chrome/139.0.0.0 Safari/537.36"
57.129.139.103 - - [20/Jun/2026:12:31:18 -0400] "GET /en/properties/1166-%C3%80-vendre/ HTTP/1.1" 200 34823 "-" "Mozilla/5.0 (Windows NT 10.0; Win64; x64) AppleWebKit/537.36 (KHTML, like Gecko) Chrome/139.0.0.0 Safari/537.36"
151.80.133.238 - - [20/Jun/2026:12:31:18 -0400] "GET /proprietes/1175-%C3%80-vendre/ HTTP/1.1" 200 34626 "-" "Mozilla/5.0 (Windows NT 10.0; Win64; x64) AppleWebKit/537.36 (KHTML, like Gecko) Chrome/139.0.0.0 Safari/537.36"
141.94.79.3 - - [20/Jun/2026:12:31:19 -0400] "GET /listing/844-riviere-quisibis-road-riviere-verte-new-brunswick-e7c-2z5-29049309/ HTTP/1.1" 200 34076 "-" "Mozilla/5.0 (Windows NT 10.0; Win64; x64) AppleWebKit/537.36 (KHTML, like Gecko) Chrome/139.0.0.0 Safari/537.36"
217.182.73.176 - - [20/Jun/2026:12:31:18 -0400] "GET /proprietes/1164-%C3%80-vendre/ HTTP/1.1" 200 34624 "-" "Mozilla/5.0 (Windows NT 10.0; Win64; x64) AppleWebKit/537.36 (KHTML, like Gecko) Chrome/139.0.0.0 Safari/537.36"
57.129.139.60 - - [20/Jun/2026:12:31:19 -0400] "GET /inscriptions-inter-agences/page/3?input_bedrooms_max=10&input_baths_max=10&input_price_max=1000000&view=list&num_columns=12,4,4&posts_per_page=12&paged=3 HTTP/1.1" 301 1 "-" "Mozilla/5.0 (Windows NT 10.0; Win64; x64) AppleWebKit/537.36 (KHTML, like Gecko) Chrome/139.0.0.0 Safari/537.36"
51.91.255.135 - - [20/Jun/2026:12:31:18 -0400] "GET /en/multiple-listing-services/?input_bedrooms_max=10&input_baths_max=10&input_price_max=1000000&view=grid&num_columns=12,4,4&posts_per_page=24 HTTP/1.1" 200 31223 "-" "Mozilla/5.0 (Windows NT 10.0; Win64; x64) AppleWebKit/537.36 (KHTML, like Gecko) Chrome/139.0.0.0 Safari/537.36"
57.129.69.52 - - [20/Jun/2026:12:31:18 -0400] "GET /proprietes/1162-%C3%80-vendre/ HTTP/1.1" 200 34613 "-" "Mozilla/5.0 (Windows NT 10.0; Win64; x64) AppleWebKit/537.36 (KHTML, like Gecko) Chrome/139.0.0.0 Safari/537.36"
57.129.69.77 - - [20/Jun/2026:12:31:19 -0400] "GET /en/properties/?wplpage=6 HTTP/1.1" 200 35554 "-" "Mozilla/5.0 (Windows NT 10.0; Win64; x64) AppleWebKit/537.36 (KHTML, like Gecko) Chrome/139.0.0.0 Safari/537.36"
51.38.115.13 - - [20/Jun/2026:12:31:19 -0400] "GET /en/properties-our-listings/?wplpage=6 HTTP/1.1" 200 35426 "-" "Mozilla/5.0 (Windows NT 10.0; Win64; x64) AppleWebKit/537.36 (KHTML, like Gecko) Chrome/139.0.0.0 Safari/537.36"
57.129.139.60 - - [20/Jun/2026:12:31:21 -0400] "GET /adminAR/files/PrintEn.php?pid=1122 HTTP/1.1" 200 2174 "-" "Mozilla/5.0 (Windows NT 10.0; Win64; x64) AppleWebKit/537.36 (KHTML, like Gecko) Chrome/139.0.0.0 Safari/537.36"
51.91.255.78 - - [20/Jun/2026:12:31:18 -0400] "GET /en/properties/1173-%C3%80-vendre/ HTTP/1.1" 200 34829 "-" "Mozilla/5.0 (Windows NT 10.0; Win64; x64) AppleWebKit/537.36 (KHTML, like Gecko) Chrome/139.0.0.0 Safari/537.36"
217.182.79.131 - - [20/Jun/2026:12:31:20 -0400] "GET /wp-login.php HTTP/1.1" 200 2594 "-" "Mozilla/5.0 (Windows NT 10.0; Win64; x64) AppleWebKit/537.36 (KHTML, like Gecko) Chrome/139.0.0.0 Safari/537.36"
51.77.211.39 - - [20/Jun/2026:12:31:19 -0400] "GET /listing/lot-3-frenette-street-riviere-verte-new-brunswick-e7c-0b9-18889681/ HTTP/1.1" 200 32733 "-" "Mozilla/5.0 (Windows NT 10.0; Win64; x64) AppleWebKit/537.36 (KHTML, like Gecko) Chrome/139.0.0.0 Safari/537.36"
51.91.254.43 - - [20/Jun/2026:12:31:19 -0400] "GET /proprietes/1175-%C3%80-vendre/ HTTP/1.1" 200 34625 "-" "Mozilla/5.0 (Windows NT 10.0; Win64; x64) AppleWebKit/537.36 (KHTML, like Gecko) Chrome/139.0.0.0 Safari/537.36"
151.80.133.111 - - [20/Jun/2026:12:31:19 -0400] "GET /en/properties/1161-%C3%80-vendre/ HTTP/1.1" 200 34824 "-" "Mozilla/5.0 (Windows NT 10.0; Win64; x64) AppleWebKit/537.36 (KHTML, like Gecko) Chrome/139.0.0.0 Safari/537.36"
151.80.133.238 - - [20/Jun/2026:12:31:19 -0400] "GET /en/properties/1173-%C3%80-vendre/ HTTP/1.1" 200 34829 "-" "Mozilla/5.0 (Windows NT 10.0; Win64; x64) AppleWebKit/537.36 (KHTML, like Gecko) Chrome/139.0.0.0 Safari/537.36"
51.91.255.78 - - [20/Jun/2026:12:31:20 -0400] "GET /en/properties/1162-%C3%80-vendre/ HTTP/1.1" 404 29793 "-" "Mozilla/5.0 (Windows NT 10.0; Win64; x64) AppleWebKit/537.36 (KHTML, like Gecko) Chrome/139.0.0.0 Safari/537.36"
51.75.23.120 - - [20/Jun/2026:12:31:20 -0400] "GET /listing/lot-baisley-road-saint-jacques-new-brunswick-e7b-2a6-28498349/ HTTP/1.1" 200 32676 "-" "Mozilla/5.0 (Windows NT 10.0; Win64; x64) AppleWebKit/537.36 (KHTML, like Gecko) Chrome/139.0.0.0 Safari/537.36"
51.75.21.177 - - [20/Jun/2026:12:31:21 -0400] "GET /inscriptions-inter-agences/page/22?input_bedrooms_max=10&input_baths_max=10&input_price_max=1000000&view=grid&num_columns=12,4,4&posts_per_page=12&paged=22 HTTP/1.1" 301 1 "-" "Mozilla/5.0 (Windows NT 10.0; Win64; x64) AppleWebKit/537.36 (KHTML, like Gecko) Chrome/139.0.0.0 Safari/537.36"
141.95.54.132 - - [20/Jun/2026:12:31:20 -0400] "GET /en/properties/1176-%C3%80-vendre/ HTTP/1.1" 200 34826 "-" "Mozilla/5.0 (Windows NT 10.0; Win64; x64) AppleWebKit/537.36 (KHTML, like Gecko) Chrome/139.0.0.0 Safari/537.36"
149.202.48.220 - - [20/Jun/2026:12:31:20 -0400] "GET /proprietes/1160-%C3%80-vendre/ HTTP/1.1" 200 34609 "-" "Mozilla/5.0 (Windows NT 10.0; Win64; x64) AppleWebKit/537.36 (KHTML, like Gecko) Chrome/139.0.0.0 Safari/537.36"
51.77.211.229 - - [20/Jun/2026:12:31:23 -0400] "GET /adminAR/files/PrintEn.php?pid=1105 HTTP/1.1" 200 2265 "-" "Mozilla/5.0 (Windows NT 10.0; Win64; x64) AppleWebKit/537.36 (KHTML, like Gecko) Chrome/139.0.0.0 Safari/537.36"
51.38.112.81 - - [20/Jun/2026:12:31:20 -0400] "GET /en/buy/?wplpage=1 HTTP/1.1" 200 42768 "-" "Mozilla/5.0 (Windows NT 10.0; Win64; x64) AppleWebKit/537.36 (KHTML, like Gecko) Chrome/139.0.0.0 Safari/537.36"
51.75.24.242 - - [20/Jun/2026:12:31:23 -0400] "GET /adminAR/files/PrintEn.php?pid=1127 HTTP/1.1" 200 2030 "-" "Mozilla/5.0 (Windows NT 10.0; Win64; x64) AppleWebKit/537.36 (KHTML, like Gecko) Chrome/139.0.0.0 Safari/537.36"
57.129.69.52 - - [20/Jun/2026:12:31:20 -0400] "GET /en/properties/Hermance/?wplpage=3 HTTP/1.1" 404 29795 "-" "Mozilla/5.0 (Windows NT 10.0; Win64; x64) AppleWebKit/537.36 (KHTML, like Gecko) Chrome/139.0.0.0 Safari/537.36"
51.77.211.39 - - [20/Jun/2026:12:31:24 -0400] "GET /adminAR/files/PrintEn.php?pid=1132 HTTP/1.1" 200 2095 "-" "Mozilla/5.0 (Windows NT 10.0; Win64; x64) AppleWebKit/537.36 (KHTML, like Gecko) Chrome/139.0.0.0 Safari/537.36"
57.129.81.154 - - [20/Jun/2026:12:31:24 -0400] "GET /adminAR/files/PrintEn.php?pid=1064 HTTP/1.1" 200 1811 "-" "Mozilla/5.0 (Windows NT 10.0; Win64; x64) AppleWebKit/537.36 (KHTML, like Gecko) Chrome/139.0.0.0 Safari/537.36"
141.95.54.132 - - [20/Jun/2026:12:31:24 -0400] "GET /adminAR/files/PrintEn.php?pid=1105 HTTP/1.1" 200 2265 "-" "Mozilla/5.0 (Windows NT 10.0; Win64; x64) AppleWebKit/537.36 (KHTML, like Gecko) Chrome/139.0.0.0 Safari/537.36"
51.77.210.64 - - [20/Jun/2026:12:31:25 -0400] "GET /adminAR/files/PrintEn.php?pid=1132 HTTP/1.1" 200 2095 "-" "Mozilla/5.0 (Windows NT 10.0; Win64; x64) AppleWebKit/537.36 (KHTML, like Gecko) Chrome/139.0.0.0 Safari/537.36"
57.129.139.88 - - [20/Jun/2026:12:31:25 -0400] "GET /adminAR/files/PrintEn.php?pid=1064 HTTP/1.1" 200 1811 "-" "Mozilla/5.0 (Windows NT 10.0; Win64; x64) AppleWebKit/537.36 (KHTML, like Gecko) Chrome/139.0.0.0 Safari/537.36"
51.75.21.177 - - [20/Jun/2026:12:31:21 -0400] "GET /en/properties/?wplpage=5 HTTP/1.1" 200 35702 "-" "Mozilla/5.0 (Windows NT 10.0; Win64; x64) AppleWebKit/537.36 (KHTML, like Gecko) Chrome/139.0.0.0 Safari/537.36"
51.38.112.81 - - [20/Jun/2026:12:31:20 -0400] "GET /en/properties/?wplpage=4 HTTP/1.1" 200 36734 "-" "Mozilla/5.0 (Windows NT 10.0; Win64; x64) AppleWebKit/537.36 (KHTML, like Gecko) Chrome/139.0.0.0 Safari/537.36"
141.94.79.3 - - [20/Jun/2026:12:31:21 -0400] "GET /en/properties/?wplpage=4 HTTP/1.1" 200 36734 "-" "Mozilla/5.0 (Windows NT 10.0; Win64; x64) AppleWebKit/537.36 (KHTML, like Gecko) Chrome/139.0.0.0 Safari/537.36"
51.91.255.78 - - [20/Jun/2026:12:31:20 -0400] "GET /en/properties/1171-For-sale/ HTTP/1.1" 200 34805 "-" "Mozilla/5.0 (Windows NT 10.0; Win64; x64) AppleWebKit/537.36 (KHTML, like Gecko) Chrome/139.0.0.0 Safari/537.36"
57.129.81.225 - - [20/Jun/2026:12:31:21 -0400] "GET /en/properties/admin/?wplpage=2 HTTP/1.1" 200 35962 "-" "Mozilla/5.0 (Windows NT 10.0; Win64; x64) AppleWebKit/537.36 (KHTML, like Gecko) Chrome/139.0.0.0 Safari/537.36"
145.239.83.37 - - [20/Jun/2026:12:31:21 -0400] "GET /en/properties/Hermance/?wplpage=4 HTTP/1.1" 200 36563 "-" "Mozilla/5.0 (Windows NT 10.0; Win64; x64) AppleWebKit/537.36 (KHTML, like Gecko) Chrome/139.0.0.0 Safari/537.36"
51.38.187.132 - - [20/Jun/2026:12:31:21 -0400] "GET /listing/lot-baisley-road-saint-jacques-new-brunswick-e7b-2a6-28498349/ HTTP/1.1" 200 32676 "-" "Mozilla/5.0 (Windows NT 10.0; Win64; x64) AppleWebKit/537.36 (KHTML, like Gecko) Chrome/139.0.0.0 Safari/537.36"
51.77.210.64 - - [20/Jun/2026:12:31:21 -0400] "GET /listing/496-martin-sainte-anne-de-madawaska-new-brunswick-e7e-1r1-29903760/ HTTP/1.1" 200 33793 "-" "Mozilla/5.0 (Windows NT 10.0; Win64; x64) AppleWebKit/537.36 (KHTML, like Gecko) Chrome/139.0.0.0 Safari/537.36"
57.129.81.225 - - [20/Jun/2026:12:31:21 -0400] "GET /en/properties/1175-%C3%80-vendre/ HTTP/1.1" 200 34825 "-" "Mozilla/5.0 (Windows NT 10.0; Win64; x64) AppleWebKit/537.36 (KHTML, like Gecko) Chrome/139.0.0.0 Safari/537.36"
146.59.127.80 - - [20/Jun/2026:12:31:21 -0400] "GET /proprietes/1163-%C3%80-vendre/ HTTP/1.1" 200 34608 "-" "Mozilla/5.0 (Windows NT 10.0; Win64; x64) AppleWebKit/537.36 (KHTML, like Gecko) Chrome/139.0.0.0 Safari/537.36"
57.129.69.77 - - [20/Jun/2026:12:31:21 -0400] "GET /en/properties/1162-%C3%80-vendre/ HTTP/1.1" 200 34826 "-" "Mozilla/5.0 (Windows NT 10.0; Win64; x64) AppleWebKit/537.36 (KHTML, like Gecko) Chrome/139.0.0.0 Safari/537.36"
145.239.87.55 - - [20/Jun/2026:12:31:21 -0400] "GET /listing/39-cloutier-street-saint-jacques-new-brunswick-e7b-1c7-27995186/ HTTP/1.1" 200 32689 "-" "Mozilla/5.0 (Windows NT 10.0; Win64; x64) AppleWebKit/537.36 (KHTML, like Gecko) Chrome/139.0.0.0 Safari/537.36"
141.94.78.40 - - [20/Jun/2026:12:31:29 -0400] "GET /adminAR/files/PrintEn.php?pid=1019 HTTP/1.1" 200 2388 "-" "Mozilla/5.0 (Windows NT 10.0; Win64; x64) AppleWebKit/537.36 (KHTML, like Gecko) Chrome/139.0.0.0 Safari/537.36"
57.129.81.153 - - [20/Jun/2026:12:31:23 -0400] "GET /proprietes-inscriptions/?wplpage=6 HTTP/1.1" 200 35657 "-" "Mozilla/5.0 (Windows NT 10.0; Win64; x64) AppleWebKit/537.36 (KHTML, like Gecko) Chrome/139.0.0.0 Safari/537.36"
51.75.21.177 - - [20/Jun/2026:12:31:23 -0400] "GET /proprietes/?wplpage=6 HTTP/1.1" 200 35421 "-" "Mozilla/5.0 (Windows NT 10.0; Win64; x64) AppleWebKit/537.36 (KHTML, like Gecko) Chrome/139.0.0.0 Safari/537.36"
141.95.54.157 - - [20/Jun/2026:12:31:27 -0400] "GET /en/properties/admin/?wplpage=3 HTTP/1.1" 200 35420 "-" "Mozilla/5.0 (Windows NT 10.0; Win64; x64) AppleWebKit/537.36 (KHTML, like Gecko) Chrome/139.0.0.0 Safari/537.36"
141.95.54.157 - - [20/Jun/2026:12:31:27 -0400] "GET /listing/vacant-lot-chemin-du-pouvoir-street-edmundston-new-brunswick-e3v-4k2-28478473/ HTTP/1.1" 200 32580 "-" "Mozilla/5.0 (Windows NT 10.0; Win64; x64) AppleWebKit/537.36 (KHTML, like Gecko) Chrome/139.0.0.0 Safari/537.36"
141.94.78.40 - - [20/Jun/2026:12:31:22 -0400] "GET /listing/496-martin-sainte-anne-de-madawaska-new-brunswick-e7e-1r1-29903760/ HTTP/1.1" 200 33793 "-" "Mozilla/5.0 (Windows NT 10.0; Win64; x64) AppleWebKit/537.36 (KHTML, like Gecko) Chrome/139.0.0.0 Safari/537.36"
54.37.19.39 - - [20/Jun/2026:12:31:22 -0400] "GET /en/properties/1164-%C3%80-vendre/ HTTP/1.1" 200 34819 "-" "Mozilla/5.0 (Windows NT 10.0; Win64; x64) AppleWebKit/537.36 (KHTML, like Gecko) Chrome/139.0.0.0 Safari/537.36"
217.182.73.60 - - [20/Jun/2026:12:31:23 -0400] "GET /proprietes/1158-For-sale/ HTTP/1.1" 200 34621 "-" "Mozilla/5.0 (Windows NT 10.0; Win64; x64) AppleWebKit/537.36 (KHTML, like Gecko) Chrome/139.0.0.0 Safari/537.36"
51.91.254.43 - - [20/Jun/2026:12:31:28 -0400] "GET /listing/vacant-lot-chemin-du-pouvoir-street-edmundston-new-brunswick-e3v-4k2-28478473/ HTTP/1.1" 200 32579 "-" "Mozilla/5.0 (Windows NT 10.0; Win64; x64) AppleWebKit/537.36 (KHTML, like Gecko) Chrome/139.0.0.0 Safari/537.36"
57.129.81.224 - - [20/Jun/2026:12:31:28 -0400] "GET /inscriptions-inter-agences/page/3?input_bedrooms_max=10&input_baths_max=10&input_price_max=1000000&view=grid&num_columns=12,4,4&posts_per_page=24&paged=1 HTTP/1.1" 301 1 "-" "Mozilla/5.0 (Windows NT 10.0; Win64; x64) AppleWebKit/537.36 (KHTML, like Gecko) Chrome/139.0.0.0 Safari/537.36"
51.91.254.43 - - [20/Jun/2026:12:31:22 -0400] "GET /proprietes/1166-%C3%80-vendre/ HTTP/1.1" 200 34608 "-" "Mozilla/5.0 (Windows NT 10.0; Win64; x64) AppleWebKit/537.36 (KHTML, like Gecko) Chrome/139.0.0.0 Safari/537.36"
57.129.81.225 - - [20/Jun/2026:12:31:27 -0400] "GET /acheter/?wplpage=6 HTTP/1.1" 200 41916 "-" "Mozilla/5.0 (Windows NT 10.0; Win64; x64) AppleWebKit/537.36 (KHTML, like Gecko) Chrome/139.0.0.0 Safari/537.36"
151.80.133.238 - - [20/Jun/2026:12:31:23 -0400] "GET /proprietes/1165-%C3%80-vendre/ HTTP/1.1" 200 34607 "-" "Mozilla/5.0 (Windows NT 10.0; Win64; x64) AppleWebKit/537.36 (KHTML, like Gecko) Chrome/139.0.0.0 Safari/537.36"
51.91.255.135 - - [20/Jun/2026:12:31:28 -0400] "GET /en/multiple-listing-services/?input_bedrooms_max=10&input_baths_max=10&input_price_max=1000000&view=grid&num_columns=12,4,4&posts_per_page=24 HTTP/1.1" 200 31223 "-" "Mozilla/5.0 (Windows NT 10.0; Win64; x64) AppleWebKit/537.36 (KHTML, like Gecko) Chrome/139.0.0.0 Safari/537.36"
51.91.254.244 - - [20/Jun/2026:12:31:28 -0400] "GET /en/multiple-listing-services/?input_bedrooms_max=10&input_baths_max=10&input_price_max=1000000&view=list&num_columns=12,4,4&posts_per_page=12 HTTP/1.1" 200 33512 "-" "Mozilla/5.0 (Windows NT 10.0; Win64; x64) AppleWebKit/537.36 (KHTML, like Gecko) Chrome/139.0.0.0 Safari/537.36"
217.182.79.131 - - [20/Jun/2026:12:31:30 -0400] "GET /wp-login.php HTTP/1.1" 200 2594 "-" "Mozilla/5.0 (Windows NT 10.0; Win64; x64) AppleWebKit/537.36 (KHTML, like Gecko) Chrome/139.0.0.0 Safari/537.36"
141.94.79.3 - - [20/Jun/2026:12:31:27 -0400] "GET /proprietes/1174-%C3%80-vendre/ HTTP/1.1" 200 34627 "-" "Mozilla/5.0 (Windows NT 10.0; Win64; x64) AppleWebKit/537.36 (KHTML, like Gecko) Chrome/139.0.0.0 Safari/537.36"
51.38.112.81 - - [20/Jun/2026:12:31:28 -0400] "GET /en/properties/1169-%C3%80-vendre/ HTTP/1.1" 200 34827 "-" "Mozilla/5.0 (Windows NT 10.0; Win64; x64) AppleWebKit/537.36 (KHTML, like Gecko) Chrome/139.0.0.0 Safari/537.36"
151.80.133.111 - - [20/Jun/2026:12:31:29 -0400] "GET /en/properties/1161-%C3%80-vendre/ HTTP/1.1" 200 34823 "-" "Mozilla/5.0 (Windows NT 10.0; Win64; x64) AppleWebKit/537.36 (KHTML, like Gecko) Chrome/139.0.0.0 Safari/537.36"
51.91.254.43 - - [20/Jun/2026:12:31:29 -0400] "GET /proprietes/1175-%C3%80-vendre/ HTTP/1.1" 200 34626 "-" "Mozilla/5.0 (Windows NT 10.0; Win64; x64) AppleWebKit/537.36 (KHTML, like Gecko) Chrome/139.0.0.0 Safari/537.36"
57.129.139.103 - - [20/Jun/2026:12:31:28 -0400] "GET /en/properties/1166-%C3%80-vendre/ HTTP/1.1" 200 34823 "-" "Mozilla/5.0 (Windows NT 10.0; Win64; x64) AppleWebKit/537.36 (KHTML, like Gecko) Chrome/139.0.0.0 Safari/537.36"
57.129.139.60 - - [20/Jun/2026:12:31:31 -0400] "GET /adminAR/files/PrintEn.php?pid=1122 HTTP/1.1" 200 2174 "-" "Mozilla/5.0 (Windows NT 10.0; Win64; x64) AppleWebKit/537.36 (KHTML, like Gecko) Chrome/139.0.0.0 Safari/537.36"
217.182.73.176 - - [20/Jun/2026:12:31:28 -0400] "GET /proprietes/1164-%C3%80-vendre/ HTTP/1.1" 200 34624 "-" "Mozilla/5.0 (Windows NT 10.0; Win64; x64) AppleWebKit/537.36 (KHTML, like Gecko) Chrome/139.0.0.0 Safari/537.36"
141.94.76.134 - - [20/Jun/2026:12:31:31 -0400] "GET /en/properties/?wplpage=5 HTTP/1.1" 200 35702 "-" "Mozilla/5.0 (Windows NT 10.0; Win64; x64) AppleWebKit/537.36 (KHTML, like Gecko) Chrome/139.0.0.0 Safari/537.36"
51.38.115.13 - - [20/Jun/2026:12:31:28 -0400] "GET /en/properties/1165-%C3%80-vendre/ HTTP/1.1" 200 34821 "-" "Mozilla/5.0 (Windows NT 10.0; Win64; x64) AppleWebKit/537.36 (KHTML, like Gecko) Chrome/139.0.0.0 Safari/537.36"
141.94.79.3 - - [20/Jun/2026:12:31:29 -0400] "GET /listing/844-riviere-quisibis-road-riviere-verte-new-brunswick-e7c-2z5-29049309/ HTTP/1.1" 200 34077 "-" "Mozilla/5.0 (Windows NT 10.0; Win64; x64) AppleWebKit/537.36 (KHTML, like Gecko) Chrome/139.0.0.0 Safari/537.36"
51.38.115.13 - - [20/Jun/2026:12:31:29 -0400] "GET /en/properties-our-listings/?wplpage=6 HTTP/1.1" 200 35426 "-" "Mozilla/5.0 (Windows NT 10.0; Win64; x64) AppleWebKit/537.36 (KHTML, like Gecko) Chrome/139.0.0.0 Safari/537.36"
141.95.54.132 - - [20/Jun/2026:12:31:34 -0400] "GET /adminAR/files/PrintEn.php?pid=1105 HTTP/1.1" 200 2265 "-" "Mozilla/5.0 (Windows NT 10.0; Win64; x64) AppleWebKit/537.36 (KHTML, like Gecko) Chrome/139.0.0.0 Safari/537.36"
51.77.210.64 - - [20/Jun/2026:12:31:35 -0400] "GET /adminAR/files/PrintEn.php?pid=1132 HTTP/1.1" 200 2095 "-" "Mozilla/5.0 (Windows NT 10.0; Win64; x64) AppleWebKit/537.36 (KHTML, like Gecko) Chrome/139.0.0.0 Safari/537.36"
57.129.139.88 - - [20/Jun/2026:12:31:35 -0400] "GET /adminAR/files/PrintEn.php?pid=1064 HTTP/1.1" 200 1811 "-" "Mozilla/5.0 (Windows NT 10.0; Win64; x64) AppleWebKit/537.36 (KHTML, like Gecko) Chrome/139.0.0.0 Safari/537.36"
51.38.187.132 - - [20/Jun/2026:12:31:31 -0400] "GET /listing/lot-baisley-road-saint-jacques-new-brunswick-e7b-2a6-28498349/ HTTP/1.1" 200 32678 "-" "Mozilla/5.0 (Windows NT 10.0; Win64; x64) AppleWebKit/537.36 (KHTML, like Gecko) Chrome/139.0.0.0 Safari/537.36"
51.38.115.13 - - [20/Jun/2026:12:31:30 -0400] "GET /listing/324-canada-road-edmundston-new-brunswick-e3v-1w1-26864551/ HTTP/1.1" 200 32748 "-" "Mozilla/5.0 (Windows NT 10.0; Win64; x64) AppleWebKit/537.36 (KHTML, like Gecko) Chrome/139.0.0.0 Safari/537.36"
141.94.79.3 - - [20/Jun/2026:12:31:31 -0400] "GET /en/properties/?wplpage=4 HTTP/1.1" 200 36735 "-" "Mozilla/5.0 (Windows NT 10.0; Win64; x64) AppleWebKit/537.36 (KHTML, like Gecko) Chrome/139.0.0.0 Safari/537.36"
141.94.78.40 - - [20/Jun/2026:12:31:39 -0400] "GET /adminAR/files/PrintEn.php?pid=1019 HTTP/1.1" 200 2388 "-" "Mozilla/5.0 (Windows NT 10.0; Win64; x64) AppleWebKit/537.36 (KHTML, like Gecko) Chrome/139.0.0.0 Safari/537.36"
51.75.21.177 - - [20/Jun/2026:12:31:30 -0400] "GET /en/properties/?wplpage=5 HTTP/1.1" 200 35703 "-" "Mozilla/5.0 (Windows NT 10.0; Win64; x64) AppleWebKit/537.36 (KHTML, like Gecko) Chrome/139.0.0.0 Safari/537.36"
149.202.48.220 - - [20/Jun/2026:12:31:30 -0400] "GET /proprietes/1160-%C3%80-vendre/ HTTP/1.1" 200 34609 "-" "Mozilla/5.0 (Windows NT 10.0; Win64; x64) AppleWebKit/537.36 (KHTML, like Gecko) Chrome/139.0.0.0 Safari/537.36"
151.80.133.238 - - [20/Jun/2026:12:31:29 -0400] "GET /en/properties/1173-%C3%80-vendre/ HTTP/1.1" 200 34829 "-" "Mozilla/5.0 (Windows NT 10.0; Win64; x64) AppleWebKit/537.36 (KHTML, like Gecko) Chrome/139.0.0.0 Safari/537.36"
51.38.112.81 - - [20/Jun/2026:12:31:30 -0400] "GET /en/buy/?wplpage=1 HTTP/1.1" 200 42768 "-" "Mozilla/5.0 (Windows NT 10.0; Win64; x64) AppleWebKit/537.36 (KHTML, like Gecko) Chrome/139.0.0.0 Safari/537.36"
141.94.78.40 - - [20/Jun/2026:12:31:30 -0400] "GET /en/properties/1176-%C3%80-vendre/ HTTP/1.1" 200 34826 "-" "Mozilla/5.0 (Windows NT 10.0; Win64; x64) AppleWebKit/537.36 (KHTML, like Gecko) Chrome/139.0.0.0 Safari/537.36"
141.94.76.134 - - [20/Jun/2026:12:31:31 -0400] "GET /en/properties/Hermance/?wplpage=4 HTTP/1.1" 200 36560 "-" "Mozilla/5.0 (Windows NT 10.0; Win64; x64) AppleWebKit/537.36 (KHTML, like Gecko) Chrome/139.0.0.0 Safari/537.36"
51.75.21.177 - - [20/Jun/2026:12:31:31 -0400] "GET /inscriptions-inter-agences/page/22?input_bedrooms_max=10&input_baths_max=10&input_price_max=1000000&view=grid&num_columns=12,4,4&posts_per_page=12&paged=22 HTTP/1.1" 301 1 "-" "Mozilla/5.0 (Windows NT 10.0; Win64; x64) AppleWebKit/537.36 (KHTML, like Gecko) Chrome/139.0.0.0 Safari/537.36"
141.94.78.40 - - [20/Jun/2026:12:31:32 -0400] "GET /inscriptions-inter-agences/page/22?input_bedrooms_max=10&input_baths_max=10&input_price_max=1000000&view=grid&num_columns=12,4,4&posts_per_page=12&paged=22 HTTP/1.1" 301 1 "-" "Mozilla/5.0 (Windows NT 10.0; Win64; x64) AppleWebKit/537.36 (KHTML, like Gecko) Chrome/139.0.0.0 Safari/537.36"
57.129.81.225 - - [20/Jun/2026:12:31:31 -0400] "GET /en/properties/admin/?wplpage=2 HTTP/1.1" 200 35962 "-" "Mozilla/5.0 (Windows NT 10.0; Win64; x64) AppleWebKit/537.36 (KHTML, like Gecko) Chrome/139.0.0.0 Safari/537.36"
57.129.81.224 - - [20/Jun/2026:12:31:38 -0400] "GET /inscriptions-inter-agences/page/3?input_bedrooms_max=10&input_baths_max=10&input_price_max=1000000&view=grid&num_columns=12,4,4&posts_per_page=24&paged=1 HTTP/1.1" 301 1 "-" "Mozilla/5.0 (Windows NT 10.0; Win64; x64) AppleWebKit/537.36 (KHTML, like Gecko) Chrome/139.0.0.0 Safari/537.36"
57.129.69.77 - - [20/Jun/2026:12:31:31 -0400] "GET /en/properties/1162-%C3%80-vendre/ HTTP/1.1" 200 34826 "-" "Mozilla/5.0 (Windows NT 10.0; Win64; x64) AppleWebKit/537.36 (KHTML, like Gecko) Chrome/139.0.0.0 Safari/537.36"
51.77.211.39 - - [20/Jun/2026:12:31:32 -0400] "GET /en/properties/admin/?wplpage=2 HTTP/1.1" 200 35960 "-" "Mozilla/5.0 (Windows NT 10.0; Win64; x64) AppleWebKit/537.36 (KHTML, like Gecko) Chrome/139.0.0.0 Safari/537.36"
141.94.78.40 - - [20/Jun/2026:12:31:42 -0400] "GET /inscriptions-inter-agences/page/22?input_bedrooms_max=10&input_baths_max=10&input_price_max=1000000&view=grid&num_columns=12,4,4&posts_per_page=12&paged=22 HTTP/1.1" 301 1 "-" "Mozilla/5.0 (Windows NT 10.0; Win64; x64) AppleWebKit/537.36 (KHTML, like Gecko) Chrome/139.0.0.0 Safari/537.36"
54.37.19.39 - - [20/Jun/2026:12:31:31 -0400] "GET /en/properties/1164-%C3%80-vendre/ HTTP/1.1" 200 34820 "-" "Mozilla/5.0 (Windows NT 10.0; Win64; x64) AppleWebKit/537.36 (KHTML, like Gecko) Chrome/139.0.0.0 Safari/537.36"
51.91.254.43 - - [20/Jun/2026:12:31:38 -0400] "GET /listing/vacant-lot-chemin-du-pouvoir-street-edmundston-new-brunswick-e3v-4k2-28478473/ HTTP/1.1" 200 32580 "-" "Mozilla/5.0 (Windows NT 10.0; Win64; x64) AppleWebKit/537.36 (KHTML, like Gecko) Chrome/139.0.0.0 Safari/537.36"
85.208.96.196 - - [20/Jun/2026:12:31:40 -0400] "GET /en/properties/631-240-avenue-Morin/ HTTP/1.1" 404 207168 "-" "Mozilla/5.0 (compatible; SemrushBot/7~bl; +http://www.semrush.com/bot.html)"
51.38.115.13 - - [20/Jun/2026:12:31:40 -0400] "GET /listing/324-canada-road-edmundston-new-brunswick-e3v-1w1-26864551/ HTTP/1.1" 200 32748 "-" "Mozilla/5.0 (Windows NT 10.0; Win64; x64) AppleWebKit/537.36 (KHTML, like Gecko) Chrome/139.0.0.0 Safari/537.36"
141.94.76.134 - - [20/Jun/2026:12:31:41 -0400] "GET /en/properties/?wplpage=5 HTTP/1.1" 200 35702 "-" "Mozilla/5.0 (Windows NT 10.0; Win64; x64) AppleWebKit/537.36 (KHTML, like Gecko) Chrome/139.0.0.0 Safari/537.36"
51.77.211.39 - - [20/Jun/2026:12:31:42 -0400] "GET /en/properties/admin/?wplpage=2 HTTP/1.1" 200 35962 "-" "Mozilla/5.0 (Windows NT 10.0; Win64; x64) AppleWebKit/537.36 (KHTML, like Gecko) Chrome/139.0.0.0 Safari/537.36"
141.94.78.40 - - [20/Jun/2026:12:31:32 -0400] "GET /listing/496-martin-sainte-anne-de-madawaska-new-brunswick-e7e-1r1-29903760/ HTTP/1.1" 200 33793 "-" "Mozilla/5.0 (Windows NT 10.0; Win64; x64) AppleWebKit/537.36 (KHTML, like Gecko) Chrome/139.0.0.0 Safari/537.36"
141.94.76.134 - - [20/Jun/2026:12:31:41 -0400] "GET /en/properties/Hermance/?wplpage=4 HTTP/1.1" 200 36563 "-" "Mozilla/5.0 (Windows NT 10.0; Win64; x64) AppleWebKit/537.36 (KHTML, like Gecko) Chrome/139.0.0.0 Safari/537.36"
57.129.81.153 - - [20/Jun/2026:12:31:33 -0400] "GET /proprietes-inscriptions/?wplpage=6 HTTP/1.1" 200 35658 "-" "Mozilla/5.0 (Windows NT 10.0; Win64; x64) AppleWebKit/537.36 (KHTML, like Gecko) Chrome/139.0.0.0 Safari/537.36"
217.182.77.22 - - [20/Jun/2026:12:31:33 -0400] "GET /en/properties/1164-%C3%80-vendre/ HTTP/1.1" 200 34821 "-" "Mozilla/5.0 (Windows NT 10.0; Win64; x64) AppleWebKit/537.36 (KHTML, like Gecko) Chrome/139.0.0.0 Safari/537.36"
141.94.78.40 - - [20/Jun/2026:12:31:40 -0400] "GET /en/properties/1176-%C3%80-vendre/ HTTP/1.1" 200 34826 "-" "Mozilla/5.0 (Windows NT 10.0; Win64; x64) AppleWebKit/537.36 (KHTML, like Gecko) Chrome/139.0.0.0 Safari/537.36"
145.239.81.31 - - [20/Jun/2026:12:31:31 -0400] "GET /proprietes/1163-%C3%80-vendre/ HTTP/1.1" 200 34608 "-" "Mozilla/5.0 (Windows NT 10.0; Win64; x64) AppleWebKit/537.36 (KHTML, like Gecko) Chrome/139.0.0.0 Safari/537.36"
145.239.81.31 - - [20/Jun/2026:12:31:42 -0400] "GET /proprietes/1163-%C3%80-vendre/ HTTP/1.1" 200 34608 "-" "Mozilla/5.0 (Windows NT 10.0; Win64; x64) AppleWebKit/537.36 (KHTML, like Gecko) Chrome/139.0.0.0 Safari/537.36"
217.182.77.22 - - [20/Jun/2026:12:31:42 -0400] "GET /en/properties/1164-%C3%80-vendre/ HTTP/1.1" 200 34819 "-" "Mozilla/5.0 (Windows NT 10.0; Win64; x64) AppleWebKit/537.36 (KHTML, like Gecko) Chrome/139.0.0.0 Safari/537.36"
207.46.13.18 - - [20/Jun/2026:12:32:19 -0400] "GET /en/listing/48-mgr-roy-edmundston-new-brunswick-e3v-4g4-28445282/ HTTP/2.0" 301 1 "-" "Mozilla/5.0 AppleWebKit/537.36 (KHTML, like Gecko; compatible; bingbot/2.0; +http://www.bing.com/bingbot.htm) Chrome/116.0.1938.76 Safari/537.36"
108.179.194.19 - - [20/Jun/2026:12:32:44 -0400] "GET /wp-login.php HTTP/2.0" 200 2594 "-" "Mozilla/5.0 (Windows NT 10.0; Win64; x64) AppleWebKit/537.36 (KHTML, like Gecko) Chrome/120.0.0.0 Safari/537.36"
108.179.194.19 - - [20/Jun/2026:12:32:44 -0400] "POST /wp-login.php HTTP/2.0" 200 2718 "https://www.alliancerealty.nb.ca/wp-login.php" "Mozilla/5.0 (Windows NT 10.0; Win64; x64) AppleWebKit/537.36 (KHTML, like Gecko) Chrome/120.0.0.0 Safari/537.36"
112.86.225.73 - - [20/Jun/2026:12:33:32 -0400] "GET /listing/70-ordonnance-avenue-edmundston-new-brunswick-e3v-1c5-28869916/ HTTP/1.1" 404 206615 "-" "Sogou web spider/4.0(+http://www.sogou.com/docs/help/webmasters.htm#07)"
216.208.243.126 - - [20/Jun/2026:12:34:19 -0400] "GET / HTTP/2.0" 200 38014 "https://www.google.com/" "Mozilla/5.0 (iPhone; CPU iPhone OS 18_7 like Mac OS X) AppleWebKit/605.1.15 (KHTML, like Gecko) Version/26.4 Mobile/15E148 Safari/604.1"
216.208.243.126 - - [20/Jun/2026:12:34:23 -0400] "GET /wp-content/plugins/sitepress-multilingual-cms/templates/language-switchers/menu-item/style.css?ver=1 HTTP/2.0" 200 94 "https://www.alliancerealty.nb.ca/" "Mozilla/5.0 (iPhone; CPU iPhone OS 18_7 like Mac OS X) AppleWebKit/605.1.15 (KHTML, like Gecko) Version/26.4 Mobile/15E148 Safari/604.1"
216.208.243.126 - - [20/Jun/2026:12:34:23 -0400] "GET /wp-content/plugins/real-estate-listing-realtyna-wpl-pro/libraries/page_builders/divi/styles/style.min.css HTTP/2.0" 200 1 "https://www.alliancerealty.nb.ca/" "Mozilla/5.0 (iPhone; CPU iPhone OS 18_7 like Mac OS X) AppleWebKit/605.1.15 (KHTML, like Gecko) Version/26.4 Mobile/15E148 Safari/604.1"
216.208.243.126 - - [20/Jun/2026:12:34:23 -0400] "GET /wp-content/plugins/realtypress-premium/public/third-party/leaflet-plugins/fullscreen/css/leaflet.fullscreen.min.css?ver=1.9.6 HTTP/2.0" 200 266 "https://www.alliancerealty.nb.ca/" "Mozilla/5.0 (iPhone; CPU iPhone OS 18_7 like Mac OS X) AppleWebKit/605.1.15 (KHTML, like Gecko) Version/26.4 Mobile/15E148 Safari/604.1"
216.208.243.126 - - [20/Jun/2026:12:34:23 -0400] "GET /wp-content/plugins/testimonial-free/public/assets/css/deprecated-style.css?ver=2.4.1 HTTP/2.0" 200 556 "https://www.alliancerealty.nb.ca/" "Mozilla/5.0 (iPhone; CPU iPhone OS 18_7 like Mac OS X) AppleWebKit/605.1.15 (KHTML, like Gecko) Version/26.4 Mobile/15E148 Safari/604.1"
216.208.243.126 - - [20/Jun/2026:12:34:23 -0400] "GET /wp-content/plugins/realtypress-premium/public/third-party/leaflet-markercluster/css/MarkerCluster.min.css?ver=1.9.6 HTTP/2.0" 200 253 "https://www.alliancerealty.nb.ca/" "Mozilla/5.0 (iPhone; CPU iPhone OS 18_7 like Mac OS X) AppleWebKit/605.1.15 (KHTML, like Gecko) Version/26.4 Mobile/15E148 Safari/604.1"
216.208.243.126 - - [20/Jun/2026:12:34:23 -0400] "GET /wp-content/mu-plugins/alliance.css?ver=1.2 HTTP/2.0" 200 313 "https://www.alliancerealty.nb.ca/" "Mozilla/5.0 (iPhone; CPU iPhone OS 18_7 like Mac OS X) AppleWebKit/605.1.15 (KHTML, like Gecko) Version/26.4 Mobile/15E148 Safari/604.1"
216.208.243.126 - - [20/Jun/2026:12:34:23 -0400] "GET /wp-content/plugins/testimonial-free/public/assets/css/font-awesome.min.css?ver=2.4.1 HTTP/2.0" 200 6294 "https://www.alliancerealty.nb.ca/" "Mozilla/5.0 (iPhone; CPU iPhone OS 18_7 like Mac OS X) AppleWebKit/605.1.15 (KHTML, like Gecko) Version/26.4 Mobile/15E148 Safari/604.1"
216.208.243.126 - - [20/Jun/2026:12:34:23 -0400] "GET /wp-content/et-cache/22/et-divi-dynamic-tb-2408-22-late.css?ver=1780682545 HTTP/2.0" 200 977 "https://www.alliancerealty.nb.ca/" "Mozilla/5.0 (iPhone; CPU iPhone OS 18_7 like Mac OS X) AppleWebKit/605.1.15 (KHTML, like Gecko) Version/26.4 Mobile/15E148 Safari/604.1"
216.208.243.126 - - [20/Jun/2026:12:34:23 -0400] "GET /wp-content/et-cache/22/et-divi-dynamic-tb-2408-22.css?ver=1780682545 HTTP/2.0" 200 3809 "https://www.alliancerealty.nb.ca/" "Mozilla/5.0 (iPhone; CPU iPhone OS 18_7 like Mac OS X) AppleWebKit/605.1.15 (KHTML, like Gecko) Version/26.4 Mobile/15E148 Safari/604.1"
216.208.243.126 - - [20/Jun/2026:12:34:23 -0400] "GET /wp-content/plugins/realtypress-premium/public/third-party/jrange/jquery.range.css?ver=1.9.6 HTTP/2.0" 200 752 "https://www.alliancerealty.nb.ca/" "Mozilla/5.0 (iPhone; CPU iPhone OS 18_7 like Mac OS X) AppleWebKit/605.1.15 (KHTML, like Gecko) Version/26.4 Mobile/15E148 Safari/604.1"
216.208.243.126 - - [20/Jun/2026:12:34:23 -0400] "GET /wp-content/plugins/realtypress-premium/public/third-party/leaflet-0.7.3/css/leaflet.min.css?ver=1.9.6 HTTP/2.0" 200 1865 "https://www.alliancerealty.nb.ca/" "Mozilla/5.0 (iPhone; CPU iPhone OS 18_7 like Mac OS X) AppleWebKit/605.1.15 (KHTML, like Gecko) Version/26.4 Mobile/15E148 Safari/604.1"
216.208.243.126 - - [20/Jun/2026:12:34:23 -0400] "GET /wp-content/plugins/realtypress-premium/public/third-party/leaflet-markercluster/css/MarkerCluster.Default.min.css?ver=1.9.6 HTTP/2.0" 200 302 "https://www.alliancerealty.nb.ca/" "Mozilla/5.0 (iPhone; CPU iPhone OS 18_7 like Mac OS X) AppleWebKit/605.1.15 (KHTML, like Gecko) Version/26.4 Mobile/15E148 Safari/604.1"
216.208.243.126 - - [20/Jun/2026:12:34:23 -0400] "GET /wp-content/plugins/realtypress-premium/public/third-party/leaflet-plugins/history/leaflet-history.css?ver=1.9.6 HTTP/2.0" 200 158 "https://www.alliancerealty.nb.ca/" "Mozilla/5.0 (iPhone; CPU iPhone OS 18_7 like Mac OS X) AppleWebKit/605.1.15 (KHTML, like Gecko) Version/26.4 Mobile/15E148 Safari/604.1"
216.208.243.126 - - [20/Jun/2026:12:34:23 -0400] "GET /wp-content/plugins/honeypot/includes/css/wpa.css?ver=2.1.13 HTTP/2.0" 200 241 "https://www.alliancerealty.nb.ca/" "Mozilla/5.0 (iPhone; CPU iPhone OS 18_7 like Mac OS X) AppleWebKit/605.1.15 (KHTML, like Gecko) Version/26.4 Mobile/15E148 Safari/604.1"
216.208.243.126 - - [20/Jun/2026:12:34:23 -0400] "GET /wp-content/plugins/testimonial-free/public/assets/css/style.css?ver=2.4.1 HTTP/2.0" 200 819 "https://www.alliancerealty.nb.ca/" "Mozilla/5.0 (iPhone; CPU iPhone OS 18_7 like Mac OS X) AppleWebKit/605.1.15 (KHTML, like Gecko) Version/26.4 Mobile/15E148 Safari/604.1"
216.208.243.126 - - [20/Jun/2026:12:34:23 -0400] "GET /wp-content/plugins/tablepress/css/default.min.css?ver=1.14 HTTP/2.0" 200 2016 "https://www.alliancerealty.nb.ca/" "Mozilla/5.0 (iPhone; CPU iPhone OS 18_7 like Mac OS X) AppleWebKit/605.1.15 (KHTML, like Gecko) Version/26.4 Mobile/15E148 Safari/604.1"
216.208.243.126 - - [20/Jun/2026:12:34:23 -0400] "GET /wp-content/plugins/realtypress-premium/public/third-party/bxslider/css/jquery.bxslider.min.css?ver=1.9.6 HTTP/2.0" 200 818 "https://www.alliancerealty.nb.ca/" "Mozilla/5.0 (iPhone; CPU iPhone OS 18_7 like Mac OS X) AppleWebKit/605.1.15 (KHTML, like Gecko) Version/26.4 Mobile/15E148 Safari/604.1"
216.208.243.126 - - [20/Jun/2026:12:34:23 -0400] "GET /wp-content/plugins/realtypress-premium/public/templates/default/css/responsive.css?ver=1.9.6 HTTP/2.0" 200 553 "https://www.alliancerealty.nb.ca/" "Mozilla/5.0 (iPhone; CPU iPhone OS 18_7 like Mac OS X) AppleWebKit/605.1.15 (KHTML, like Gecko) Version/26.4 Mobile/15E148 Safari/604.1"
216.208.243.126 - - [20/Jun/2026:12:34:23 -0400] "GET /wp-content/plugins/formidable/css/formidableforms.css?ver=1191213 HTTP/2.0" 200 17506 "https://www.alliancerealty.nb.ca/" "Mozilla/5.0 (iPhone; CPU iPhone OS 18_7 like Mac OS X) AppleWebKit/605.1.15 (KHTML, like Gecko) Version/26.4 Mobile/15E148 Safari/604.1"
216.208.243.126 - - [20/Jun/2026:12:34:23 -0400] "GET /wp-content/plugins/realtypress-premium/public/third-party/font-awesome-4.2.0/css/font-awesome.min.css?ver=1.9.6 HTTP/2.0" 200 4737 "https://www.alliancerealty.nb.ca/" "Mozilla/5.0 (iPhone; CPU iPhone OS 18_7 like Mac OS X) AppleWebKit/605.1.15 (KHTML, like Gecko) Version/26.4 Mobile/15E148 Safari/604.1"
216.208.243.126 - - [20/Jun/2026:12:34:23 -0400] "GET /wp-content/plugins/honeypot/includes/js/wpa.js?ver=2.1.13 HTTP/2.0" 200 1261 "https://www.alliancerealty.nb.ca/" "Mozilla/5.0 (iPhone; CPU iPhone OS 18_7 like Mac OS X) AppleWebKit/605.1.15 (KHTML, like Gecko) Version/26.4 Mobile/15E148 Safari/604.1"
216.208.243.126 - - [20/Jun/2026:12:34:23 -0400] "GET /wp-content/plugins/testimonial-free/public/assets/css/slick.css?ver=2.4.1 HTTP/2.0" 200 484 "https://www.alliancerealty.nb.ca/" "Mozilla/5.0 (iPhone; CPU iPhone OS 18_7 like Mac OS X) AppleWebKit/605.1.15 (KHTML, like Gecko) Version/26.4 Mobile/15E148 Safari/604.1"
216.208.243.126 - - [20/Jun/2026:12:34:23 -0400] "GET /wp-content/plugins/real-estate-listing-realtyna-wpl-pro/assets/css/ui_customizer/wpl.css?ver=5.8.13 HTTP/2.0" 200 2967 "https://www.alliancerealty.nb.ca/" "Mozilla/5.0 (iPhone; CPU iPhone OS 18_7 like Mac OS X) AppleWebKit/605.1.15 (KHTML, like Gecko) Version/26.4 Mobile/15E148 Safari/604.1"
216.208.243.126 - - [20/Jun/2026:12:34:23 -0400] "GET /wp-content/plugins/tablepress-datatables-buttons/css/buttons.dataTables.min.css?ver=1.5 HTTP/2.0" 200 1219 "https://www.alliancerealty.nb.ca/" "Mozilla/5.0 (iPhone; CPU iPhone OS 18_7 like Mac OS X) AppleWebKit/605.1.15 (KHTML, like Gecko) Version/26.4 Mobile/15E148 Safari/604.1"
216.208.243.126 - - [20/Jun/2026:12:34:23 -0400] "GET /wp-content/themes/Divi/core/admin/js/es6-promise.auto.min.js?ver=4.10.8 HTTP/2.0" 200 2559 "https://www.alliancerealty.nb.ca/" "Mozilla/5.0 (iPhone; CPU iPhone OS 18_7 like Mac OS X) AppleWebKit/605.1.15 (KHTML, like Gecko) Version/26.4 Mobile/15E148 Safari/604.1"
216.208.243.126 - - [20/Jun/2026:12:34:23 -0400] "GET /wp-content/plugins/realtypress-premium/public/templates/default/css/print.css?ver=1.9.6 HTTP/2.0" 200 307 "https://www.alliancerealty.nb.ca/" "Mozilla/5.0 (iPhone; CPU iPhone OS 18_7 like Mac OS X) AppleWebKit/605.1.15 (KHTML, like Gecko) Version/26.4 Mobile/15E148 Safari/604.1"
216.208.243.126 - - [20/Jun/2026:12:34:23 -0400] "GET /wp-content/themes/Divi/core/admin/js/recaptcha.js?ver=4.10.8 HTTP/2.0" 200 661 "https://www.alliancerealty.nb.ca/" "Mozilla/5.0 (iPhone; CPU iPhone OS 18_7 like Mac OS X) AppleWebKit/605.1.15 (KHTML, like Gecko) Version/26.4 Mobile/15E148 Safari/604.1"
216.208.243.126 - - [20/Jun/2026:12:34:23 -0400] "GET /wp-content/themes/Divi/includes/builder/feature/dynamic-assets/assets/js/jquery.fitvids.js?ver=4.10.8 HTTP/2.0" 200 1158 "https://www.alliancerealty.nb.ca/" "Mozilla/5.0 (iPhone; CPU iPhone OS 18_7 like Mac OS X) AppleWebKit/605.1.15 (KHTML, like Gecko) Version/26.4 Mobile/15E148 Safari/604.1"
216.208.243.126 - - [20/Jun/2026:12:34:23 -0400] "GET /wp-content/plugins/realtypress-premium/public/templates/default/js/shortcode-listing-carousel.js?ver=1.0 HTTP/2.0" 200 685 "https://www.alliancerealty.nb.ca/" "Mozilla/5.0 (iPhone; CPU iPhone OS 18_7 like Mac OS X) AppleWebKit/605.1.15 (KHTML, like Gecko) Version/26.4 Mobile/15E148 Safari/604.1"
216.208.243.126 - - [20/Jun/2026:12:34:23 -0400] "GET /wp-content/themes/Divi/core/admin/js/common.js?ver=4.10.8 HTTP/2.0" 200 490 "https://www.alliancerealty.nb.ca/" "Mozilla/5.0 (iPhone; CPU iPhone OS 18_7 like Mac OS X) AppleWebKit/605.1.15 (KHTML, like Gecko) Version/26.4 Mobile/15E148 Safari/604.1"
216.208.243.126 - - [20/Jun/2026:12:34:23 -0400] "GET /wp-content/et-cache/22/et-core-unified-tb-2408-deferred-22.min.css?ver=1780682547 HTTP/2.0" 200 830 "https://www.alliancerealty.nb.ca/" "Mozilla/5.0 (iPhone; CPU iPhone OS 18_7 like Mac OS X) AppleWebKit/605.1.15 (KHTML, like Gecko) Version/26.4 Mobile/15E148 Safari/604.1"
216.208.243.126 - - [20/Jun/2026:12:34:23 -0400] "GET /wp-content/plugins/real-estate-listing-realtyna-wpl-pro/libraries/page_builders/divi/scripts/frontend-bundle.min.js HTTP/2.0" 200 336 "https://www.alliancerealty.nb.ca/" "Mozilla/5.0 (iPhone; CPU iPhone OS 18_7 like Mac OS X) AppleWebKit/605.1.15 (KHTML, like Gecko) Version/26.4 Mobile/15E148 Safari/604.1"
216.208.243.126 - - [20/Jun/2026:12:34:23 -0400] "GET /wp-content/plugins/realtypress-premium/public/templates/default/css/widgets.css?ver=1.9.6 HTTP/2.0" 200 327 "https://www.alliancerealty.nb.ca/" "Mozilla/5.0 (iPhone; CPU iPhone OS 18_7 like Mac OS X) AppleWebKit/605.1.15 (KHTML, like Gecko) Version/26.4 Mobile/15E148 Safari/604.1"
216.208.243.126 - - [20/Jun/2026:12:34:23 -0400] "GET /wp-content/plugins/divi-essential/scripts/default-value.js?ver=4.6.0 HTTP/2.0" 200 2526 "https://www.alliancerealty.nb.ca/" "Mozilla/5.0 (iPhone; CPU iPhone OS 18_7 like Mac OS X) AppleWebKit/605.1.15 (KHTML, like Gecko) Version/26.4 Mobile/15E148 Safari/604.1"
216.208.243.126 - - [20/Jun/2026:12:34:23 -0400] "GET /wp-content/plugins/realtypress-premium/public/third-party/bootstrap-3.3.4/css/bootstrap-realtypress.css?ver=1.9.6 HTTP/2.0" 200 22047 "https://www.alliancerealty.nb.ca/" "Mozilla/5.0 (iPhone; CPU iPhone OS 18_7 like Mac OS X) AppleWebKit/605.1.15 (KHTML, like Gecko) Version/26.4 Mobile/15E148 Safari/604.1"
216.208.243.126 - - [20/Jun/2026:12:34:23 -0400] "GET /wp-content/plugins/realtypress-premium/public/third-party/jrange/jquery.range-min.js?ver=1.9.6 HTTP/2.0" 200 2478 "https://www.alliancerealty.nb.ca/" "Mozilla/5.0 (iPhone; CPU iPhone OS 18_7 like Mac OS X) AppleWebKit/605.1.15 (KHTML, like Gecko) Version/26.4 Mobile/15E148 Safari/604.1"
216.208.243.126 - - [20/Jun/2026:12:34:23 -0400] "GET /wp-content/plugins/realtypress-premium/public/templates/default/js/common.js?ver=1.9.6 HTTP/2.0" 200 1698 "https://www.alliancerealty.nb.ca/" "Mozilla/5.0 (iPhone; CPU iPhone OS 18_7 like Mac OS X) AppleWebKit/605.1.15 (KHTML, like Gecko) Version/26.4 Mobile/15E148 Safari/604.1"
216.208.243.126 - - [20/Jun/2026:12:34:23 -0400] "GET /wp-content/plugins/realtypress-premium/public/third-party/leaflet-plugins/Google.min.js?ver=1.9.6 HTTP/2.0" 200 1178 "https://www.alliancerealty.nb.ca/" "Mozilla/5.0 (iPhone; CPU iPhone OS 18_7 like Mac OS X) AppleWebKit/605.1.15 (KHTML, like Gecko) Version/26.4 Mobile/15E148 Safari/604.1"
216.208.243.126 - - [20/Jun/2026:12:34:23 -0400] "GET /wp-content/plugins/realtypress-premium/public/third-party/leaflet-plugins/Bing.min.js?ver=1.9.6 HTTP/2.0" 200 972 "https://www.alliancerealty.nb.ca/" "Mozilla/5.0 (iPhone; CPU iPhone OS 18_7 like Mac OS X) AppleWebKit/605.1.15 (KHTML, like Gecko) Version/26.4 Mobile/15E148 Safari/604.1"
216.208.243.126 - - [20/Jun/2026:12:34:23 -0400] "GET /wp-content/plugins/realtypress-premium/public/third-party/leaflet-plugins/hash/leaflet-hash.min.js?ver=1.9.6 HTTP/2.0" 200 786 "https://www.alliancerealty.nb.ca/" "Mozilla/5.0 (iPhone; CPU iPhone OS 18_7 like Mac OS X) AppleWebKit/605.1.15 (KHTML, like Gecko) Version/26.4 Mobile/15E148 Safari/604.1"
216.208.243.126 - - [20/Jun/2026:12:34:23 -0400] "GET /wp-content/plugins/realtypress-premium/public/third-party/leaflet-plugins/history/leaflet-history.js?ver=1.9.6 HTTP/2.0" 200 1296 "https://www.alliancerealty.nb.ca/" "Mozilla/5.0 (iPhone; CPU iPhone OS 18_7 like Mac OS X) AppleWebKit/605.1.15 (KHTML, like Gecko) Version/26.4 Mobile/15E148 Safari/604.1"
216.208.243.126 - - [20/Jun/2026:12:34:23 -0400] "GET /wp-content/plugins/realtypress-premium/public/templates/default/css/styles.css?ver=1.9.6 HTTP/2.0" 200 5414 "https://www.alliancerealty.nb.ca/" "Mozilla/5.0 (iPhone; CPU iPhone OS 18_7 like Mac OS X) AppleWebKit/605.1.15 (KHTML, like Gecko) Version/26.4 Mobile/15E148 Safari/604.1"
216.208.243.126 - - [20/Jun/2026:12:34:23 -0400] "GET /wp-content/plugins/realtypress-premium/public/templates/default/css/shortcodes.css?ver=1.9.6 HTTP/2.0" 200 3127 "https://www.alliancerealty.nb.ca/" "Mozilla/5.0 (iPhone; CPU iPhone OS 18_7 like Mac OS X) AppleWebKit/605.1.15 (KHTML, like Gecko) Version/26.4 Mobile/15E148 Safari/604.1"
216.208.243.126 - - [20/Jun/2026:12:34:23 -0400] "GET /wp-includes/js/jquery/jquery-migrate.min.js?ver=3.3.2 HTTP/2.0" 200 3998 "https://www.alliancerealty.nb.ca/" "Mozilla/5.0 (iPhone; CPU iPhone OS 18_7 like Mac OS X) AppleWebKit/605.1.15 (KHTML, like Gecko) Version/26.4 Mobile/15E148 Safari/604.1"
