23.21.148.226 - - [20/Jun/2026:09:58:37 -0400] "GET /wp-json/oembed/1.0/embed?url=https://www.alliancerealty.nb.ca/listing/12-le-paradis-street-saint-jacques-new-brunswick-e7b-1t5-29600545/ HTTP/1.1" 200 2849 "-" "Mozilla/5.0 AppleWebKit/537.36 (KHTML, like Gecko; compatible; Amazonbot/0.1; +https://developer.amazon.com/support/amazonbot) Chrome/119.0.6045.214 Safari/537.36"
82.200.129.222 - - [20/Jun/2026:09:58:38 -0400] "GET / HTTP/1.1" 301 - "-" "-"
216.73.217.47 - - [20/Jun/2026:09:58:49 -0400] "GET /wp-content/uploads/WPL/1163/thNx3_360x240.php HTTP/2.0" 404 29921 "-" "Mozilla/5.0 AppleWebKit/537.36 (KHTML, like Gecko; compatible; ClaudeBot/1.0; +claudebot@anthropic.com)"
216.73.217.47 - - [20/Jun/2026:09:59:00 -0400] "GET /wp-content/uploads/WPL/1157/thNx2_360x240.php HTTP/2.0" 404 29921 "-" "Mozilla/5.0 AppleWebKit/537.36 (KHTML, like Gecko; compatible; ClaudeBot/1.0; +claudebot@anthropic.com)"
216.73.217.47 - - [20/Jun/2026:09:59:00 -0400] "GET /wp-content/uploads/WPL/1161/thshell_360x240.php HTTP/2.0" 404 29920 "-" "Mozilla/5.0 AppleWebKit/537.36 (KHTML, like Gecko; compatible; ClaudeBot/1.0; +claudebot@anthropic.com)"
114.119.141.200 - - [20/Jun/2026:10:00:08 -0400] "GET /wp-content/uploads/WPL/1155/thNx1_360x240.php HTTP/1.1" 404 29924 "https://www.alliancerealty.nb.ca/en/properties-our-listings/?wplpage=4" "Mozilla/5.0 (Linux; Android 7.0;) AppleWebKit/537.36 (HTML, like Gecko) Mobile Safari/537.36 (compatible; PetalBot;+https://webmaster.petalsearch.com/site/petalbot)"
114.119.142.20 - - [20/Jun/2026:10:00:15 -0400] "GET /en/properties/1088-56-rue-le-Paradis/ HTTP/1.1" 200 27162 "https://www.alliancerealty.nb.ca/proprietes/1088-56-rue-le-Paradis/" "Mozilla/5.0 (Linux; Android 7.0;) AppleWebKit/537.36 (HTML, like Gecko) Mobile Safari/537.36 (compatible; PetalBot;+https://webmaster.petalsearch.com/site/petalbot)"
114.119.141.200 - - [20/Jun/2026:10:00:20 -0400] "GET /en/listing/20-bateman-avenue-edmundston-new-brunswick-e3v-4a9-28989545/ HTTP/1.1" 404 29710 "https://www.alliancerealty.nb.ca/en/listing/20-bateman-avenue-edmundston-new-brunswick-e3v-4a9-28989545/" "Mozilla/5.0 (Linux; Android 7.0;) AppleWebKit/537.36 (HTML, like Gecko) Mobile Safari/537.36 (compatible; PetalBot;+https://webmaster.petalsearch.com/site/petalbot)"
67.69.76.45 - - [20/Jun/2026:10:00:25 -0400] "GET /en/properties/1141-41-rue-St-Fran%C3%A7ois/ HTTP/2.0" 200 36288 "-" "Mozilla/5.0 (iPhone; CPU iPhone OS 26_5_0 like Mac OS X) AppleWebKit/605.1.15 (KHTML, like Gecko) CriOS/149.0.7827.137 Mobile/15E148 Safari/604.1"
67.69.76.45 - - [20/Jun/2026:10:00:27 -0400] "POST /en/properties/1141-41-rue-St-Fran%C3%A7ois/ HTTP/2.0" 200 41 "https://www.alliancerealty.nb.ca/en/properties/1141-41-rue-St-Fran%C3%A7ois/" "Mozilla/5.0 (iPhone; CPU iPhone OS 26_5_0 like Mac OS X) AppleWebKit/605.1.15 (KHTML, like Gecko) CriOS/149.0.7827.137 Mobile/15E148 Safari/604.1"
67.69.76.45 - - [20/Jun/2026:10:00:27 -0400] "POST /wp-admin/admin-ajax.php HTTP/2.0" 200 266 "https://www.alliancerealty.nb.ca/en/properties/1141-41-rue-St-Fran%C3%A7ois/" "Mozilla/5.0 (iPhone; CPU iPhone OS 26_5_0 like Mac OS X) AppleWebKit/605.1.15 (KHTML, like Gecko) CriOS/149.0.7827.137 Mobile/15E148 Safari/604.1"
114.119.143.104 - - [20/Jun/2026:10:00:28 -0400] "GET /en/buy/?wplpage=3 HTTP/1.1" 200 42541 "https://www.alliancerealty.nb.ca/en/buy/?wplpage=6" "Mozilla/5.0 (Linux; Android 7.0;) AppleWebKit/537.36 (HTML, like Gecko) Mobile Safari/537.36 (compatible; PetalBot;+https://webmaster.petalsearch.com/site/petalbot)"
103.98.129.235 - - [20/Jun/2026:10:00:42 -0400] "GET /en/listing/vacant-lot-route-17-saint-leonard-new-brunswick-e7e-2n7-27260869/ HTTP/1.1" 404 206496 "-" "Mozilla/5.0 (Macintosh; Intel Mac OS X 13.6; rv:132.0) Gecko/20100101 Firefox/132.0"
216.73.217.47 - - [20/Jun/2026:10:00:51 -0400] "GET /en/properties/1164-%C3%80-vendre/ HTTP/2.0" 200 32195 "-" "Mozilla/5.0 AppleWebKit/537.36 (KHTML, like Gecko; compatible; ClaudeBot/1.0; +claudebot@anthropic.com)"
47.128.119.162 - - [20/Jun/2026:10:01:17 -0400] "GET /en/listing/233-bellevue-street-edmundston-new-brunswick-e3v-3m7-26550224/ HTTP/2.0" 404 29710 "-" "Mozilla/5.0 (Linux; Android 5.0) AppleWebKit/537.36 (KHTML, like Gecko) Mobile Safari/537.36 (compatible; TikTokSpider; ttspider-feedback@tiktok.com)"
47.128.119.162 - - [20/Jun/2026:10:01:20 -0400] "GET /wp-content/plugins/real-estate-listing-realtyna-wpl-pro/libraries/page_builders/divi/styles/style.min.css HTTP/2.0" 200 1 "https://www.alliancerealty.nb.ca/en/listing/233-bellevue-street-edmundston-new-brunswick-e3v-3m7-26550224/" "Mozilla/5.0 (Linux; Android 5.0) AppleWebKit/537.36 (KHTML, like Gecko) Mobile Safari/537.36 (compatible; TikTokSpider; ttspider-feedback@tiktok.com)"
51.38.112.81 - - [20/Jun/2026:10:01:22 -0400] "GET /proprietes/?wplpage=4 HTTP/1.1" 200 36647 "-" "Mozilla/5.0 (Windows NT 10.0; Win64; x64) AppleWebKit/537.36 (KHTML, like Gecko) Chrome/139.0.0.0 Safari/537.36"
51.89.164.226 - - [20/Jun/2026:10:01:24 -0400] "GET /en/properties/admin/ HTTP/1.1" 200 35961 "-" "Mozilla/5.0 (Windows NT 10.0; Win64; x64) AppleWebKit/537.36 (KHTML, like Gecko) Chrome/139.0.0.0 Safari/537.36"
192.178.6.69 - - [20/Jun/2026:10:01:28 -0400] "GET /print.cfm?house_id=3670&rent=0&lg=en HTTP/1.1" 301 1 "-" "Mozilla/5.0 (Linux; Android 6.0.1; Nexus 5X Build/MMB29P) AppleWebKit/537.36 (KHTML, like Gecko) Chrome/148.0.7778.96 Mobile Safari/537.36 (compatible; Googlebot/2.1; +http://www.google.com/bot.html)"
192.178.6.71 - - [20/Jun/2026:10:01:28 -0400] "GET /robots.txt HTTP/1.1" 301 1 "-" "Mozilla/5.0 (compatible; Googlebot/2.1; +http://www.google.com/bot.html)"
216.73.217.47 - - [20/Jun/2026:10:01:27 -0400] "GET /en/properties/1161-%C3%80-vendre/ HTTP/2.0" 200 32197 "-" "Mozilla/5.0 AppleWebKit/537.36 (KHTML, like Gecko; compatible; ClaudeBot/1.0; +claudebot@anthropic.com)"
66.249.69.65 - - [20/Jun/2026:10:01:29 -0400] "GET /robots.txt HTTP/1.1" 200 55 "-" "Mozilla/5.0 (compatible; Googlebot/2.1; +http://www.google.com/bot.html)"
66.249.69.67 - - [20/Jun/2026:10:01:29 -0400] "GET /print.cfm?house_id=3670&rent=0&lg=en HTTP/1.1" 404 29906 "-" "Mozilla/5.0 (Linux; Android 6.0.1; Nexus 5X Build/MMB29P) AppleWebKit/537.36 (KHTML, like Gecko) Chrome/148.0.7778.96 Mobile Safari/537.36 (compatible; Googlebot/2.1; +http://www.google.com/bot.html)"
51.38.185.131 - - [20/Jun/2026:10:01:30 -0400] "GET /proprietes/?wplpage=3 HTTP/1.1" 200 38221 "-" "Mozilla/5.0 (Windows NT 10.0; Win64; x64) AppleWebKit/537.36 (KHTML, like Gecko) Chrome/139.0.0.0 Safari/537.36"
208.97.187.39 - - [20/Jun/2026:10:01:42 -0400] "GET /wp-login.php HTTP/2.0" 200 2594 "-" "Mozilla/5.0 (Macintosh; Intel Mac OS X 10_15_7) AppleWebKit/537.36 (KHTML, like Gecko) Chrome/133.0.0.0 Safari/537.36 Edg/133.0.0.0"
208.97.187.39 - - [20/Jun/2026:10:01:43 -0400] "POST /wp-login.php HTTP/2.0" 200 2719 "https://www.alliancerealty.nb.ca/wp-login.php" "Mozilla/5.0 (Macintosh; Intel Mac OS X 10_15_7) AppleWebKit/537.36 (KHTML, like Gecko) Chrome/133.0.0.0 Safari/537.36 Edg/133.0.0.0"
114.119.159.70 - - [20/Jun/2026:10:01:52 -0400] "GET /listing/4-rue-saint-francois-sainte-anne-de-madawaska-new-brunswick-e7e-1e4-29474188/ HTTP/1.1" 200 33851 "https://www.alliancerealty.nb.ca/inscriptions-inter-agences?wplview&view=list&=48&paged=1" "Mozilla/5.0 (Linux; Android 7.0;) AppleWebKit/537.36 (HTML, like Gecko) Mobile Safari/537.36 (compatible; PetalBot;+https://webmaster.petalsearch.com/site/petalbot)"
114.119.141.200 - - [20/Jun/2026:10:01:58 -0400] "GET /en/properties/423-Chemin-Riceville/ HTTP/1.1" 200 26789 "https://www.alliancerealty.nb.ca/proprietes/423-Chemin-Riceville/" "Mozilla/5.0 (Linux; Android 7.0;) AppleWebKit/537.36 (HTML, like Gecko) Mobile Safari/537.36 (compatible; PetalBot;+https://webmaster.petalsearch.com/site/petalbot)"
216.73.217.47 - - [20/Jun/2026:10:02:37 -0400] "GET /en/properties/1163-%C3%80-vendre/ HTTP/2.0" 200 32199 "-" "Mozilla/5.0 AppleWebKit/537.36 (KHTML, like Gecko; compatible; ClaudeBot/1.0; +claudebot@anthropic.com)"
216.73.217.47 - - [20/Jun/2026:10:03:45 -0400] "GET /en/properties/1159-%C3%80-vendre/ HTTP/2.0" 200 32196 "-" "Mozilla/5.0 AppleWebKit/537.36 (KHTML, like Gecko; compatible; ClaudeBot/1.0; +claudebot@anthropic.com)"
57.141.20.43 - - [20/Jun/2026:10:03:56 -0400] "GET /sitemap.xml HTTP/2.0" 301 - "-" "meta-externalagent/1.1 (+https://developers.facebook.com/docs/sharing/webmasters/crawler)"
213.171.208.62 - - [20/Jun/2026:10:04:22 -0400] "GET /wp-login.php HTTP/2.0" 200 2600 "-" "Mozilla/5.0 (X11; Linux x86_64) AppleWebKit/537.36 (KHTML, like Gecko) Chrome/133.0.0.0 Safari/537.36"
213.171.208.62 - - [20/Jun/2026:10:04:23 -0400] "POST /wp-login.php HTTP/2.0" 200 2724 "https://alliancerealty.nb.ca/wp-login.php" "Mozilla/5.0 (X11; Linux x86_64) AppleWebKit/537.36 (KHTML, like Gecko) Chrome/133.0.0.0 Safari/537.36"
98.97.53.40 - - [20/Jun/2026:10:04:32 -0400] "GET /proprietes/ HTTP/2.0" 200 38346 "https://www.google.com/" "Mozilla/5.0 (iPhone; CPU iPhone OS 18_7 like Mac OS X) AppleWebKit/605.1.15 (KHTML, like Gecko) Version/26.5 Mobile/15E148 Safari/604.1"
98.97.53.40 - - [20/Jun/2026:10:04:35 -0400] "GET /wp-content/uploads/WPL/1148/thimg_28Lynott_1ext_360x240.JPG HTTP/2.0" 304 - "https://www.alliancerealty.nb.ca/proprietes/" "Mozilla/5.0 (iPhone; CPU iPhone OS 18_7 like Mac OS X) AppleWebKit/605.1.15 (KHTML, like Gecko) Version/26.5 Mobile/15E148 Safari/604.1"
98.97.53.40 - - [20/Jun/2026:10:04:35 -0400] "GET /wp-content/uploads/WPL/1150/thimg_53_rueGrondin1Ext_360x240.jpg HTTP/2.0" 304 - "https://www.alliancerealty.nb.ca/proprietes/" "Mozilla/5.0 (iPhone; CPU iPhone OS 18_7 like Mac OS X) AppleWebKit/605.1.15 (KHTML, like Gecko) Version/26.5 Mobile/15E148 Safari/604.1"
98.97.53.40 - - [20/Jun/2026:10:04:35 -0400] "GET /wp-content/et-cache/32/et-core-unified-32.min.css?ver=1780683159 HTTP/2.0" 304 - "https://www.alliancerealty.nb.ca/proprietes/" "Mozilla/5.0 (iPhone; CPU iPhone OS 18_7 like Mac OS X) AppleWebKit/605.1.15 (KHTML, like Gecko) Version/26.5 Mobile/15E148 Safari/604.1"
98.97.53.40 - - [20/Jun/2026:10:04:35 -0400] "POST /wp-admin/admin-ajax.php HTTP/2.0" 200 266 "https://www.alliancerealty.nb.ca/proprietes/" "Mozilla/5.0 (iPhone; CPU iPhone OS 18_7 like Mac OS X) AppleWebKit/605.1.15 (KHTML, like Gecko) Version/26.5 Mobile/15E148 Safari/604.1"
98.97.53.40 - - [20/Jun/2026:10:04:35 -0400] "POST /proprietes/ HTTP/2.0" 200 41 "https://www.alliancerealty.nb.ca/proprietes/" "Mozilla/5.0 (iPhone; CPU iPhone OS 18_7 like Mac OS X) AppleWebKit/605.1.15 (KHTML, like Gecko) Version/26.5 Mobile/15E148 Safari/604.1"
66.249.69.65 - - [20/Jun/2026:10:04:39 -0400] "GET /robots.txt HTTP/1.1" 200 55 "-" "Mozilla/5.0 (compatible; Googlebot/2.1; +http://www.google.com/bot.html)"
66.249.69.65 - - [20/Jun/2026:10:04:39 -0400] "GET /en/properties/1157-For-sale/ HTTP/1.1" 200 32186 "-" "Mozilla/5.0 (Linux; Android 6.0.1; Nexus 5X Build/MMB29P) AppleWebKit/537.36 (KHTML, like Gecko) Chrome/148.0.7778.96 Mobile Safari/537.36 (compatible; GoogleOther)"
66.249.69.66 - - [20/Jun/2026:10:04:41 -0400] "GET /en/listing/748-canada-road-edmundston-new-brunswick-e3v-1w4-28302219/ HTTP/1.1" 404 29710 "-" "Mozilla/5.0 (Linux; Android 6.0.1; Nexus 5X Build/MMB29P) AppleWebKit/537.36 (KHTML, like Gecko) Chrome/148.0.7778.96 Mobile Safari/537.36 (compatible; Googlebot/2.1; +http://www.google.com/bot.html)"
66.249.69.65 - - [20/Jun/2026:10:04:45 -0400] "GET /wp-content/plugins/testimonial-free/public/assets/css/font-awesome.min.css?ver=2.4.1 HTTP/1.1" 200 6294 "https://www.alliancerealty.nb.ca/en/properties/1157-For-sale/" "Mozilla/5.0 (Linux; Android 6.0.1; Nexus 5X Build/MMB29P) AppleWebKit/537.36 (KHTML, like Gecko) Chrome/148.0.7778.96 Mobile Safari/537.36 (compatible; GoogleOther)"
174.118.33.127 - - [20/Jun/2026:10:04:46 -0400] "GET /wp-content/mu-plugins/alliance.css?ver=1.2 HTTP/2.0" 200 313 "https://www.alliancerealty.nb.ca/" "Mozilla/5.0 (Macintosh; Intel Mac OS X 10_15_7) AppleWebKit/605.1.15 (KHTML, like Gecko) Version/17.14 Safari/605.1.15"
174.118.33.127 - - [20/Jun/2026:10:04:46 -0400] "GET /wp-content/et-cache/22/et-divi-dynamic-tb-2408-22-late.css?ver=1780682545 HTTP/2.0" 200 977 "https://www.alliancerealty.nb.ca/" "Mozilla/5.0 (Macintosh; Intel Mac OS X 10_15_7) AppleWebKit/605.1.15 (KHTML, like Gecko) Version/17.14 Safari/605.1.15"
174.118.33.127 - - [20/Jun/2026:10:04:46 -0400] "GET /wp-content/plugins/realtypress-premium/public/third-party/leaflet-plugins/history/leaflet-history.css?ver=1.9.6 HTTP/2.0" 200 158 "https://www.alliancerealty.nb.ca/" "Mozilla/5.0 (Macintosh; Intel Mac OS X 10_15_7) AppleWebKit/605.1.15 (KHTML, like Gecko) Version/17.14 Safari/605.1.15"
174.118.33.127 - - [20/Jun/2026:10:04:46 -0400] "GET /wp-content/et-cache/22/et-divi-dynamic-tb-2408-22.css?ver=1780682545 HTTP/2.0" 200 3809 "https://www.alliancerealty.nb.ca/" "Mozilla/5.0 (Macintosh; Intel Mac OS X 10_15_7) AppleWebKit/605.1.15 (KHTML, like Gecko) Version/17.14 Safari/605.1.15"
174.118.33.127 - - [20/Jun/2026:10:04:46 -0400] "GET /wp-content/plugins/realtypress-premium/public/templates/default/css/styles.css?ver=1.9.6 HTTP/2.0" 200 5414 "https://www.alliancerealty.nb.ca/" "Mozilla/5.0 (Macintosh; Intel Mac OS X 10_15_7) AppleWebKit/605.1.15 (KHTML, like Gecko) Version/17.14 Safari/605.1.15"
174.118.33.127 - - [20/Jun/2026:10:04:46 -0400] "GET /wp-content/plugins/tablepress-datatables-buttons/css/buttons.dataTables.min.css?ver=1.5 HTTP/2.0" 200 1219 "https://www.alliancerealty.nb.ca/" "Mozilla/5.0 (Macintosh; Intel Mac OS X 10_15_7) AppleWebKit/605.1.15 (KHTML, like Gecko) Version/17.14 Safari/605.1.15"
174.118.33.127 - - [20/Jun/2026:10:04:46 -0400] "GET /wp-content/et-cache/22/et-core-unified-tb-2408-deferred-22.min.css?ver=1780682547 HTTP/2.0" 200 830 "https://www.alliancerealty.nb.ca/" "Mozilla/5.0 (Macintosh; Intel Mac OS X 10_15_7) AppleWebKit/605.1.15 (KHTML, like Gecko) Version/17.14 Safari/605.1.15"
174.118.33.127 - - [20/Jun/2026:10:04:46 -0400] "GET /wp-content/et-cache/22/et-core-unified-22.min.css?ver=1780682546 HTTP/2.0" 200 3181 "https://www.alliancerealty.nb.ca/" "Mozilla/5.0 (Macintosh; Intel Mac OS X 10_15_7) AppleWebKit/605.1.15 (KHTML, like Gecko) Version/17.14 Safari/605.1.15"
174.118.33.127 - - [20/Jun/2026:10:04:46 -0400] "GET /wp-content/uploads/2021/01/excl.jpg HTTP/2.0" 200 13261 "https://www.alliancerealty.nb.ca/" "Mozilla/5.0 (Macintosh; Intel Mac OS X 10_15_7) AppleWebKit/605.1.15 (KHTML, like Gecko) Version/17.14 Safari/605.1.15"
174.118.33.127 - - [20/Jun/2026:10:04:44 -0400] "GET / HTTP/2.0" 200 277194 "https://www.google.com/" "Mozilla/5.0 (Macintosh; Intel Mac OS X 10_15_7) AppleWebKit/605.1.15 (KHTML, like Gecko) Version/17.14 Safari/605.1.15"
174.118.33.127 - - [20/Jun/2026:10:04:46 -0400] "GET /wp-includes/js/jquery/ui/mouse.min.js?ver=1.12.1 HTTP/2.0" 200 985 "https://www.alliancerealty.nb.ca/" "Mozilla/5.0 (Macintosh; Intel Mac OS X 10_15_7) AppleWebKit/605.1.15 (KHTML, like Gecko) Version/17.14 Safari/605.1.15"
174.118.33.127 - - [20/Jun/2026:10:04:46 -0400] "GET /wp-includes/js/jquery/ui/datepicker.min.js?ver=1.12.1 HTTP/2.0" 200 10368 "https://www.alliancerealty.nb.ca/" "Mozilla/5.0 (Macintosh; Intel Mac OS X 10_15_7) AppleWebKit/605.1.15 (KHTML, like Gecko) Version/17.14 Safari/605.1.15"
174.118.33.127 - - [20/Jun/2026:10:04:47 -0400] "GET /wp-content/plugins/real-estate-listing-realtyna-wpl-pro/assets/img/chosen-sprite.png?1548790578 HTTP/2.0" 200 646 "https://www.alliancerealty.nb.ca/" "Mozilla/5.0 (Macintosh; Intel Mac OS X 10_15_7) AppleWebKit/605.1.15 (KHTML, like Gecko) Version/17.14 Safari/605.1.15"
174.118.33.127 - - [20/Jun/2026:10:04:47 -0400] "GET /wp-content/plugins/real-estate-listing-realtyna-wpl-pro/assets/js/js_inline.html HTTP/2.0" 200 1431 "https://www.alliancerealty.nb.ca/" "Mozilla/5.0 (Macintosh; Intel Mac OS X 10_15_7) AppleWebKit/605.1.15 (KHTML, like Gecko) Version/17.14 Safari/605.1.15"
174.118.33.127 - - [20/Jun/2026:10:04:47 -0400] "POST / HTTP/2.0" 200 41 "https://www.alliancerealty.nb.ca/" "Mozilla/5.0 (Macintosh; Intel Mac OS X 10_15_7) AppleWebKit/605.1.15 (KHTML, like Gecko) Version/17.14 Safari/605.1.15"
174.118.33.127 - - [20/Jun/2026:10:04:47 -0400] "POST /wp-admin/admin-ajax.php HTTP/2.0" 200 263 "https://www.alliancerealty.nb.ca/" "Mozilla/5.0 (Macintosh; Intel Mac OS X 10_15_7) AppleWebKit/605.1.15 (KHTML, like Gecko) Version/17.14 Safari/605.1.15"
66.249.69.66 - - [20/Jun/2026:10:04:48 -0400] "POST /en/properties/1157-For-sale/ HTTP/1.1" 200 41 "https://www.alliancerealty.nb.ca/en/properties/1157-For-sale/" "Mozilla/5.0 (Linux; Android 6.0.1; Nexus 5X Build/MMB29P) AppleWebKit/537.36 (KHTML, like Gecko) Chrome/148.0.7778.96 Mobile Safari/537.36 (compatible; GoogleOther)"
98.97.53.40 - - [20/Jun/2026:10:04:48 -0400] "GET /proprietes/?widget_id=2&kind=0&sf_select_field_3085=7&sf_unit_price=127&sf_min_price=0&sf_max_price=999999999999 HTTP/2.0" 200 37590 "https://www.alliancerealty.nb.ca/proprietes/" "Mozilla/5.0 (iPhone; CPU iPhone OS 18_7 like Mac OS X) AppleWebKit/605.1.15 (KHTML, like Gecko) Version/26.5 Mobile/15E148 Safari/604.1"
185.18.198.75 - - [20/Jun/2026:10:04:49 -0400] "GET /plugins/editors/jce/jce.xml HTTP/1.1" 301 - "-" "SecurityAudit/1.0"
98.97.53.40 - - [20/Jun/2026:10:04:51 -0400] "POST /wp-admin/admin-ajax.php HTTP/2.0" 200 269 "https://www.alliancerealty.nb.ca/proprietes/?widget_id=2&kind=0&sf_select_field_3085=7&sf_unit_price=127&sf_min_price=0&sf_max_price=999999999999" "Mozilla/5.0 (iPhone; CPU iPhone OS 18_7 like Mac OS X) AppleWebKit/605.1.15 (KHTML, like Gecko) Version/26.5 Mobile/15E148 Safari/604.1"
174.118.33.127 - - [20/Jun/2026:10:04:52 -0400] "GET /wp-content/uploads/2020/12/cropped-favicon-32x32.gif HTTP/2.0" 200 138 "https://www.alliancerealty.nb.ca/" "Mozilla/5.0 (Macintosh; Intel Mac OS X 10_15_7) AppleWebKit/605.1.15 (KHTML, like Gecko) Version/17.14 Safari/605.1.15"
98.97.53.40 - - [20/Jun/2026:10:04:51 -0400] "POST /proprietes/?widget_id=2&kind=0&sf_select_field_3085=7&sf_unit_price=127&sf_min_price=0&sf_max_price=999999999999 HTTP/2.0" 200 41 "https://www.alliancerealty.nb.ca/proprietes/?widget_id=2&kind=0&sf_select_field_3085=7&sf_unit_price=127&sf_min_price=0&sf_max_price=999999999999" "Mozilla/5.0 (iPhone; CPU iPhone OS 18_7 like Mac OS X) AppleWebKit/605.1.15 (KHTML, like Gecko) Version/26.5 Mobile/15E148 Safari/604.1"
174.118.33.127 - - [20/Jun/2026:10:04:52 -0400] "GET /wp-content/uploads/2020/12/cropped-favicon-192x192.gif HTTP/2.0" 200 922 "https://www.alliancerealty.nb.ca/" "Mozilla/5.0 (Macintosh; Intel Mac OS X 10_15_7) AppleWebKit/605.1.15 (KHTML, like Gecko) Version/17.14 Safari/605.1.15"
174.118.33.127 - - [20/Jun/2026:10:04:50 -0400] "GET /wp-content/uploads/WPL/1176/thpler_360x240.php HTTP/2.0" 404 29924 "https://www.alliancerealty.nb.ca/" "Mozilla/5.0 (Macintosh; Intel Mac OS X 10_15_7) AppleWebKit/605.1.15 (KHTML, like Gecko) Version/17.14 Safari/605.1.15"
174.118.33.127 - - [20/Jun/2026:10:04:50 -0400] "GET /wp-content/uploads/WPL/1175/thpler_360x240.php HTTP/2.0" 404 29924 "https://www.alliancerealty.nb.ca/" "Mozilla/5.0 (Macintosh; Intel Mac OS X 10_15_7) AppleWebKit/605.1.15 (KHTML, like Gecko) Version/17.14 Safari/605.1.15"
174.118.33.127 - - [20/Jun/2026:10:04:51 -0400] "GET /wp-content/uploads/WPL/1171/thhrx_360x240.php HTTP/2.0" 404 29924 "https://www.alliancerealty.nb.ca/" "Mozilla/5.0 (Macintosh; Intel Mac OS X 10_15_7) AppleWebKit/605.1.15 (KHTML, like Gecko) Version/17.14 Safari/605.1.15"
174.118.33.127 - - [20/Jun/2026:10:04:50 -0400] "GET /wp-content/uploads/WPL/1174/thanakemas_360x240.php HTTP/2.0" 404 29922 "https://www.alliancerealty.nb.ca/" "Mozilla/5.0 (Macintosh; Intel Mac OS X 10_15_7) AppleWebKit/605.1.15 (KHTML, like Gecko) Version/17.14 Safari/605.1.15"
174.118.33.127 - - [20/Jun/2026:10:04:51 -0400] "GET /wp-content/uploads/WPL/1172/thhrx_360x240.php HTTP/2.0" 404 29924 "https://www.alliancerealty.nb.ca/" "Mozilla/5.0 (Macintosh; Intel Mac OS X 10_15_7) AppleWebKit/605.1.15 (KHTML, like Gecko) Version/17.14 Safari/605.1.15"
66.249.69.65 - - [20/Jun/2026:10:04:51 -0400] "GET /en/properties/1165-%C3%80-vendre/ HTTP/1.1" 200 32201 "-" "Mozilla/5.0 (Linux; Android 6.0.1; Nexus 5X Build/MMB29P) AppleWebKit/537.36 (KHTML, like Gecko) Chrome/148.0.7778.96 Mobile Safari/537.36 (compatible; GoogleOther)"
174.118.33.127 - - [20/Jun/2026:10:04:51 -0400] "GET /wp-content/uploads/WPL/1170/thNx3_360x240.php HTTP/2.0" 404 29923 "https://www.alliancerealty.nb.ca/" "Mozilla/5.0 (Macintosh; Intel Mac OS X 10_15_7) AppleWebKit/605.1.15 (KHTML, like Gecko) Version/17.14 Safari/605.1.15"
174.118.33.127 - - [20/Jun/2026:10:04:51 -0400] "GET /wp-content/uploads/WPL/1173/thanakemas_360x240.php HTTP/2.0" 404 29922 "https://www.alliancerealty.nb.ca/" "Mozilla/5.0 (Macintosh; Intel Mac OS X 10_15_7) AppleWebKit/605.1.15 (KHTML, like Gecko) Version/17.14 Safari/605.1.15"
174.118.33.127 - - [20/Jun/2026:10:04:51 -0400] "GET /wp-content/uploads/WPL/1169/thnx10_360x240.php HTTP/2.0" 404 29923 "https://www.alliancerealty.nb.ca/" "Mozilla/5.0 (Macintosh; Intel Mac OS X 10_15_7) AppleWebKit/605.1.15 (KHTML, like Gecko) Version/17.14 Safari/605.1.15"
174.118.33.127 - - [20/Jun/2026:10:04:51 -0400] "GET /wp-content/uploads/WPL/1168/thnx10_360x240.php HTTP/2.0" 404 29924 "https://www.alliancerealty.nb.ca/" "Mozilla/5.0 (Macintosh; Intel Mac OS X 10_15_7) AppleWebKit/605.1.15 (KHTML, like Gecko) Version/17.14 Safari/605.1.15"
185.18.198.75 - - [20/Jun/2026:10:04:52 -0400] "GET /plugins/editors/jce/jce.xml HTTP/1.1" 404 207310 "-" "SecurityAudit/1.0"
185.18.198.75 - - [20/Jun/2026:10:04:57 -0400] "GET /administrator/components/com_jce/jce.xml HTTP/1.1" 301 - "-" "SecurityAudit/1.0"
185.18.198.75 - - [20/Jun/2026:10:05:00 -0400] "GET /administrator/components/com_jce/jce.xml HTTP/1.1" 404 121137 "-" "SecurityAudit/1.0"
174.118.33.127 - - [20/Jun/2026:10:05:03 -0400] "GET /wp-content/uploads/WPL/1165/thNx4_360x240.php HTTP/2.0" 404 29924 "https://www.alliancerealty.nb.ca/" "Mozilla/5.0 (Macintosh; Intel Mac OS X 10_15_7) AppleWebKit/605.1.15 (KHTML, like Gecko) Version/17.14 Safari/605.1.15"
174.118.33.127 - - [20/Jun/2026:10:05:03 -0400] "GET /wp-content/uploads/WPL/1167/thNx4_360x240.php HTTP/2.0" 404 29924 "https://www.alliancerealty.nb.ca/" "Mozilla/5.0 (Macintosh; Intel Mac OS X 10_15_7) AppleWebKit/605.1.15 (KHTML, like Gecko) Version/17.14 Safari/605.1.15"
174.118.33.127 - - [20/Jun/2026:10:05:03 -0400] "GET /wp-content/uploads/WPL/1166/thNx4_360x240.php HTTP/2.0" 404 29924 "https://www.alliancerealty.nb.ca/" "Mozilla/5.0 (Macintosh; Intel Mac OS X 10_15_7) AppleWebKit/605.1.15 (KHTML, like Gecko) Version/17.14 Safari/605.1.15"
174.118.33.127 - - [20/Jun/2026:10:05:11 -0400] "GET / HTTP/2.0" 200 277194 "https://www.google.com/" "Mozilla/5.0 (Macintosh; Intel Mac OS X 10_15_7) AppleWebKit/605.1.15 (KHTML, like Gecko) Version/17.14 Safari/605.1.15"
174.118.33.127 - - [20/Jun/2026:10:05:14 -0400] "POST / HTTP/2.0" 200 41 "https://www.alliancerealty.nb.ca/" "Mozilla/5.0 (Macintosh; Intel Mac OS X 10_15_7) AppleWebKit/605.1.15 (KHTML, like Gecko) Version/17.14 Safari/605.1.15"
174.118.33.127 - - [20/Jun/2026:10:05:14 -0400] "POST /wp-admin/admin-ajax.php HTTP/2.0" 200 265 "https://www.alliancerealty.nb.ca/" "Mozilla/5.0 (Macintosh; Intel Mac OS X 10_15_7) AppleWebKit/605.1.15 (KHTML, like Gecko) Version/17.14 Safari/605.1.15"
174.118.33.127 - - [20/Jun/2026:10:05:16 -0400] "GET /wp-content/uploads/WPL/1175/thpler_360x240.php HTTP/2.0" 404 29924 "https://www.alliancerealty.nb.ca/" "Mozilla/5.0 (Macintosh; Intel Mac OS X 10_15_7) AppleWebKit/605.1.15 (KHTML, like Gecko) Version/17.14 Safari/605.1.15"
174.118.33.127 - - [20/Jun/2026:10:05:16 -0400] "GET /wp-content/uploads/WPL/1174/thanakemas_360x240.php HTTP/2.0" 404 29923 "https://www.alliancerealty.nb.ca/" "Mozilla/5.0 (Macintosh; Intel Mac OS X 10_15_7) AppleWebKit/605.1.15 (KHTML, like Gecko) Version/17.14 Safari/605.1.15"
174.118.33.127 - - [20/Jun/2026:10:05:16 -0400] "GET /wp-content/uploads/WPL/1176/thpler_360x240.php HTTP/2.0" 404 29922 "https://www.alliancerealty.nb.ca/" "Mozilla/5.0 (Macintosh; Intel Mac OS X 10_15_7) AppleWebKit/605.1.15 (KHTML, like Gecko) Version/17.14 Safari/605.1.15"
174.118.33.127 - - [20/Jun/2026:10:05:16 -0400] "GET /wp-content/uploads/WPL/1173/thanakemas_360x240.php HTTP/2.0" 404 29924 "https://www.alliancerealty.nb.ca/" "Mozilla/5.0 (Macintosh; Intel Mac OS X 10_15_7) AppleWebKit/605.1.15 (KHTML, like Gecko) Version/17.14 Safari/605.1.15"
174.118.33.127 - - [20/Jun/2026:10:05:16 -0400] "GET /wp-content/uploads/WPL/1171/thhrx_360x240.php HTTP/2.0" 404 29924 "https://www.alliancerealty.nb.ca/" "Mozilla/5.0 (Macintosh; Intel Mac OS X 10_15_7) AppleWebKit/605.1.15 (KHTML, like Gecko) Version/17.14 Safari/605.1.15"
174.118.33.127 - - [20/Jun/2026:10:05:16 -0400] "GET /wp-content/uploads/WPL/1172/thhrx_360x240.php HTTP/2.0" 404 29924 "https://www.alliancerealty.nb.ca/" "Mozilla/5.0 (Macintosh; Intel Mac OS X 10_15_7) AppleWebKit/605.1.15 (KHTML, like Gecko) Version/17.14 Safari/605.1.15"
174.118.33.127 - - [20/Jun/2026:10:05:18 -0400] "GET /wp-content/uploads/WPL/1169/thnx10_360x240.php HTTP/2.0" 404 29924 "https://www.alliancerealty.nb.ca/" "Mozilla/5.0 (Macintosh; Intel Mac OS X 10_15_7) AppleWebKit/605.1.15 (KHTML, like Gecko) Version/17.14 Safari/605.1.15"
174.118.33.127 - - [20/Jun/2026:10:05:18 -0400] "GET /wp-content/uploads/WPL/1170/thNx3_360x240.php HTTP/2.0" 404 29922 "https://www.alliancerealty.nb.ca/" "Mozilla/5.0 (Macintosh; Intel Mac OS X 10_15_7) AppleWebKit/605.1.15 (KHTML, like Gecko) Version/17.14 Safari/605.1.15"
174.118.33.127 - - [20/Jun/2026:10:05:18 -0400] "GET /wp-content/uploads/WPL/1166/thNx4_360x240.php HTTP/2.0" 404 29923 "https://www.alliancerealty.nb.ca/" "Mozilla/5.0 (Macintosh; Intel Mac OS X 10_15_7) AppleWebKit/605.1.15 (KHTML, like Gecko) Version/17.14 Safari/605.1.15"
174.118.33.127 - - [20/Jun/2026:10:05:18 -0400] "GET /wp-content/uploads/WPL/1168/thnx10_360x240.php HTTP/2.0" 404 29924 "https://www.alliancerealty.nb.ca/" "Mozilla/5.0 (Macintosh; Intel Mac OS X 10_15_7) AppleWebKit/605.1.15 (KHTML, like Gecko) Version/17.14 Safari/605.1.15"
174.118.33.127 - - [20/Jun/2026:10:05:18 -0400] "GET /wp-content/uploads/WPL/1165/thNx4_360x240.php HTTP/2.0" 404 29924 "https://www.alliancerealty.nb.ca/" "Mozilla/5.0 (Macintosh; Intel Mac OS X 10_15_7) AppleWebKit/605.1.15 (KHTML, like Gecko) Version/17.14 Safari/605.1.15"
174.118.33.127 - - [20/Jun/2026:10:05:18 -0400] "GET /wp-content/uploads/WPL/1167/thNx4_360x240.php HTTP/2.0" 404 29924 "https://www.alliancerealty.nb.ca/" "Mozilla/5.0 (Macintosh; Intel Mac OS X 10_15_7) AppleWebKit/605.1.15 (KHTML, like Gecko) Version/17.14 Safari/605.1.15"
174.118.58.66 - - [20/Jun/2026:10:05:37 -0400] "GET /?lg=en HTTP/2.0" 200 - "-" "Mozilla/5.0 (Macintosh; Intel Mac OS X 10_15_7) AppleWebKit/605.1.15 (KHTML, like Gecko)"
174.118.33.127 - - [20/Jun/2026:10:05:38 -0400] "GET / HTTP/2.0" 200 38005 "https://www.google.com/" "Mozilla/5.0 (Macintosh; Intel Mac OS X 10_15_7) AppleWebKit/605.1.15 (KHTML, like Gecko) Version/17.14 Safari/605.1.15"
174.118.33.127 - - [20/Jun/2026:10:05:41 -0400] "POST /wp-admin/admin-ajax.php HTTP/2.0" 200 270 "https://www.alliancerealty.nb.ca/" "Mozilla/5.0 (Macintosh; Intel Mac OS X 10_15_7) AppleWebKit/605.1.15 (KHTML, like Gecko) Version/17.14 Safari/605.1.15"
174.118.33.127 - - [20/Jun/2026:10:05:41 -0400] "POST / HTTP/2.0" 200 41 "https://www.alliancerealty.nb.ca/" "Mozilla/5.0 (Macintosh; Intel Mac OS X 10_15_7) AppleWebKit/605.1.15 (KHTML, like Gecko) Version/17.14 Safari/605.1.15"
174.118.33.127 - - [20/Jun/2026:10:05:42 -0400] "GET /wp-content/uploads/WPL/1176/thpler_360x240.php HTTP/2.0" 404 29923 "https://www.alliancerealty.nb.ca/" "Mozilla/5.0 (Macintosh; Intel Mac OS X 10_15_7) AppleWebKit/605.1.15 (KHTML, like Gecko) Version/17.14 Safari/605.1.15"
174.118.33.127 - - [20/Jun/2026:10:05:42 -0400] "GET /wp-content/uploads/WPL/1174/thanakemas_360x240.php HTTP/2.0" 404 29923 "https://www.alliancerealty.nb.ca/" "Mozilla/5.0 (Macintosh; Intel Mac OS X 10_15_7) AppleWebKit/605.1.15 (KHTML, like Gecko) Version/17.14 Safari/605.1.15"
174.118.33.127 - - [20/Jun/2026:10:05:43 -0400] "GET /wp-content/uploads/WPL/1173/thanakemas_360x240.php HTTP/2.0" 404 29923 "https://www.alliancerealty.nb.ca/" "Mozilla/5.0 (Macintosh; Intel Mac OS X 10_15_7) AppleWebKit/605.1.15 (KHTML, like Gecko) Version/17.14 Safari/605.1.15"
174.118.33.127 - - [20/Jun/2026:10:05:42 -0400] "GET /wp-content/uploads/WPL/1175/thpler_360x240.php HTTP/2.0" 404 29924 "https://www.alliancerealty.nb.ca/" "Mozilla/5.0 (Macintosh; Intel Mac OS X 10_15_7) AppleWebKit/605.1.15 (KHTML, like Gecko) Version/17.14 Safari/605.1.15"
174.118.33.127 - - [20/Jun/2026:10:05:43 -0400] "GET /wp-content/uploads/WPL/1171/thhrx_360x240.php HTTP/2.0" 404 29924 "https://www.alliancerealty.nb.ca/" "Mozilla/5.0 (Macintosh; Intel Mac OS X 10_15_7) AppleWebKit/605.1.15 (KHTML, like Gecko) Version/17.14 Safari/605.1.15"
174.118.33.127 - - [20/Jun/2026:10:05:43 -0400] "GET /wp-content/uploads/WPL/1172/thhrx_360x240.php HTTP/2.0" 404 29923 "https://www.alliancerealty.nb.ca/" "Mozilla/5.0 (Macintosh; Intel Mac OS X 10_15_7) AppleWebKit/605.1.15 (KHTML, like Gecko) Version/17.14 Safari/605.1.15"
112.86.225.157 - - [20/Jun/2026:10:04:34 -0400] "GET /en/properties/1090-25-rue-Parc-PTiso/ HTTP/1.1" 200 174194 "-" "Sogou web spider/4.0(+http://www.sogou.com/docs/help/webmasters.htm#07)"
174.118.33.127 - - [20/Jun/2026:10:05:44 -0400] "GET /wp-content/uploads/WPL/1169/thnx10_360x240.php HTTP/2.0" 404 29924 "https://www.alliancerealty.nb.ca/" "Mozilla/5.0 (Macintosh; Intel Mac OS X 10_15_7) AppleWebKit/605.1.15 (KHTML, like Gecko) Version/17.14 Safari/605.1.15"
174.118.33.127 - - [20/Jun/2026:10:05:44 -0400] "GET /wp-content/uploads/WPL/1168/thnx10_360x240.php HTTP/2.0" 404 29923 "https://www.alliancerealty.nb.ca/" "Mozilla/5.0 (Macintosh; Intel Mac OS X 10_15_7) AppleWebKit/605.1.15 (KHTML, like Gecko) Version/17.14 Safari/605.1.15"
112.86.225.157 - - [20/Jun/2026:10:05:44 -0400] "GET /en/properties/1090-25-rue-Parc-PTiso/ HTTP/1.1" 200 174194 "-" "Sogou web spider/4.0(+http://www.sogou.com/docs/help/webmasters.htm#07)"
174.118.33.127 - - [20/Jun/2026:10:05:44 -0400] "GET /wp-content/uploads/WPL/1170/thNx3_360x240.php HTTP/2.0" 404 29923 "https://www.alliancerealty.nb.ca/" "Mozilla/5.0 (Macintosh; Intel Mac OS X 10_15_7) AppleWebKit/605.1.15 (KHTML, like Gecko) Version/17.14 Safari/605.1.15"
174.118.33.127 - - [20/Jun/2026:10:05:48 -0400] "GET /wp-content/uploads/WPL/1165/thNx4_360x240.php HTTP/2.0" 404 29923 "https://www.alliancerealty.nb.ca/" "Mozilla/5.0 (Macintosh; Intel Mac OS X 10_15_7) AppleWebKit/605.1.15 (KHTML, like Gecko) Version/17.14 Safari/605.1.15"
174.118.33.127 - - [20/Jun/2026:10:05:48 -0400] "GET /wp-content/uploads/WPL/1167/thNx4_360x240.php HTTP/2.0" 404 29922 "https://www.alliancerealty.nb.ca/" "Mozilla/5.0 (Macintosh; Intel Mac OS X 10_15_7) AppleWebKit/605.1.15 (KHTML, like Gecko) Version/17.14 Safari/605.1.15"
174.118.33.127 - - [20/Jun/2026:10:05:48 -0400] "GET /wp-content/uploads/WPL/1166/thNx4_360x240.php HTTP/2.0" 404 29924 "https://www.alliancerealty.nb.ca/" "Mozilla/5.0 (Macintosh; Intel Mac OS X 10_15_7) AppleWebKit/605.1.15 (KHTML, like Gecko) Version/17.14 Safari/605.1.15"
66.249.69.66 - - [20/Jun/2026:10:05:52 -0400] "GET /wp-content/plugins/real-estate-listing-realtyna-wpl-pro/libraries/page_builders/divi/styles/style.min.css HTTP/1.1" 200 1 "https://www.alliancerealty.nb.ca/en/properties/1165-%C3%80-vendre/" "Mozilla/5.0 (Linux; Android 6.0.1; Nexus 5X Build/MMB29P) AppleWebKit/537.36 (KHTML, like Gecko) Chrome/148.0.7778.96 Mobile Safari/537.36 (compatible; GoogleOther)"
66.249.69.66 - - [20/Jun/2026:10:05:52 -0400] "GET /robots.txt HTTP/1.1" 200 55 "-" "Mozilla/5.0 (compatible; Googlebot/2.1; +http://www.google.com/bot.html)"
66.249.69.65 - - [20/Jun/2026:10:05:54 -0400] "GET /wp-content/plugins/realtypress-premium/public/templates/default/css/styles.css?ver=1.9.6 HTTP/1.1" 200 5414 "https://www.alliancerealty.nb.ca/en/properties/1165-%C3%80-vendre/" "Mozilla/5.0 (Linux; Android 6.0.1; Nexus 5X Build/MMB29P) AppleWebKit/537.36 (KHTML, like Gecko) Chrome/148.0.7778.96 Mobile Safari/537.36 (compatible; GoogleOther)"
66.249.69.66 - - [20/Jun/2026:10:05:56 -0400] "GET /wp-content/plugins/testimonial-free/public/assets/css/font-awesome.min.css?ver=2.4.1 HTTP/1.1" 200 6294 "https://www.alliancerealty.nb.ca/en/properties/1165-%C3%80-vendre/" "Mozilla/5.0 (Linux; Android 6.0.1; Nexus 5X Build/MMB29P) AppleWebKit/537.36 (KHTML, like Gecko) Chrome/148.0.7778.96 Mobile Safari/537.36 (compatible; GoogleOther)"
66.249.69.66 - - [20/Jun/2026:10:05:58 -0400] "GET /wp-content/uploads/2020/11/Alliance_Realty_Logo.svg HTTP/1.1" 200 9815 "https://www.alliancerealty.nb.ca/en/properties/1165-%C3%80-vendre/" "Mozilla/5.0 (Linux; Android 6.0.1; Nexus 5X Build/MMB29P) AppleWebKit/537.36 (KHTML, like Gecko) Chrome/148.0.7778.96 Mobile Safari/537.36 (compatible; GoogleOther)"
66.249.69.65 - - [20/Jun/2026:10:06:01 -0400] "GET /wp-content/plugins/realtypress-premium/public/third-party/leaflet-plugins/history/leaflet-history.css?ver=1.9.6 HTTP/1.1" 200 158 "https://www.alliancerealty.nb.ca/en/properties/1165-%C3%80-vendre/" "Mozilla/5.0 (Linux; Android 6.0.1; Nexus 5X Build/MMB29P) AppleWebKit/537.36 (KHTML, like Gecko) Chrome/148.0.7778.96 Mobile Safari/537.36 (compatible; GoogleOther)"
66.249.69.66 - - [20/Jun/2026:10:06:03 -0400] "GET /wp-content/plugins/honeypot/includes/css/wpa.css?ver=2.1.13 HTTP/1.1" 200 241 "https://www.alliancerealty.nb.ca/en/properties/1165-%C3%80-vendre/" "Mozilla/5.0 (Linux; Android 6.0.1; Nexus 5X Build/MMB29P) AppleWebKit/537.36 (KHTML, like Gecko) Chrome/148.0.7778.96 Mobile Safari/537.36 (compatible; GoogleOther)"
66.249.69.65 - - [20/Jun/2026:10:06:06 -0400] "GET /wp-includes/js/jquery/ui/core.min.js?ver=1.12.1 HTTP/1.1" 200 6596 "https://www.alliancerealty.nb.ca/en/properties/1165-%C3%80-vendre/" "Mozilla/5.0 (Linux; Android 6.0.1; Nexus 5X Build/MMB29P) AppleWebKit/537.36 (KHTML, like Gecko) Chrome/148.0.7778.96 Mobile Safari/537.36 (compatible; GoogleOther)"
66.249.69.65 - - [20/Jun/2026:10:06:08 -0400] "GET /wp-content/plugins/real-estate-listing-realtyna-wpl-pro/assets/js/libraries/realtyna/realtyna.js?ver=5.8.13 HTTP/1.1" 200 37406 "https://www.alliancerealty.nb.ca/en/properties/1165-%C3%80-vendre/" "Mozilla/5.0 (Linux; Android 6.0.1; Nexus 5X Build/MMB29P) AppleWebKit/537.36 (KHTML, like Gecko) Chrome/148.0.7778.96 Mobile Safari/537.36 (compatible; GoogleOther)"
66.249.69.65 - - [20/Jun/2026:10:06:10 -0400] "GET /wp-content/plugins/real-estate-listing-realtyna-wpl-pro/assets/packages/light_slider/js/lightslider.min.js?ver=5.8.13 HTTP/1.1" 200 8406 "https://www.alliancerealty.nb.ca/en/properties/1165-%C3%80-vendre/" "Mozilla/5.0 (Linux; Android 6.0.1; Nexus 5X Build/MMB29P) AppleWebKit/537.36 (KHTML, like Gecko) Chrome/148.0.7778.96 Mobile Safari/537.36 (compatible; GoogleOther)"
66.249.69.65 - - [20/Jun/2026:10:06:13 -0400] "GET /wp-includes/js/jquery/ui/sortable.min.js?ver=1.12.1 HTTP/1.1" 200 6218 "https://www.alliancerealty.nb.ca/en/properties/1165-%C3%80-vendre/" "Mozilla/5.0 (Linux; Android 6.0.1; Nexus 5X Build/MMB29P) AppleWebKit/537.36 (KHTML, like Gecko) Chrome/148.0.7778.96 Mobile Safari/537.36 (compatible; GoogleOther)"
66.249.69.65 - - [20/Jun/2026:10:06:15 -0400] "POST /wp-admin/admin-ajax.php HTTP/1.1" 200 267 "https://www.alliancerealty.nb.ca/en/properties/1165-%C3%80-vendre/" "Mozilla/5.0 (Linux; Android 6.0.1; Nexus 5X Build/MMB29P) AppleWebKit/537.36 (KHTML, like Gecko) Chrome/148.0.7778.96 Mobile Safari/537.36 (compatible; GoogleOther)"
66.249.69.65 - - [20/Jun/2026:10:06:18 -0400] "POST /en/properties/1165-%C3%80-vendre/ HTTP/1.1" 200 41 "https://www.alliancerealty.nb.ca/en/properties/1165-%C3%80-vendre/" "Mozilla/5.0 (Linux; Android 6.0.1; Nexus 5X Build/MMB29P) AppleWebKit/537.36 (KHTML, like Gecko) Chrome/148.0.7778.96 Mobile Safari/537.36 (compatible; GoogleOther)"
98.97.53.40 - - [20/Jun/2026:10:06:18 -0400] "GET /proprietes/1150-53-rue-Grondin/ HTTP/2.0" 200 - "https://www.alliancerealty.nb.ca/proprietes/?widget_id=2&kind=0&sf_select_field_3085=7&sf_unit_price=127&sf_min_price=0&sf_max_price=999999999999" "Mozilla/5.0 (iPhone; CPU iPhone OS 18_7 like Mac OS X) AppleWebKit/605.1.15 (KHTML, like Gecko) Version/26.5 Mobile/15E148 Safari/604.1"
98.97.53.40 - - [20/Jun/2026:10:06:20 -0400] "GET /proprietes/1150-53-rue-Grondin/ HTTP/2.0" 200 36159 "https://www.alliancerealty.nb.ca/proprietes/?widget_id=2&kind=0&sf_select_field_3085=7&sf_unit_price=127&sf_min_price=0&sf_max_price=999999999999" "Mozilla/5.0 (iPhone; CPU iPhone OS 18_7 like Mac OS X) AppleWebKit/605.1.15 (KHTML, like Gecko) Version/26.5 Mobile/15E148 Safari/604.1"
98.97.53.40 - - [20/Jun/2026:10:06:23 -0400] "GET /wp-content/uploads/WPL/1150/thimg_53_rueGrondin1Ext_1140x760.jpg HTTP/2.0" 200 241410 "https://www.alliancerealty.nb.ca/proprietes/1150-53-rue-Grondin/" "Mozilla/5.0 (iPhone; CPU iPhone OS 18_7 like Mac OS X) AppleWebKit/605.1.15 (KHTML, like Gecko) Version/26.5 Mobile/15E148 Safari/604.1"
98.97.53.40 - - [20/Jun/2026:10:06:23 -0400] "GET /wp-content/uploads/WPL/1150/thimg_53_rueGrondin2SalonNEW_1140x760.jpg HTTP/2.0" 200 309124 "https://www.alliancerealty.nb.ca/proprietes/1150-53-rue-Grondin/" "Mozilla/5.0 (iPhone; CPU iPhone OS 18_7 like Mac OS X) AppleWebKit/605.1.15 (KHTML, like Gecko) Version/26.5 Mobile/15E148 Safari/604.1"
98.97.53.40 - - [20/Jun/2026:10:06:23 -0400] "GET /wp-content/uploads/WPL/1150/thimg_53_rueGrondin8Lot_1140x760.jpg HTTP/2.0" 200 94689 "https://www.alliancerealty.nb.ca/proprietes/1150-53-rue-Grondin/" "Mozilla/5.0 (iPhone; CPU iPhone OS 18_7 like Mac OS X) AppleWebKit/605.1.15 (KHTML, like Gecko) Version/26.5 Mobile/15E148 Safari/604.1"
98.97.53.40 - - [20/Jun/2026:10:06:23 -0400] "GET /wp-content/uploads/WPL/1150/thimg_53_rueGrondin7Garage_1140x760.jpg HTTP/2.0" 200 192997 "https://www.alliancerealty.nb.ca/proprietes/1150-53-rue-Grondin/" "Mozilla/5.0 (iPhone; CPU iPhone OS 18_7 like Mac OS X) AppleWebKit/605.1.15 (KHTML, like Gecko) Version/26.5 Mobile/15E148 Safari/604.1"
98.97.53.40 - - [20/Jun/2026:10:06:23 -0400] "GET /wp-content/uploads/WPL/1150/thimg_53_rueGrondin8Lot1_1140x760.jpg HTTP/2.0" 200 192949 "https://www.alliancerealty.nb.ca/proprietes/1150-53-rue-Grondin/" "Mozilla/5.0 (iPhone; CPU iPhone OS 18_7 like Mac OS X) AppleWebKit/605.1.15 (KHTML, like Gecko) Version/26.5 Mobile/15E148 Safari/604.1"
98.97.53.40 - - [20/Jun/2026:10:06:23 -0400] "GET /wp-content/uploads/WPL/1150/thimg_53_rueGrondin6Sousol_1140x760.jpg HTTP/2.0" 200 209490 "https://www.alliancerealty.nb.ca/proprietes/1150-53-rue-Grondin/" "Mozilla/5.0 (iPhone; CPU iPhone OS 18_7 like Mac OS X) AppleWebKit/605.1.15 (KHTML, like Gecko) Version/26.5 Mobile/15E148 Safari/604.1"
98.97.53.40 - - [20/Jun/2026:10:06:23 -0400] "GET /wp-content/uploads/WPL/1150/thimg_53_rueGrondin6Sousol1_1140x760.jpg HTTP/2.0" 200 234134 "https://www.alliancerealty.nb.ca/proprietes/1150-53-rue-Grondin/" "Mozilla/5.0 (iPhone; CPU iPhone OS 18_7 like Mac OS X) AppleWebKit/605.1.15 (KHTML, like Gecko) Version/26.5 Mobile/15E148 Safari/604.1"
98.97.53.40 - - [20/Jun/2026:10:06:23 -0400] "GET /wp-content/uploads/WPL/1150/thimg_53_rueGrondin5Sallebain_1140x760.jpg HTTP/2.0" 200 275702 "https://www.alliancerealty.nb.ca/proprietes/1150-53-rue-Grondin/" "Mozilla/5.0 (iPhone; CPU iPhone OS 18_7 like Mac OS X) AppleWebKit/605.1.15 (KHTML, like Gecko) Version/26.5 Mobile/15E148 Safari/604.1"
98.97.53.40 - - [20/Jun/2026:10:06:23 -0400] "GET /wp-content/uploads/WPL/1150/thimg_53_rueGrondin4Chambre1_1140x760.jpg HTTP/2.0" 200 279309 "https://www.alliancerealty.nb.ca/proprietes/1150-53-rue-Grondin/" "Mozilla/5.0 (iPhone; CPU iPhone OS 18_7 like Mac OS X) AppleWebKit/605.1.15 (KHTML, like Gecko) Version/26.5 Mobile/15E148 Safari/604.1"
98.97.53.40 - - [20/Jun/2026:10:06:23 -0400] "GET /wp-content/uploads/WPL/1150/thimg_53_rueGrondin3Cuisine_1140x760.jpg HTTP/2.0" 200 289765 "https://www.alliancerealty.nb.ca/proprietes/1150-53-rue-Grondin/" "Mozilla/5.0 (iPhone; CPU iPhone OS 18_7 like Mac OS X) AppleWebKit/605.1.15 (KHTML, like Gecko) Version/26.5 Mobile/15E148 Safari/604.1"
98.97.53.40 - - [20/Jun/2026:10:06:23 -0400] "GET /wp-content/uploads/WPL/1150/thimg_53_rueGrondin4Chambre_1140x760.jpg HTTP/2.0" 200 328720 "https://www.alliancerealty.nb.ca/proprietes/1150-53-rue-Grondin/" "Mozilla/5.0 (iPhone; CPU iPhone OS 18_7 like Mac OS X) AppleWebKit/605.1.15 (KHTML, like Gecko) Version/26.5 Mobile/15E148 Safari/604.1"
98.97.53.40 - - [20/Jun/2026:10:06:25 -0400] "GET /wp-content/uploads/WPL/1150/thimg_53_rueGrondin1Ext_160x80.jpg HTTP/2.0" 200 8159 "https://www.alliancerealty.nb.ca/proprietes/1150-53-rue-Grondin/" "Mozilla/5.0 (iPhone; CPU iPhone OS 18_7 like Mac OS X) AppleWebKit/605.1.15 (KHTML, like Gecko) Version/26.5 Mobile/15E148 Safari/604.1"
98.97.53.40 - - [20/Jun/2026:10:06:25 -0400] "GET /wp-content/uploads/WPL/1150/thimg_53_rueGrondin3Cuisine_160x80.jpg HTTP/2.0" 200 8204 "https://www.alliancerealty.nb.ca/proprietes/1150-53-rue-Grondin/" "Mozilla/5.0 (iPhone; CPU iPhone OS 18_7 like Mac OS X) AppleWebKit/605.1.15 (KHTML, like Gecko) Version/26.5 Mobile/15E148 Safari/604.1"
98.97.53.40 - - [20/Jun/2026:10:06:25 -0400] "GET /wp-content/uploads/WPL/1150/thimg_53_rueGrondin4Chambre_160x80.jpg HTTP/2.0" 200 8411 "https://www.alliancerealty.nb.ca/proprietes/1150-53-rue-Grondin/" "Mozilla/5.0 (iPhone; CPU iPhone OS 18_7 like Mac OS X) AppleWebKit/605.1.15 (KHTML, like Gecko) Version/26.5 Mobile/15E148 Safari/604.1"
98.97.53.40 - - [20/Jun/2026:10:06:25 -0400] "GET /wp-content/uploads/WPL/1150/thimg_53_rueGrondin5Sallebain_160x80.jpg HTTP/2.0" 200 7119 "https://www.alliancerealty.nb.ca/proprietes/1150-53-rue-Grondin/" "Mozilla/5.0 (iPhone; CPU iPhone OS 18_7 like Mac OS X) AppleWebKit/605.1.15 (KHTML, like Gecko) Version/26.5 Mobile/15E148 Safari/604.1"
98.97.53.40 - - [20/Jun/2026:10:06:25 -0400] "GET /wp-content/uploads/WPL/1150/thimg_53_rueGrondin2SalonNEW_160x80.jpg HTTP/2.0" 200 8785 "https://www.alliancerealty.nb.ca/proprietes/1150-53-rue-Grondin/" "Mozilla/5.0 (iPhone; CPU iPhone OS 18_7 like Mac OS X) AppleWebKit/605.1.15 (KHTML, like Gecko) Version/26.5 Mobile/15E148 Safari/604.1"
98.97.53.40 - - [20/Jun/2026:10:06:25 -0400] "GET /wp-content/uploads/WPL/1150/thimg_53_rueGrondin7Garage_160x80.jpg HTTP/2.0" 200 5475 "https://www.alliancerealty.nb.ca/proprietes/1150-53-rue-Grondin/" "Mozilla/5.0 (iPhone; CPU iPhone OS 18_7 like Mac OS X) AppleWebKit/605.1.15 (KHTML, like Gecko) Version/26.5 Mobile/15E148 Safari/604.1"
98.97.53.40 - - [20/Jun/2026:10:06:25 -0400] "GET /wp-content/uploads/WPL/1150/thimg_53_rueGrondin6Sousol1_160x80.jpg HTTP/2.0" 200 7692 "https://www.alliancerealty.nb.ca/proprietes/1150-53-rue-Grondin/" "Mozilla/5.0 (iPhone; CPU iPhone OS 18_7 like Mac OS X) AppleWebKit/605.1.15 (KHTML, like Gecko) Version/26.5 Mobile/15E148 Safari/604.1"
98.97.53.40 - - [20/Jun/2026:10:06:25 -0400] "GET /wp-content/uploads/WPL/1150/thimg_53_rueGrondin6Sousol_160x80.jpg HTTP/2.0" 200 6004 "https://www.alliancerealty.nb.ca/proprietes/1150-53-rue-Grondin/" "Mozilla/5.0 (iPhone; CPU iPhone OS 18_7 like Mac OS X) AppleWebKit/605.1.15 (KHTML, like Gecko) Version/26.5 Mobile/15E148 Safari/604.1"
98.97.53.40 - - [20/Jun/2026:10:06:25 -0400] "GET /wp-content/uploads/WPL/1150/thimg_53_rueGrondin4Chambre1_160x80.jpg HTTP/2.0" 200 7980 "https://www.alliancerealty.nb.ca/proprietes/1150-53-rue-Grondin/" "Mozilla/5.0 (iPhone; CPU iPhone OS 18_7 like Mac OS X) AppleWebKit/605.1.15 (KHTML, like Gecko) Version/26.5 Mobile/15E148 Safari/604.1"
98.97.53.40 - - [20/Jun/2026:10:06:25 -0400] "GET /wp-content/uploads/WPL/1150/thimg_53_rueGrondin8Lot1_160x80.jpg HTTP/2.0" 200 8332 "https://www.alliancerealty.nb.ca/proprietes/1150-53-rue-Grondin/" "Mozilla/5.0 (iPhone; CPU iPhone OS 18_7 like Mac OS X) AppleWebKit/605.1.15 (KHTML, like Gecko) Version/26.5 Mobile/15E148 Safari/604.1"
98.97.53.40 - - [20/Jun/2026:10:06:25 -0400] "GET /wp-content/uploads/WPL/1150/thimg_53_rueGrondin8Lot_160x80.jpg HTTP/2.0" 200 5180 "https://www.alliancerealty.nb.ca/proprietes/1150-53-rue-Grondin/" "Mozilla/5.0 (iPhone; CPU iPhone OS 18_7 like Mac OS X) AppleWebKit/605.1.15 (KHTML, like Gecko) Version/26.5 Mobile/15E148 Safari/604.1"
98.97.53.40 - - [20/Jun/2026:10:06:25 -0400] "POST /proprietes/1150-53-rue-Grondin/ HTTP/2.0" 200 41 "https://www.alliancerealty.nb.ca/proprietes/1150-53-rue-Grondin/" "Mozilla/5.0 (iPhone; CPU iPhone OS 18_7 like Mac OS X) AppleWebKit/605.1.15 (KHTML, like Gecko) Version/26.5 Mobile/15E148 Safari/604.1"
98.97.53.40 - - [20/Jun/2026:10:06:23 -0400] "POST /wp-admin/admin-ajax.php HTTP/2.0" 200 261 "https://www.alliancerealty.nb.ca/proprietes/1150-53-rue-Grondin/" "Mozilla/5.0 (iPhone; CPU iPhone OS 18_7 like Mac OS X) AppleWebKit/605.1.15 (KHTML, like Gecko) Version/26.5 Mobile/15E148 Safari/604.1"
216.73.217.47 - - [20/Jun/2026:10:06:28 -0400] "GET /listing/page/54/?view=grid HTTP/2.0" 200 32698 "-" "Mozilla/5.0 AppleWebKit/537.36 (KHTML, like Gecko; compatible; ClaudeBot/1.0; +claudebot@anthropic.com)"
216.73.217.47 - - [20/Jun/2026:10:06:28 -0400] "GET /wp-content/uploads/WPL/1162/thshell_360x240.php HTTP/2.0" 404 29921 "-" "Mozilla/5.0 AppleWebKit/537.36 (KHTML, like Gecko; compatible; ClaudeBot/1.0; +claudebot@anthropic.com)"
98.97.53.40 - - [20/Jun/2026:10:06:35 -0400] "GET /proprietes/?widget_id=2&kind=0&sf_select_field_3085=7&sf_unit_price=127&sf_min_price=0&sf_max_price=999999999999 HTTP/2.0" 200 - "https://www.alliancerealty.nb.ca/proprietes/" "Mozilla/5.0 (iPhone; CPU iPhone OS 18_7 like Mac OS X) AppleWebKit/605.1.15 (KHTML, like Gecko) Version/26.5 Mobile/15E148 Safari/604.1"
98.97.53.40 - - [20/Jun/2026:10:06:36 -0400] "GET /proprietes/ HTTP/2.0" 200 38346 "https://www.google.com/" "Mozilla/5.0 (iPhone; CPU iPhone OS 18_7 like Mac OS X) AppleWebKit/605.1.15 (KHTML, like Gecko) Version/26.5 Mobile/15E148 Safari/604.1"
216.73.217.47 - - [20/Jun/2026:10:06:40 -0400] "GET /wp-content/uploads/WPL/1158/thNx2_360x240.php HTTP/2.0" 404 29920 "-" "Mozilla/5.0 AppleWebKit/537.36 (KHTML, like Gecko; compatible; ClaudeBot/1.0; +claudebot@anthropic.com)"
216.73.217.47 - - [20/Jun/2026:10:06:49 -0400] "GET /listing/page/53?paged=1&posts_per_page=48&view=list HTTP/2.0" 301 1 "-" "Mozilla/5.0 AppleWebKit/537.36 (KHTML, like Gecko; compatible; ClaudeBot/1.0; +claudebot@anthropic.com)"
216.73.217.47 - - [20/Jun/2026:10:06:51 -0400] "GET /listing/?posts_per_page=48&view=list HTTP/2.0" 200 48721 "https://www.alliancerealty.nb.ca/listing/page/53?paged=1&posts_per_page=48&view=list" "Mozilla/5.0 AppleWebKit/537.36 (KHTML, like Gecko; compatible; ClaudeBot/1.0; +claudebot@anthropic.com)"
121.229.156.70 - - [20/Jun/2026:10:07:18 -0400] "GET /listing/lot-33-rue-de-la-falaie-edmundston-new-brunswick-e3v-0g8-24942916/ HTTP/1.1" 200 220549 "-" "Sogou web spider/4.0(+http://www.sogou.com/docs/help/webmasters.htm#07)"
121.229.156.70 - - [20/Jun/2026:10:07:53 -0400] "GET /listing/lot-33-rue-de-la-falaie-edmundston-new-brunswick-e3v-0g8-24942916/ HTTP/1.1" 200 220549 "-" "Sogou web spider/4.0(+http://www.sogou.com/docs/help/webmasters.htm#07)"
216.73.217.47 - - [20/Jun/2026:10:08:08 -0400] "GET /wp-content/uploads/WPL/1160/thNx3_360x240.php HTTP/2.0" 404 29921 "-" "Mozilla/5.0 AppleWebKit/537.36 (KHTML, like Gecko; compatible; ClaudeBot/1.0; +claudebot@anthropic.com)"
57.141.20.33 - - [20/Jun/2026:10:08:17 -0400] "GET /listing/8-des-plaines-avenue-edmundston-new-brunswick-e3v-4x4-29507167/ HTTP/2.0" 404 206615 "-" "meta-externalagent/1.1 (+https://developers.facebook.com/docs/sharing/webmasters/crawler)"
66.249.69.67 - - [20/Jun/2026:10:08:44 -0400] "GET /robots.txt HTTP/1.1" 200 55 "-" "Mozilla/5.0 (compatible; Googlebot/2.1; +http://www.google.com/bot.html)"
66.249.69.65 - - [20/Jun/2026:10:08:44 -0400] "GET /inscriptions-inter-agences/page/2/?wplview&input_agent_id&input_office_id&input_description&input_property_type&input_transaction_type&input_city&input_street_address&input_province&input_bedrooms&input_bedrooms_max=10&input_baths&input_baths_max=10&input_price&input_price_max=1000000&input_neighbourhood&input_community_name&input_sub_division&input_postal_code&input_building_type&input_business_type&input_mls&input_construction_style&view=list&num_columns=12%2C4%2C4&max_results&posts_per_page=48 HTTP/1.1" 200 48412 "-" "Mozilla/5.0 (Linux; Android 6.0.1; Nexus 5X Build/MMB29P) AppleWebKit/537.36 (KHTML, like Gecko) Chrome/148.0.7778.96 Mobile Safari/537.36 (compatible; Googlebot/2.1; +http://www.google.com/bot.html)"
223.109.252.161 - - [20/Jun/2026:10:08:56 -0400] "GET /listing/41-albert-road-saint-jacques-new-brunswick-e7b-1z6-28855541/ HTTP/1.1" 404 206615 "-" "Sogou web spider/4.0(+http://www.sogou.com/docs/help/webmasters.htm#07)"
66.249.69.65 - - [20/Jun/2026:10:09:26 -0400] "GET /wp-includes/js/wp-embed.min.js?ver=5.8.13 HTTP/1.1" 200 703 "https://www.alliancerealty.nb.ca/inscriptions-inter-agences/page/2/?wplview&input_agent_id&input_office_id&input_description&input_property_type&input_transaction_type&input_city&input_street_address&input_province&input_bedrooms&input_bedrooms_max=10&input_baths&input_baths_max=10&input_price&input_price_max=1000000&input_neighbourhood&input_community_name&input_sub_division&input_postal_code&input_building_type&input_business_type&input_mls&input_construction_style&view=list&num_columns=12%2C4%2C4&max_results&posts_per_page=48" "Mozilla/5.0 (Linux; Android 6.0.1; Nexus 5X Build/MMB29P) AppleWebKit/537.36 (KHTML, like Gecko) Chrome/148.0.7778.96 Mobile Safari/537.36 (compatible; Googlebot/2.1; +http://www.google.com/bot.html)"
