47.55.227.3 - - [20/Jun/2026:11:08:55 -0400] "GET /wp-content/et-cache/22/et-divi-dynamic-tb-2408-22-late.css?ver=1780682545 HTTP/2.0" 304 - "https://www.alliancerealty.nb.ca/" "Mozilla/5.0 (Macintosh; Intel Mac OS X 10_15_7) AppleWebKit/605.1.15 (KHTML, like Gecko) Version/16.6.1 Safari/605.1.15"
47.55.227.3 - - [20/Jun/2026:11:08:55 -0400] "GET /wp-content/uploads/WPL/1130/thimg_432_isid-bouc1Ext_360x240.jpg HTTP/2.0" 304 - "https://www.alliancerealty.nb.ca/" "Mozilla/5.0 (Macintosh; Intel Mac OS X 10_15_7) AppleWebKit/605.1.15 (KHTML, like Gecko) Version/16.6.1 Safari/605.1.15"
47.55.227.3 - - [20/Jun/2026:11:08:55 -0400] "GET /wp-content/et-cache/22/et-core-unified-tb-2408-deferred-22.min.css?ver=1780682547 HTTP/2.0" 304 - "https://www.alliancerealty.nb.ca/" "Mozilla/5.0 (Macintosh; Intel Mac OS X 10_15_7) AppleWebKit/605.1.15 (KHTML, like Gecko) Version/16.6.1 Safari/605.1.15"
47.55.227.3 - - [20/Jun/2026:11:08:55 -0400] "GET /wp-content/plugins/testimonial-free/public/assets/css/slick.css?ver=2.4.1 HTTP/2.0" 200 484 "https://www.alliancerealty.nb.ca/" "Mozilla/5.0 (Macintosh; Intel Mac OS X 10_15_7) AppleWebKit/605.1.15 (KHTML, like Gecko) Version/16.6.1 Safari/605.1.15"
47.55.227.3 - - [20/Jun/2026:11:08:55 -0400] "GET /wp-content/plugins/realtypress-premium/public/third-party/jrange/jquery.range.css?ver=1.9.6 HTTP/2.0" 200 752 "https://www.alliancerealty.nb.ca/" "Mozilla/5.0 (Macintosh; Intel Mac OS X 10_15_7) AppleWebKit/605.1.15 (KHTML, like Gecko) Version/16.6.1 Safari/605.1.15"
47.55.227.3 - - [20/Jun/2026:11:08:55 -0400] "GET /wp-content/plugins/realtypress-premium/public/templates/default/css/responsive.css?ver=1.9.6 HTTP/2.0" 200 553 "https://www.alliancerealty.nb.ca/" "Mozilla/5.0 (Macintosh; Intel Mac OS X 10_15_7) AppleWebKit/605.1.15 (KHTML, like Gecko) Version/16.6.1 Safari/605.1.15"
47.55.227.3 - - [20/Jun/2026:11:08:55 -0400] "GET /wp-content/plugins/realtypress-premium/public/third-party/leaflet-markercluster/js/leaflet.markercluster.js?ver=1.9.6 HTTP/2.0" 200 7317 "https://www.alliancerealty.nb.ca/" "Mozilla/5.0 (Macintosh; Intel Mac OS X 10_15_7) AppleWebKit/605.1.15 (KHTML, like Gecko) Version/16.6.1 Safari/605.1.15"
47.55.227.3 - - [20/Jun/2026:11:08:55 -0400] "GET /wp-content/uploads/2021/01/excl.jpg HTTP/2.0" 200 13261 "https://www.alliancerealty.nb.ca/" "Mozilla/5.0 (Macintosh; Intel Mac OS X 10_15_7) AppleWebKit/605.1.15 (KHTML, like Gecko) Version/16.6.1 Safari/605.1.15"
47.55.227.3 - - [20/Jun/2026:11:08:57 -0400] "POST / HTTP/2.0" 200 41 "https://www.alliancerealty.nb.ca/" "Mozilla/5.0 (Macintosh; Intel Mac OS X 10_15_7) AppleWebKit/605.1.15 (KHTML, like Gecko) Version/16.6.1 Safari/605.1.15"
47.55.227.3 - - [20/Jun/2026:11:08:57 -0400] "POST /wp-admin/admin-ajax.php HTTP/2.0" 200 263 "https://www.alliancerealty.nb.ca/" "Mozilla/5.0 (Macintosh; Intel Mac OS X 10_15_7) AppleWebKit/605.1.15 (KHTML, like Gecko) Version/16.6.1 Safari/605.1.15"
40.77.167.14 - - [20/Jun/2026:11:08:56 -0400] "GET /listing/15-leblond-street-edmundston-new-brunswick-e3v-4k9-28691402/ HTTP/2.0" 404 29817 "-" "Mozilla/5.0 AppleWebKit/537.36 (KHTML, like Gecko; compatible; bingbot/2.0; +http://www.bing.com/bingbot.htm) Chrome/116.0.1938.76 Safari/537.36"
47.55.227.3 - - [20/Jun/2026:11:08:59 -0400] "GET /wp-content/uploads/2020/12/cropped-favicon-32x32.gif HTTP/2.0" 200 138 "https://www.alliancerealty.nb.ca/" "Mozilla/5.0 (Macintosh; Intel Mac OS X 10_15_7) AppleWebKit/605.1.15 (KHTML, like Gecko) Version/16.6.1 Safari/605.1.15"
47.55.227.3 - - [20/Jun/2026:11:08:57 -0400] "GET /wp-content/uploads/WPL/1174/thanakemas_360x240.php HTTP/2.0" 404 29922 "https://www.alliancerealty.nb.ca/" "Mozilla/5.0 (Macintosh; Intel Mac OS X 10_15_7) AppleWebKit/605.1.15 (KHTML, like Gecko) Version/16.6.1 Safari/605.1.15"
47.55.227.3 - - [20/Jun/2026:11:08:57 -0400] "GET /wp-content/uploads/WPL/1172/thhrx_360x240.php HTTP/2.0" 404 29924 "https://www.alliancerealty.nb.ca/" "Mozilla/5.0 (Macintosh; Intel Mac OS X 10_15_7) AppleWebKit/605.1.15 (KHTML, like Gecko) Version/16.6.1 Safari/605.1.15"
47.55.227.3 - - [20/Jun/2026:11:08:58 -0400] "GET /wp-content/uploads/WPL/1170/thNx3_360x240.php HTTP/2.0" 404 29924 "https://www.alliancerealty.nb.ca/" "Mozilla/5.0 (Macintosh; Intel Mac OS X 10_15_7) AppleWebKit/605.1.15 (KHTML, like Gecko) Version/16.6.1 Safari/605.1.15"
47.55.227.3 - - [20/Jun/2026:11:08:57 -0400] "GET /wp-content/uploads/WPL/1171/thhrx_360x240.php HTTP/2.0" 404 29924 "https://www.alliancerealty.nb.ca/" "Mozilla/5.0 (Macintosh; Intel Mac OS X 10_15_7) AppleWebKit/605.1.15 (KHTML, like Gecko) Version/16.6.1 Safari/605.1.15"
47.55.227.3 - - [20/Jun/2026:11:08:57 -0400] "GET /wp-content/uploads/WPL/1173/thanakemas_360x240.php HTTP/2.0" 404 29923 "https://www.alliancerealty.nb.ca/" "Mozilla/5.0 (Macintosh; Intel Mac OS X 10_15_7) AppleWebKit/605.1.15 (KHTML, like Gecko) Version/16.6.1 Safari/605.1.15"
47.55.227.3 - - [20/Jun/2026:11:08:57 -0400] "GET /wp-content/uploads/WPL/1175/thpler_360x240.php HTTP/2.0" 404 29924 "https://www.alliancerealty.nb.ca/" "Mozilla/5.0 (Macintosh; Intel Mac OS X 10_15_7) AppleWebKit/605.1.15 (KHTML, like Gecko) Version/16.6.1 Safari/605.1.15"
47.55.227.3 - - [20/Jun/2026:11:08:57 -0400] "GET /wp-content/uploads/WPL/1176/thpler_360x240.php HTTP/2.0" 404 29924 "https://www.alliancerealty.nb.ca/" "Mozilla/5.0 (Macintosh; Intel Mac OS X 10_15_7) AppleWebKit/605.1.15 (KHTML, like Gecko) Version/16.6.1 Safari/605.1.15"
47.55.227.3 - - [20/Jun/2026:11:08:58 -0400] "GET /wp-content/uploads/WPL/1168/thnx10_360x240.php HTTP/2.0" 404 29923 "https://www.alliancerealty.nb.ca/" "Mozilla/5.0 (Macintosh; Intel Mac OS X 10_15_7) AppleWebKit/605.1.15 (KHTML, like Gecko) Version/16.6.1 Safari/605.1.15"
47.55.227.3 - - [20/Jun/2026:11:08:58 -0400] "GET /wp-content/uploads/WPL/1169/thnx10_360x240.php HTTP/2.0" 404 29923 "https://www.alliancerealty.nb.ca/" "Mozilla/5.0 (Macintosh; Intel Mac OS X 10_15_7) AppleWebKit/605.1.15 (KHTML, like Gecko) Version/16.6.1 Safari/605.1.15"
47.55.227.3 - - [20/Jun/2026:11:09:11 -0400] "GET /wp-content/uploads/WPL/1166/thNx4_360x240.php HTTP/2.0" 404 29924 "https://www.alliancerealty.nb.ca/" "Mozilla/5.0 (Macintosh; Intel Mac OS X 10_15_7) AppleWebKit/605.1.15 (KHTML, like Gecko) Version/16.6.1 Safari/605.1.15"
47.55.227.3 - - [20/Jun/2026:11:09:11 -0400] "GET /wp-content/uploads/WPL/1167/thNx4_360x240.php HTTP/2.0" 404 29923 "https://www.alliancerealty.nb.ca/" "Mozilla/5.0 (Macintosh; Intel Mac OS X 10_15_7) AppleWebKit/605.1.15 (KHTML, like Gecko) Version/16.6.1 Safari/605.1.15"
47.55.227.3 - - [20/Jun/2026:11:09:11 -0400] "GET /wp-content/uploads/WPL/1165/thNx4_360x240.php HTTP/2.0" 404 29922 "https://www.alliancerealty.nb.ca/" "Mozilla/5.0 (Macintosh; Intel Mac OS X 10_15_7) AppleWebKit/605.1.15 (KHTML, like Gecko) Version/16.6.1 Safari/605.1.15"
112.86.225.158 - - [20/Jun/2026:11:09:16 -0400] "GET /nos-ventes-confidentielles/ HTTP/1.1" 200 168605 "-" "Sogou web spider/4.0(+http://www.sogou.com/docs/help/webmasters.htm#07)"
47.55.227.3 - - [20/Jun/2026:11:09:33 -0400] "GET /proprietes-nouveautes/ HTTP/2.0" 200 36040 "https://www.alliancerealty.nb.ca/" "Mozilla/5.0 (Macintosh; Intel Mac OS X 10_15_7) AppleWebKit/605.1.15 (KHTML, like Gecko) Version/16.6.1 Safari/605.1.15"
47.55.227.3 - - [20/Jun/2026:11:09:35 -0400] "GET /wp-content/et-cache/1615/et-core-unified-1615.min.css?ver=1780683200 HTTP/2.0" 200 3181 "https://www.alliancerealty.nb.ca/proprietes-nouveautes/" "Mozilla/5.0 (Macintosh; Intel Mac OS X 10_15_7) AppleWebKit/605.1.15 (KHTML, like Gecko) Version/16.6.1 Safari/605.1.15"
47.55.227.3 - - [20/Jun/2026:11:09:35 -0400] "GET /wp-content/uploads/WPL/1150/thimg_53_rueGrondin1Ext_360x240.jpg HTTP/2.0" 200 39236 "https://www.alliancerealty.nb.ca/proprietes-nouveautes/" "Mozilla/5.0 (Macintosh; Intel Mac OS X 10_15_7) AppleWebKit/605.1.15 (KHTML, like Gecko) Version/16.6.1 Safari/605.1.15"
47.55.227.3 - - [20/Jun/2026:11:09:35 -0400] "GET /wp-content/uploads/WPL/1148/thimg_28Lynott_1ext_360x240.JPG HTTP/2.0" 200 35050 "https://www.alliancerealty.nb.ca/proprietes-nouveautes/" "Mozilla/5.0 (Macintosh; Intel Mac OS X 10_15_7) AppleWebKit/605.1.15 (KHTML, like Gecko) Version/16.6.1 Safari/605.1.15"
47.55.227.3 - - [20/Jun/2026:11:09:36 -0400] "POST /proprietes-nouveautes/ HTTP/2.0" 200 41 "https://www.alliancerealty.nb.ca/proprietes-nouveautes/" "Mozilla/5.0 (Macintosh; Intel Mac OS X 10_15_7) AppleWebKit/605.1.15 (KHTML, like Gecko) Version/16.6.1 Safari/605.1.15"
47.55.227.3 - - [20/Jun/2026:11:09:36 -0400] "POST /wp-admin/admin-ajax.php HTTP/2.0" 200 269 "https://www.alliancerealty.nb.ca/proprietes-nouveautes/" "Mozilla/5.0 (Macintosh; Intel Mac OS X 10_15_7) AppleWebKit/605.1.15 (KHTML, like Gecko) Version/16.6.1 Safari/605.1.15"
101.32.74.3 - - [20/Jun/2026:11:09:42 -0400] "GET /aboutus/info.cfm?house_id=3777&email=hermance@alliancerealty.nb.ca&lg=en HTTP/2.0" 301 1 "https://alliancerealty.nb.ca/aboutus/info.cfm?house_id=3777&email=hermance@alliancerealty.nb.ca&lg=en" "Mozilla/5.0 (Windows NT 10.0; Win64; x64) AppleWebKit/537.36 (KHTML, like Gecko) Chrome/101.0.4951.64 Safari/537.36 Edg/101.0.1210.47"
81.70.158.163 - - [20/Jun/2026:11:09:48 -0400] "GET /aboutus/info.cfm?house_id=3777&email=hermance@alliancerealty.nb.ca&lg=en HTTP/2.0" 404 29906 "https://www.alliancerealty.nb.ca/aboutus/info.cfm?house_id=3777&email=hermance@alliancerealty.nb.ca&lg=en" "Mozilla/5.0 (Windows NT 10.0; Win64; x64) AppleWebKit/537.36 (KHTML, like Gecko) Chrome/101.0.4951.64 Safari/537.36 Edg/101.0.1210.47"
47.55.227.3 - - [20/Jun/2026:11:09:58 -0400] "GET /inscriptions-inter-agences/ HTTP/2.0" 200 31081 "https://www.alliancerealty.nb.ca/proprietes-nouveautes/" "Mozilla/5.0 (Macintosh; Intel Mac OS X 10_15_7) AppleWebKit/605.1.15 (KHTML, like Gecko) Version/16.6.1 Safari/605.1.15"
47.55.227.3 - - [20/Jun/2026:11:10:00 -0400] "GET /wp-content/et-cache/3460/et-core-unified-3460.min.css?ver=1780682545 HTTP/2.0" 200 3181 "https://www.alliancerealty.nb.ca/inscriptions-inter-agences/" "Mozilla/5.0 (Macintosh; Intel Mac OS X 10_15_7) AppleWebKit/605.1.15 (KHTML, like Gecko) Version/16.6.1 Safari/605.1.15"
47.55.227.3 - - [20/Jun/2026:11:10:00 -0400] "GET /wp-content/plugins/realtypress-premium/public/templates/default/js/property-results.js?ver=1.9.6 HTTP/2.0" 200 4686 "https://www.alliancerealty.nb.ca/inscriptions-inter-agences/" "Mozilla/5.0 (Macintosh; Intel Mac OS X 10_15_7) AppleWebKit/605.1.15 (KHTML, like Gecko) Version/16.6.1 Safari/605.1.15"
47.55.227.3 - - [20/Jun/2026:11:10:00 -0400] "POST /wp-admin/admin-ajax.php HTTP/2.0" 200 270 "https://www.alliancerealty.nb.ca/inscriptions-inter-agences/" "Mozilla/5.0 (Macintosh; Intel Mac OS X 10_15_7) AppleWebKit/605.1.15 (KHTML, like Gecko) Version/16.6.1 Safari/605.1.15"
45.168.242.240 - - [20/Jun/2026:11:10:05 -0400] "GET /inscriptions-inter-agences/page/22/tel:18667351850 HTTP/1.1" 404 207318 "-" "Mozilla/5.0 (Windows NT 6.1; WOW64) AppleWebKit/537.36 (KHTML, like Gecko) Chrome/27.0.1453.93 Safari/537.36"
47.55.227.3 - - [20/Jun/2026:11:10:32 -0400] "GET /inscriptions-inter-agences/page/2/ HTTP/2.0" 200 31007 "https://www.alliancerealty.nb.ca/inscriptions-inter-agences/page/2/" "Mozilla/5.0 (Macintosh; Intel Mac OS X 10_15_7) AppleWebKit/605.1.15 (KHTML, like Gecko) Version/16.6.1 Safari/605.1.15"
47.55.227.3 - - [20/Jun/2026:11:11:11 -0400] "GET /inscriptions-inter-agences/page/3/ HTTP/2.0" 200 31071 "https://www.alliancerealty.nb.ca/inscriptions-inter-agences/page/3/" "Mozilla/5.0 (Macintosh; Intel Mac OS X 10_15_7) AppleWebKit/605.1.15 (KHTML, like Gecko) Version/16.6.1 Safari/605.1.15"
47.55.227.3 - - [20/Jun/2026:11:11:58 -0400] "GET /inscriptions-inter-agences/page/4/ HTTP/2.0" 200 31159 "https://www.alliancerealty.nb.ca/inscriptions-inter-agences/page/4/" "Mozilla/5.0 (Macintosh; Intel Mac OS X 10_15_7) AppleWebKit/605.1.15 (KHTML, like Gecko) Version/16.6.1 Safari/605.1.15"
213.171.208.62 - - [20/Jun/2026:11:12:12 -0400] "GET /wp-login.php HTTP/2.0" 200 2594 "-" "Mozilla/5.0 (Macintosh; Intel Mac OS X 10_15_7) AppleWebKit/537.36 (KHTML, like Gecko) Chrome/133.0.0.0 Safari/537.36 Edg/133.0.0.0"
213.171.208.62 - - [20/Jun/2026:11:12:14 -0400] "POST /wp-login.php HTTP/2.0" 200 2719 "https://www.alliancerealty.nb.ca/wp-login.php" "Mozilla/5.0 (Macintosh; Intel Mac OS X 10_15_7) AppleWebKit/537.36 (KHTML, like Gecko) Chrome/133.0.0.0 Safari/537.36 Edg/133.0.0.0"
88.168.7.227 - - [20/Jun/2026:11:12:21 -0400] "GET /listing/lot-7-de-la-tour-street-edmundston-new-brunswick-e3v-0g8-27677185/ HTTP/1.1" 404 206619 "-" "Mozilla/5.0 (Macintosh; Intel Mac OS X 11.7; rv:136.0) Gecko/20100101 Firefox/136.0"
47.55.227.3 - - [20/Jun/2026:11:12:23 -0400] "GET /inscriptions-inter-agences/page/5/ HTTP/2.0" 200 31168 "https://www.alliancerealty.nb.ca/inscriptions-inter-agences/page/5/" "Mozilla/5.0 (Macintosh; Intel Mac OS X 10_15_7) AppleWebKit/605.1.15 (KHTML, like Gecko) Version/16.6.1 Safari/605.1.15"
47.55.227.3 - - [20/Jun/2026:11:13:11 -0400] "GET /inscriptions-inter-agences/page/6/ HTTP/2.0" 200 31043 "https://www.alliancerealty.nb.ca/inscriptions-inter-agences/page/6/" "Mozilla/5.0 (Macintosh; Intel Mac OS X 10_15_7) AppleWebKit/605.1.15 (KHTML, like Gecko) Version/16.6.1 Safari/605.1.15"
223.109.255.167 - - [20/Jun/2026:11:13:00 -0400] "GET /inscriptions-inter-agences/page/18/ HTTP/1.1" 200 235516 "-" "Sogou web spider/4.0(+http://www.sogou.com/docs/help/webmasters.htm#07)"
47.55.227.3 - - [20/Jun/2026:11:13:30 -0400] "GET /listing/56-belisle-avenue-edmundston-new-brunswick-e3v-3w7-29278523/ HTTP/2.0" 200 33459 "https://www.alliancerealty.nb.ca/inscriptions-inter-agences/page/6/" "Mozilla/5.0 (Macintosh; Intel Mac OS X 10_15_7) AppleWebKit/605.1.15 (KHTML, like Gecko) Version/16.6.1 Safari/605.1.15"
47.55.227.3 - - [20/Jun/2026:11:13:32 -0400] "GET /wp-includes/css/dist/block-library/style.min.css?ver=5.8.13 HTTP/2.0" 200 9945 "https://www.alliancerealty.nb.ca/listing/56-belisle-avenue-edmundston-new-brunswick-e3v-3w7-29278523/" "Mozilla/5.0 (Macintosh; Intel Mac OS X 10_15_7) AppleWebKit/605.1.15 (KHTML, like Gecko) Version/16.6.1 Safari/605.1.15"
47.55.227.3 - - [20/Jun/2026:11:13:32 -0400] "GET /wp-content/et-cache/global/et-divi-customizer-global.min.css?ver=1780682423 HTTP/2.0" 200 4087 "https://www.alliancerealty.nb.ca/listing/56-belisle-avenue-edmundston-new-brunswick-e3v-3w7-29278523/" "Mozilla/5.0 (Macintosh; Intel Mac OS X 10_15_7) AppleWebKit/605.1.15 (KHTML, like Gecko) Version/16.6.1 Safari/605.1.15"
47.55.227.3 - - [20/Jun/2026:11:13:32 -0400] "GET /wp-content/themes/Divi/includes/builder/scripts/cpt-modules-wrapper.js?ver=4.10.8 HTTP/2.0" 200 625 "https://www.alliancerealty.nb.ca/listing/56-belisle-avenue-edmundston-new-brunswick-e3v-3w7-29278523/" "Mozilla/5.0 (Macintosh; Intel Mac OS X 10_15_7) AppleWebKit/605.1.15 (KHTML, like Gecko) Version/16.6.1 Safari/605.1.15"
47.55.227.3 - - [20/Jun/2026:11:13:32 -0400] "GET /wp-content/plugins/realtypress-premium/public/templates/default/js/property-single-view.js?ver=1.9.6 HTTP/2.0" 200 3412 "https://www.alliancerealty.nb.ca/listing/56-belisle-avenue-edmundston-new-brunswick-e3v-3w7-29278523/" "Mozilla/5.0 (Macintosh; Intel Mac OS X 10_15_7) AppleWebKit/605.1.15 (KHTML, like Gecko) Version/16.6.1 Safari/605.1.15"
47.55.227.3 - - [20/Jun/2026:11:13:33 -0400] "GET /wp-content/plugins/realtypress-premium/public/third-party/leaflet-0.7.3/js/images/marker-icon.png HTTP/2.0" 200 1747 "https://www.alliancerealty.nb.ca/listing/56-belisle-avenue-edmundston-new-brunswick-e3v-3w7-29278523/" "Mozilla/5.0 (Macintosh; Intel Mac OS X 10_15_7) AppleWebKit/605.1.15 (KHTML, like Gecko) Version/16.6.1 Safari/605.1.15"
47.55.227.3 - - [20/Jun/2026:11:13:33 -0400] "GET /wp-content/plugins/realtypress-premium/public/third-party/leaflet-0.7.3/js/images/marker-shadow.png HTTP/2.0" 200 797 "https://www.alliancerealty.nb.ca/listing/56-belisle-avenue-edmundston-new-brunswick-e3v-3w7-29278523/" "Mozilla/5.0 (Macintosh; Intel Mac OS X 10_15_7) AppleWebKit/605.1.15 (KHTML, like Gecko) Version/16.6.1 Safari/605.1.15"
47.55.227.3 - - [20/Jun/2026:11:13:33 -0400] "GET /wp-content/plugins/realtypress-premium/public/third-party/leaflet-0.7.3/images/layers.png HTTP/2.0" 200 1502 "https://www.alliancerealty.nb.ca/listing/56-belisle-avenue-edmundston-new-brunswick-e3v-3w7-29278523/" "Mozilla/5.0 (Macintosh; Intel Mac OS X 10_15_7) AppleWebKit/605.1.15 (KHTML, like Gecko) Version/16.6.1 Safari/605.1.15"
47.55.227.3 - - [20/Jun/2026:11:13:34 -0400] "GET /wp-content/plugins/realtypress-premium/public/third-party/bxslider/images/bx_loader.gif HTTP/2.0" 200 8581 "https://www.alliancerealty.nb.ca/listing/56-belisle-avenue-edmundston-new-brunswick-e3v-3w7-29278523/" "Mozilla/5.0 (Macintosh; Intel Mac OS X 10_15_7) AppleWebKit/605.1.15 (KHTML, like Gecko) Version/16.6.1 Safari/605.1.15"
47.55.227.3 - - [20/Jun/2026:11:13:34 -0400] "GET /wp-content/plugins/realtypress-premium/public/templates/default/img/slider-arrow-left-sm.png HTTP/2.0" 200 754 "https://www.alliancerealty.nb.ca/listing/56-belisle-avenue-edmundston-new-brunswick-e3v-3w7-29278523/" "Mozilla/5.0 (Macintosh; Intel Mac OS X 10_15_7) AppleWebKit/605.1.15 (KHTML, like Gecko) Version/16.6.1 Safari/605.1.15"
47.55.227.3 - - [20/Jun/2026:11:13:34 -0400] "GET /wp-content/plugins/realtypress-premium/public/templates/default/img/slider-arrow-right-sm.png HTTP/2.0" 200 746 "https://www.alliancerealty.nb.ca/listing/56-belisle-avenue-edmundston-new-brunswick-e3v-3w7-29278523/" "Mozilla/5.0 (Macintosh; Intel Mac OS X 10_15_7) AppleWebKit/605.1.15 (KHTML, like Gecko) Version/16.6.1 Safari/605.1.15"
47.55.227.3 - - [20/Jun/2026:11:13:33 -0400] "POST /wp-admin/admin-ajax.php HTTP/2.0" 200 262 "https://www.alliancerealty.nb.ca/listing/56-belisle-avenue-edmundston-new-brunswick-e3v-3w7-29278523/" "Mozilla/5.0 (Macintosh; Intel Mac OS X 10_15_7) AppleWebKit/605.1.15 (KHTML, like Gecko) Version/16.6.1 Safari/605.1.15"
47.128.119.189 - - [20/Jun/2026:11:13:33 -0400] "GET /en/listing/37-maillet-street-saint-basile-new-brunswick-e7c-2e4-27386999/ HTTP/2.0" 404 29710 "-" "Mozilla/5.0 (Linux; Android 5.0) AppleWebKit/537.36 (KHTML, like Gecko) Mobile Safari/537.36 (compatible; TikTokSpider; ttspider-feedback@tiktok.com)"
47.128.119.189 - - [20/Jun/2026:11:13:35 -0400] "GET /wp-content/plugins/real-estate-listing-realtyna-wpl-pro/libraries/page_builders/divi/styles/style.min.css HTTP/2.0" 200 1 "https://www.alliancerealty.nb.ca/en/listing/37-maillet-street-saint-basile-new-brunswick-e7c-2e4-27386999/" "Mozilla/5.0 (Linux; Android 5.0) AppleWebKit/537.36 (KHTML, like Gecko) Mobile Safari/537.36 (compatible; TikTokSpider; ttspider-feedback@tiktok.com)"
209.16.158.30 - - [20/Jun/2026:11:14:20 -0400] "GET /?et_check_mod_pagespeed=on HTTP/1.1" 200 21 "https://www.alliancerealty.nb.ca/?et_check_mod_pagespeed=on" "WordPress/5.8.13; https://www.alliancerealty.nb.ca"
187.49.186.239 - - [20/Jun/2026:11:14:19 -0400] "GET /aboutus/?lg=fr HTTP/1.1" 301 - "-" "Mozilla/5.0 (Windows NT 10.0; Win64; x64) AppleWebKit/537.36 (KHTML, like Gecko) Chrome/126.0.6478.182 Safari/537.36"
103.238.115.144 - - [20/Jun/2026:11:14:28 -0400] "GET /aboutus/?lg=fr HTTP/1.1" 404 207299 "-" "Mozilla/5.0 (Windows NT 10.0; Win64; x64) AppleWebKit/537.36 (KHTML, like Gecko) Chrome/126.0.6478.182 Safari/537.36"
64.225.121.94 - - [20/Jun/2026:11:15:19 -0400] "GET /wp-login.php HTTP/2.0" 200 2600 "-" "Mozilla/5.0 (Windows NT 10.0; Win64; x64) AppleWebKit/537.36 (KHTML, like Gecko) Chrome/120.0.0.0 Safari/537.36"
64.225.121.94 - - [20/Jun/2026:11:15:22 -0400] "GET /wp-login.php HTTP/2.0" 200 2594 "-" "Mozilla/5.0 (Windows NT 10.0; Win64; x64) AppleWebKit/537.36 (KHTML, like Gecko) Chrome/120.0.0.0 Safari/537.36"
64.225.121.94 - - [20/Jun/2026:11:15:22 -0400] "POST /wp-login.php HTTP/2.0" 200 2719 "https://www.alliancerealty.nb.ca/wp-login.php" "Mozilla/5.0 (Windows NT 10.0; Win64; x64) AppleWebKit/537.36 (KHTML, like Gecko) Chrome/120.0.0.0 Safari/537.36"
66.249.69.66 - - [20/Jun/2026:11:16:13 -0400] "GET /robots.txt HTTP/1.1" 200 55 "-" "Mozilla/5.0 (compatible; Googlebot/2.1; +http://www.google.com/bot.html)"
66.249.69.66 - - [20/Jun/2026:11:16:13 -0400] "GET /en/properties/1159-%C3%80-vendre/ HTTP/1.1" 200 32200 "-" "Mozilla/5.0 (Linux; Android 6.0.1; Nexus 5X Build/MMB29P) AppleWebKit/537.36 (KHTML, like Gecko) Chrome/148.0.7778.96 Mobile Safari/537.36 (compatible; Googlebot/2.1; +http://www.google.com/bot.html)"
66.249.69.65 - - [20/Jun/2026:11:16:28 -0400] "POST /en/properties/1159-%C3%80-vendre/ HTTP/1.1" 200 41 "https://www.alliancerealty.nb.ca/en/properties/1159-%C3%80-vendre/" "Mozilla/5.0 (Linux; Android 6.0.1; Nexus 5X Build/MMB29P) AppleWebKit/537.36 (KHTML, like Gecko) Chrome/148.0.7778.96 Mobile Safari/537.36 (compatible; Googlebot/2.1; +http://www.google.com/bot.html)"
47.55.227.3 - - [20/Jun/2026:11:16:54 -0400] "GET /inscriptions-inter-agences/page/6/ HTTP/2.0" 200 31043 "https://www.alliancerealty.nb.ca/proprietes-nouveautes/" "Mozilla/5.0 (Macintosh; Intel Mac OS X 10_15_7) AppleWebKit/605.1.15 (KHTML, like Gecko) Version/16.6.1 Safari/605.1.15"
47.55.227.3 - - [20/Jun/2026:11:16:57 -0400] "POST /wp-admin/admin-ajax.php HTTP/2.0" 200 264 "https://www.alliancerealty.nb.ca/inscriptions-inter-agences/page/6/" "Mozilla/5.0 (Macintosh; Intel Mac OS X 10_15_7) AppleWebKit/605.1.15 (KHTML, like Gecko) Version/16.6.1 Safari/605.1.15"
31.24.155.180 - - [20/Jun/2026:11:17:04 -0400] "GET /wp-login.php HTTP/2.0" 200 2601 "-" "Mozilla/5.0 (Macintosh; Intel Mac OS X 10_15_7) AppleWebKit/537.36 (KHTML, like Gecko) Chrome/133.0.0.0 Safari/537.36 Edg/133.0.0.0"
31.24.155.180 - - [20/Jun/2026:11:17:07 -0400] "POST /wp-login.php HTTP/2.0" 200 2724 "https://alliancerealty.nb.ca/wp-login.php" "Mozilla/5.0 (Macintosh; Intel Mac OS X 10_15_7) AppleWebKit/537.36 (KHTML, like Gecko) Chrome/133.0.0.0 Safari/537.36 Edg/133.0.0.0"
223.109.255.149 - - [20/Jun/2026:11:16:53 -0400] "GET /listing/71-48e-avenue-edmundston-new-brunswick-e3v-3e1-28882797/ HTTP/1.1" 200 254910 "-" "Sogou web spider/4.0(+http://www.sogou.com/docs/help/webmasters.htm#07)"
47.55.227.3 - - [20/Jun/2026:11:17:54 -0400] "GET /inscriptions-inter-agences/page/7/ HTTP/2.0" 200 31053 "https://www.alliancerealty.nb.ca/inscriptions-inter-agences/page/7/" "Mozilla/5.0 (Macintosh; Intel Mac OS X 10_15_7) AppleWebKit/605.1.15 (KHTML, like Gecko) Version/16.6.1 Safari/605.1.15"
114.119.153.169 - - [20/Jun/2026:11:18:11 -0400] "GET /listing/369-victoria-street-edmundston-new-brunswick-e3v-2k1-28750535/ HTTP/1.1" 404 29821 "https://www.alliancerealty.nb.ca/listing/369-victoria-street-edmundston-new-brunswick-e3v-2k1-28750535/" "Mozilla/5.0 (Linux; Android 7.0;) AppleWebKit/537.36 (HTML, like Gecko) Mobile Safari/537.36 (compatible; PetalBot;+https://webmaster.petalsearch.com/site/petalbot)"
114.119.153.112 - - [20/Jun/2026:11:18:16 -0400] "GET /en/listing/542-saint-francois-street-edmundston-new-brunswick-e3v-1g8-29917803/ HTTP/1.1" 200 34137 "https://www.alliancerealty.nb.ca/en/multiple-listing-services/" "Mozilla/5.0 (Linux; Android 7.0;) AppleWebKit/537.36 (HTML, like Gecko) Mobile Safari/537.36 (compatible; PetalBot;+https://webmaster.petalsearch.com/site/petalbot)"
43.157.175.122 - - [20/Jun/2026:11:18:48 -0400] "GET / HTTP/1.0" 301 - "-" "-"
57.129.69.52 - - [20/Jun/2026:11:18:57 -0400] "GET /en/properties/Hermance/ HTTP/1.1" 200 38912 "-" "Mozilla/5.0 (Windows NT 10.0; Win64; x64) AppleWebKit/537.36 (KHTML, like Gecko) Chrome/139.0.0.0 Safari/537.36"
151.80.133.111 - - [20/Jun/2026:11:18:59 -0400] "GET /proprietes/Hermance/?wplpage=2 HTTP/1.1" 200 38194 "-" "Mozilla/5.0 (Windows NT 10.0; Win64; x64) AppleWebKit/537.36 (KHTML, like Gecko) Chrome/139.0.0.0 Safari/537.36"
217.182.77.22 - - [20/Jun/2026:11:19:02 -0400] "GET /adminAR/files/PrintEn.php?pid=1148 HTTP/1.1" 200 1981 "-" "Mozilla/5.0 (Windows NT 10.0; Win64; x64) AppleWebKit/537.36 (KHTML, like Gecko) Chrome/139.0.0.0 Safari/537.36"
207.46.13.31 - - [20/Jun/2026:11:20:42 -0400] "GET /inscriptions-inter-agences/page/9?input_bedrooms_max=10&input_baths_max=10&input_price_max=1000000&view=map&num_columns=12%2C4%2C4&posts_per_page=12&paged=9 HTTP/2.0" 301 1 "-" "Mozilla/5.0 AppleWebKit/537.36 (KHTML, like Gecko; compatible; bingbot/2.0; +http://www.bing.com/bingbot.htm) Chrome/116.0.1938.76 Safari/537.36"
57.141.20.67 - - [20/Jun/2026:11:20:51 -0400] "GET /listing/27-rue-damours-edmundston-new-brunswick-e3v-1y1-29343443/ HTTP/2.0" 200 219317 "-" "meta-externalagent/1.1 (+https://developers.facebook.com/docs/sharing/webmasters/crawler)"
47.55.227.3 - - [20/Jun/2026:11:21:03 -0400] "GET /inscriptions-inter-agences/page/8/ HTTP/2.0" 200 31145 "https://www.alliancerealty.nb.ca/inscriptions-inter-agences/page/8/" "Mozilla/5.0 (Macintosh; Intel Mac OS X 10_15_7) AppleWebKit/605.1.15 (KHTML, like Gecko) Version/16.6.1 Safari/605.1.15"
47.55.227.3 - - [20/Jun/2026:11:21:41 -0400] "GET /inscriptions-inter-agences/page/9/ HTTP/2.0" 200 31097 "https://www.alliancerealty.nb.ca/inscriptions-inter-agences/page/9/" "Mozilla/5.0 (Macintosh; Intel Mac OS X 10_15_7) AppleWebKit/605.1.15 (KHTML, like Gecko) Version/16.6.1 Safari/605.1.15"
47.55.227.3 - - [20/Jun/2026:11:22:13 -0400] "GET /inscriptions-inter-agences/page/10/ HTTP/2.0" 200 31150 "https://www.alliancerealty.nb.ca/inscriptions-inter-agences/page/10/" "Mozilla/5.0 (Macintosh; Intel Mac OS X 10_15_7) AppleWebKit/605.1.15 (KHTML, like Gecko) Version/16.6.1 Safari/605.1.15"
198.13.46.245 - - [20/Jun/2026:11:22:48 -0400] "GET /css.php HTTP/1.1" 301 1 "-" "Mozilla/5.0 (Windows NT 10.0; Win64; x64) AppleWebKit/537.36 (KHTML, like Gecko) Chrome/120.0.0.0 Safari/537.36"
47.55.227.3 - - [20/Jun/2026:11:22:47 -0400] "GET /inscriptions-inter-agences/page/11/ HTTP/2.0" 200 31072 "https://www.alliancerealty.nb.ca/inscriptions-inter-agences/page/11/" "Mozilla/5.0 (Macintosh; Intel Mac OS X 10_15_7) AppleWebKit/605.1.15 (KHTML, like Gecko) Version/16.6.1 Safari/605.1.15"
198.13.46.245 - - [20/Jun/2026:11:22:49 -0400] "GET /files.php HTTP/1.1" 301 1 "-" "Mozilla/5.0 (Windows NT 10.0; Win64; x64) AppleWebKit/537.36 (KHTML, like Gecko) Chrome/120.0.0.0 Safari/537.36"
198.13.46.245 - - [20/Jun/2026:11:22:51 -0400] "GET /index/function.php HTTP/1.1" 301 1 "-" "Mozilla/5.0 (Windows NT 10.0; Win64; x64) AppleWebKit/537.36 (KHTML, like Gecko) Chrome/120.0.0.0 Safari/537.36"
198.13.46.245 - - [20/Jun/2026:11:22:52 -0400] "GET /buy.php HTTP/1.1" 301 1 "-" "Mozilla/5.0 (Windows NT 10.0; Win64; x64) AppleWebKit/537.36 (KHTML, like Gecko) Chrome/120.0.0.0 Safari/537.36"
198.13.46.245 - - [20/Jun/2026:11:22:53 -0400] "GET /info.php HTTP/1.1" 301 1 "-" "Mozilla/5.0 (Windows NT 10.0; Win64; x64) AppleWebKit/537.36 (KHTML, like Gecko) Chrome/120.0.0.0 Safari/537.36"
198.13.46.245 - - [20/Jun/2026:11:22:54 -0400] "GET /wp.php HTTP/1.1" 301 1 "-" "Mozilla/5.0 (Windows NT 10.0; Win64; x64) AppleWebKit/537.36 (KHTML, like Gecko) Chrome/120.0.0.0 Safari/537.36"
198.13.46.245 - - [20/Jun/2026:11:22:56 -0400] "GET /wp-content/uploads/index.php HTTP/1.1" 200 1 "-" "Mozilla/5.0 (Windows NT 10.0; Win64; x64) AppleWebKit/537.36 (KHTML, like Gecko) Chrome/120.0.0.0 Safari/537.36"
198.13.46.245 - - [20/Jun/2026:11:22:56 -0400] "GET /wp-config-sample.php HTTP/1.1" 500 833 "-" "Mozilla/5.0 (Windows NT 10.0; Win64; x64) AppleWebKit/537.36 (KHTML, like Gecko) Chrome/120.0.0.0 Safari/537.36"
198.13.46.245 - - [20/Jun/2026:11:22:57 -0400] "GET /wp-content/themes/x/bypass.php HTTP/1.1" 301 1 "-" "Mozilla/5.0 (Windows NT 10.0; Win64; x64) AppleWebKit/537.36 (KHTML, like Gecko) Chrome/120.0.0.0 Safari/537.36"
43.128.9.114 - - [20/Jun/2026:11:22:59 -0400] "GET /print.cfm?house_id=3987&rent=0&lg=fr HTTP/2.0" 301 1 "https://alliancerealty.nb.ca/print.cfm?house_id=3987&rent=0&lg=fr" "Mozilla/5.0 (Macintosh; Intel Mac OS X 10_15_7) AppleWebKit/537.36 (KHTML, like Gecko) Chrome/123.0.0.0 Safari/537.36"
198.13.46.245 - - [20/Jun/2026:11:22:58 -0400] "GET /666.php HTTP/1.1" 301 1 "-" "Mozilla/5.0 (Windows NT 10.0; Win64; x64) AppleWebKit/537.36 (KHTML, like Gecko) Chrome/120.0.0.0 Safari/537.36"
198.13.46.245 - - [20/Jun/2026:11:23:00 -0400] "GET /bgymj.php HTTP/1.1" 301 1 "-" "Mozilla/5.0 (Windows NT 10.0; Win64; x64) AppleWebKit/537.36 (KHTML, like Gecko) Chrome/120.0.0.0 Safari/537.36"
198.13.46.245 - - [20/Jun/2026:11:23:01 -0400] "GET /control.php HTTP/1.1" 301 1 "-" "Mozilla/5.0 (Windows NT 10.0; Win64; x64) AppleWebKit/537.36 (KHTML, like Gecko) Chrome/120.0.0.0 Safari/537.36"
198.13.46.245 - - [20/Jun/2026:11:23:02 -0400] "GET /wp-content/plugins/admin.php HTTP/1.1" 301 1 "-" "Mozilla/5.0 (Windows NT 10.0; Win64; x64) AppleWebKit/537.36 (KHTML, like Gecko) Chrome/120.0.0.0 Safari/537.36"
198.13.46.245 - - [20/Jun/2026:11:23:03 -0400] "GET /adminfuns.php HTTP/1.1" 301 1 "-" "Mozilla/5.0 (Windows NT 10.0; Win64; x64) AppleWebKit/537.36 (KHTML, like Gecko) Chrome/120.0.0.0 Safari/537.36"
43.154.127.248 - - [20/Jun/2026:11:23:03 -0400] "GET /print.cfm?house_id=3987&rent=0&lg=fr HTTP/2.0" 404 29906 "https://www.alliancerealty.nb.ca/print.cfm?house_id=3987&rent=0&lg=fr" "Mozilla/5.0 (Macintosh; Intel Mac OS X 10_15_7) AppleWebKit/537.36 (KHTML, like Gecko) Chrome/123.0.0.0 Safari/537.36"
198.13.46.245 - - [20/Jun/2026:11:23:04 -0400] "GET /admin.php HTTP/1.1" 301 1 "-" "Mozilla/5.0 (Windows NT 10.0; Win64; x64) AppleWebKit/537.36 (KHTML, like Gecko) Chrome/120.0.0.0 Safari/537.36"
198.13.46.245 - - [20/Jun/2026:11:23:06 -0400] "GET /php8.php HTTP/1.1" 301 1 "-" "Mozilla/5.0 (Windows NT 10.0; Win64; x64) AppleWebKit/537.36 (KHTML, like Gecko) Chrome/120.0.0.0 Safari/537.36"
198.13.46.245 - - [20/Jun/2026:11:23:07 -0400] "GET /wp-includes/interactivity-api/index.php HTTP/1.1" 301 1 "-" "Mozilla/5.0 (Windows NT 10.0; Win64; x64) AppleWebKit/537.36 (KHTML, like Gecko) Chrome/120.0.0.0 Safari/537.36"
198.13.46.245 - - [20/Jun/2026:11:23:08 -0400] "GET /wp-content/uploads HTTP/1.1" 301 296 "-" "Mozilla/5.0 (Windows NT 10.0; Win64; x64) AppleWebKit/537.36 (KHTML, like Gecko) Chrome/120.0.0.0 Safari/537.36"
198.13.46.245 - - [20/Jun/2026:11:23:09 -0400] "GET /wp-mail.php HTTP/1.1" 500 849 "-" "Mozilla/5.0 (Windows NT 10.0; Win64; x64) AppleWebKit/537.36 (KHTML, like Gecko) Chrome/120.0.0.0 Safari/537.36"
198.13.46.245 - - [20/Jun/2026:11:23:20 -0400] "GET /a7.php HTTP/1.1" 301 1 "-" "Mozilla/5.0 (Windows NT 10.0; Win64; x64) AppleWebKit/537.36 (KHTML, like Gecko) Chrome/120.0.0.0 Safari/537.36"
198.13.46.245 - - [20/Jun/2026:11:23:21 -0400] "GET /php.php HTTP/1.1" 301 1 "-" "Mozilla/5.0 (Windows NT 10.0; Win64; x64) AppleWebKit/537.36 (KHTML, like Gecko) Chrome/120.0.0.0 Safari/537.36"
198.13.46.245 - - [20/Jun/2026:11:23:22 -0400] "GET /8.php HTTP/1.1" 301 1 "-" "Mozilla/5.0 (Windows NT 10.0; Win64; x64) AppleWebKit/537.36 (KHTML, like Gecko) Chrome/120.0.0.0 Safari/537.36"
198.13.46.245 - - [20/Jun/2026:11:23:24 -0400] "GET /wp-includes/rest-api/ HTTP/1.1" 200 404 "-" "Mozilla/5.0 (Windows NT 10.0; Win64; x64) AppleWebKit/537.36 (KHTML, like Gecko) Chrome/120.0.0.0 Safari/537.36"
198.13.46.245 - - [20/Jun/2026:11:23:24 -0400] "GET /randkeyword.PhP7 HTTP/1.1" 301 1 "-" "Mozilla/5.0 (Windows NT 10.0; Win64; x64) AppleWebKit/537.36 (KHTML, like Gecko) Chrome/120.0.0.0 Safari/537.36"
198.13.46.245 - - [20/Jun/2026:11:23:25 -0400] "GET /wp-content/plugins/core-plugin/include.php HTTP/1.1" 301 1 "-" "Mozilla/5.0 (Windows NT 10.0; Win64; x64) AppleWebKit/537.36 (KHTML, like Gecko) Chrome/120.0.0.0 Safari/537.36"
198.13.46.245 - - [20/Jun/2026:11:23:27 -0400] "GET /wp-includes/assets/ty.php HTTP/1.1" 301 1 "-" "Mozilla/5.0 (Windows NT 10.0; Win64; x64) AppleWebKit/537.36 (KHTML, like Gecko) Chrome/120.0.0.0 Safari/537.36"
198.13.46.245 - - [20/Jun/2026:11:23:28 -0400] "GET /file61.php HTTP/1.1" 301 1 "-" "Mozilla/5.0 (Windows NT 10.0; Win64; x64) AppleWebKit/537.36 (KHTML, like Gecko) Chrome/120.0.0.0 Safari/537.36"
198.13.46.245 - - [20/Jun/2026:11:23:29 -0400] "GET /p.php HTTP/1.1" 301 1 "-" "Mozilla/5.0 (Windows NT 10.0; Win64; x64) AppleWebKit/537.36 (KHTML, like Gecko) Chrome/120.0.0.0 Safari/537.36"
198.13.46.245 - - [20/Jun/2026:11:23:30 -0400] "GET /ms-edit.php HTTP/1.1" 301 1 "-" "Mozilla/5.0 (Windows NT 10.0; Win64; x64) AppleWebKit/537.36 (KHTML, like Gecko) Chrome/120.0.0.0 Safari/537.36"
207.46.13.31 - - [20/Jun/2026:11:23:32 -0400] "GET /wp-content/uploads/2021/06/AllianceRealtyLogo.png HTTP/2.0" 200 50793 "-" "Mozilla/5.0 AppleWebKit/537.36 (KHTML, like Gecko; compatible; bingbot/2.0; +http://www.bing.com/bingbot.htm) Chrome/116.0.1938.76 Safari/537.36"
198.13.46.245 - - [20/Jun/2026:11:23:32 -0400] "GET /alfanew.PHP7 HTTP/1.1" 301 1 "-" "Mozilla/5.0 (Windows NT 10.0; Win64; x64) AppleWebKit/537.36 (KHTML, like Gecko) Chrome/120.0.0.0 Safari/537.36"
198.13.46.245 - - [20/Jun/2026:11:23:33 -0400] "GET /cgi-bin HTTP/1.1" 301 285 "-" "Mozilla/5.0 (Windows NT 10.0; Win64; x64) AppleWebKit/537.36 (KHTML, like Gecko) Chrome/120.0.0.0 Safari/537.36"
198.13.46.245 - - [20/Jun/2026:11:23:33 -0400] "GET /dx.php HTTP/1.1" 301 1 "-" "Mozilla/5.0 (Windows NT 10.0; Win64; x64) AppleWebKit/537.36 (KHTML, like Gecko) Chrome/120.0.0.0 Safari/537.36"
198.13.46.245 - - [20/Jun/2026:11:23:34 -0400] "GET /wp-admin/maint/index.php HTTP/1.1" 301 1 "-" "Mozilla/5.0 (Windows NT 10.0; Win64; x64) AppleWebKit/537.36 (KHTML, like Gecko) Chrome/120.0.0.0 Safari/537.36"
198.13.46.245 - - [20/Jun/2026:11:23:36 -0400] "GET /.well-known/pki-validation HTTP/1.1" 301 304 "-" "Mozilla/5.0 (Windows NT 10.0; Win64; x64) AppleWebKit/537.36 (KHTML, like Gecko) Chrome/120.0.0.0 Safari/537.36"
47.55.227.3 - - [20/Jun/2026:11:23:35 -0400] "GET /listing/30-hubert-street-edmundston-new-brunswick-e3v-0b6-29541591/ HTTP/2.0" 200 34092 "https://www.alliancerealty.nb.ca/inscriptions-inter-agences/page/11/" "Mozilla/5.0 (Macintosh; Intel Mac OS X 10_15_7) AppleWebKit/605.1.15 (KHTML, like Gecko) Version/16.6.1 Safari/605.1.15"
198.13.46.245 - - [20/Jun/2026:11:23:36 -0400] "GET /doc.php HTTP/1.1" 301 1 "-" "Mozilla/5.0 (Windows NT 10.0; Win64; x64) AppleWebKit/537.36 (KHTML, like Gecko) Chrome/120.0.0.0 Safari/537.36"
198.13.46.245 - - [20/Jun/2026:11:23:37 -0400] "GET /tool.php HTTP/1.1" 301 1 "-" "Mozilla/5.0 (Windows NT 10.0; Win64; x64) AppleWebKit/537.36 (KHTML, like Gecko) Chrome/120.0.0.0 Safari/537.36"
47.55.227.3 - - [20/Jun/2026:11:23:38 -0400] "POST /wp-admin/admin-ajax.php HTTP/2.0" 200 262 "https://www.alliancerealty.nb.ca/listing/30-hubert-street-edmundston-new-brunswick-e3v-0b6-29541591/" "Mozilla/5.0 (Macintosh; Intel Mac OS X 10_15_7) AppleWebKit/605.1.15 (KHTML, like Gecko) Version/16.6.1 Safari/605.1.15"
198.13.46.245 - - [20/Jun/2026:11:23:39 -0400] "GET /xx.php HTTP/1.1" 301 1 "-" "Mozilla/5.0 (Windows NT 10.0; Win64; x64) AppleWebKit/537.36 (KHTML, like Gecko) Chrome/120.0.0.0 Safari/537.36"
198.13.46.245 - - [20/Jun/2026:11:23:40 -0400] "GET /xxx.php HTTP/1.1" 301 1 "-" "Mozilla/5.0 (Windows NT 10.0; Win64; x64) AppleWebKit/537.36 (KHTML, like Gecko) Chrome/120.0.0.0 Safari/537.36"
198.13.46.245 - - [20/Jun/2026:11:23:41 -0400] "GET /100.php HTTP/1.1" 301 1 "-" "Mozilla/5.0 (Windows NT 10.0; Win64; x64) AppleWebKit/537.36 (KHTML, like Gecko) Chrome/120.0.0.0 Safari/537.36"
198.13.46.245 - - [20/Jun/2026:11:23:42 -0400] "GET /wp-admin/network/about.php HTTP/1.1" 302 1 "-" "Mozilla/5.0 (Windows NT 10.0; Win64; x64) AppleWebKit/537.36 (KHTML, like Gecko) Chrome/120.0.0.0 Safari/537.36"
198.13.46.245 - - [20/Jun/2026:11:23:43 -0400] "GET /wp-blog.php HTTP/1.1" 301 1 "-" "Mozilla/5.0 (Windows NT 10.0; Win64; x64) AppleWebKit/537.36 (KHTML, like Gecko) Chrome/120.0.0.0 Safari/537.36"
114.119.132.36 - - [20/Jun/2026:11:24:08 -0400] "GET /en/properties/793-103-49e-Avenue/ HTTP/1.1" 301 1 "https://www.alliancerealty.nb.ca/proprietes/793-103-49e-Avenue/" "Mozilla/5.0 (Linux; Android 7.0;) AppleWebKit/537.36 (HTML, like Gecko) Mobile Safari/537.36 (compatible; PetalBot;+https://webmaster.petalsearch.com/site/petalbot)"
114.119.132.36 - - [20/Jun/2026:11:24:11 -0400] "GET /en/properties/793-103-49th-Avenue HTTP/1.1" 301 1 "https://www.alliancerealty.nb.ca/proprietes/793-103-49e-Avenue/" "Mozilla/5.0 (Linux; Android 7.0;) AppleWebKit/537.36 (HTML, like Gecko) Mobile Safari/537.36 (compatible; PetalBot;+https://webmaster.petalsearch.com/site/petalbot)"
114.119.132.36 - - [20/Jun/2026:11:24:15 -0400] "GET /en/properties/793-103-49th-Avenue/ HTTP/1.1" 200 27107 "https://www.alliancerealty.nb.ca/proprietes/793-103-49e-Avenue/" "Mozilla/5.0 (Linux; Android 7.0;) AppleWebKit/537.36 (HTML, like Gecko) Mobile Safari/537.36 (compatible; PetalBot;+https://webmaster.petalsearch.com/site/petalbot)"
136.144.19.175 - - [20/Jun/2026:11:24:37 -0400] "POST /wp-login.php HTTP/1.1" 200 10832 "-" "Mozilla/5.0 (Macintosh; Intel Mac OS X 10_15_7) AppleWebKit/605.1.15 Version/17.0 Safari/605.1.15"
173.252.69.21 - - [20/Jun/2026:11:25:17 -0400] "GET /wp-content/uploads/WPL/706/img_88Cardinal_1ext_2.jpg HTTP/2.0" 200 314527 "-" "facebookexternalhit/1.1 (+http://www.facebook.com/externalhit_uatext.php)"
209.16.158.30 - - [20/Jun/2026:11:26:42 -0400] "POST /wp-cron.php?doing_wp_cron=1781969202.1689620018005371093750 HTTP/1.1" 200 1 "https://www.alliancerealty.nb.ca/wp-cron.php?doing_wp_cron=1781969202.1689620018005371093750" "WordPress/5.8.13; https://www.alliancerealty.nb.ca"
66.249.69.67 - - [20/Jun/2026:11:26:41 -0400] "GET /robots.txt HTTP/1.1" 200 55 "-" "Mozilla/5.0 (compatible; Googlebot/2.1; +http://www.google.com/bot.html)"
66.249.69.67 - - [20/Jun/2026:11:26:41 -0400] "GET /listing/964-bosse-road-saint-joseph-de-madawaska-new-brunswick-e7b-2k2-29093787/ HTTP/1.1" 200 34144 "-" "Mozilla/5.0 (Linux; Android 6.0.1; Nexus 5X Build/MMB29P) AppleWebKit/537.36 (KHTML, like Gecko) Chrome/148.0.7778.96 Mobile Safari/537.36 (compatible; Googlebot/2.1; +http://www.google.com/bot.html)"
114.119.153.169 - - [20/Jun/2026:11:26:50 -0400] "GET /proprietes/414-Terrain-vacant-chemin-2e-Sault-%232/ HTTP/1.1" 301 1 "https://www.alliancerealty.nb.ca/?house_id=3676&sale=1&lg=en&wplpage=6" "Mozilla/5.0 (Linux; Android 7.0;) AppleWebKit/537.36 (HTML, like Gecko) Mobile Safari/537.36 (compatible; PetalBot;+https://webmaster.petalsearch.com/site/petalbot)"
114.119.153.169 - - [20/Jun/2026:11:26:54 -0400] "GET /proprietes/414-Vacant-lot-2e-Sault-Road-%232 HTTP/1.1" 301 1 "https://www.alliancerealty.nb.ca/?house_id=3676&sale=1&lg=en&wplpage=6" "Mozilla/5.0 (Linux; Android 7.0;) AppleWebKit/537.36 (HTML, like Gecko) Mobile Safari/537.36 (compatible; PetalBot;+https://webmaster.petalsearch.com/site/petalbot)"
114.119.153.169 - - [20/Jun/2026:11:26:57 -0400] "GET /proprietes/414-Vacant-lot-2e-Sault-Road-%232/ HTTP/1.1" 200 26677 "https://www.alliancerealty.nb.ca/?house_id=3676&sale=1&lg=en&wplpage=6" "Mozilla/5.0 (Linux; Android 7.0;) AppleWebKit/537.36 (HTML, like Gecko) Mobile Safari/537.36 (compatible; PetalBot;+https://webmaster.petalsearch.com/site/petalbot)"
51.91.255.135 - - [20/Jun/2026:11:27:26 -0400] "GET /en/properties/1086-Terrain-vacant-rue-Principale/ HTTP/1.1" 200 35855 "-" "Mozilla/5.0 (Windows NT 10.0; Win64; x64) AppleWebKit/537.36 (KHTML, like Gecko) Chrome/139.0.0.0 Safari/537.36"
217.182.79.131 - - [20/Jun/2026:11:27:32 -0400] "GET /adminAR/files/PrintFr.php?pid=1135 HTTP/1.1" 200 2057 "-" "Mozilla/5.0 (Windows NT 10.0; Win64; x64) AppleWebKit/537.36 (KHTML, like Gecko) Chrome/139.0.0.0 Safari/537.36"
185.191.171.6 - - [20/Jun/2026:11:27:33 -0400] "GET /robots.txt HTTP/1.1" 200 67 "-" "Mozilla/5.0 (compatible; SemrushBot/7~bl; +http://www.semrush.com/bot.html)"
66.249.69.66 - - [20/Jun/2026:11:27:34 -0400] "GET /wp-content/themes/Divi/js/scripts.min.js?ver=4.10.8 HTTP/1.1" 200 53392 "https://www.alliancerealty.nb.ca/listing/964-bosse-road-saint-joseph-de-madawaska-new-brunswick-e7b-2k2-29093787/" "Mozilla/5.0 (Linux; Android 6.0.1; Nexus 5X Build/MMB29P) AppleWebKit/537.36 (KHTML, like Gecko) Chrome/148.0.7778.96 Mobile Safari/537.36 (compatible; Googlebot/2.1; +http://www.google.com/bot.html)"
185.191.171.13 - - [20/Jun/2026:11:27:35 -0400] "GET /en/listing/4-rue-saint-francois-sainte-anne-de-madawaska-new-brunswick-e7e-1e4-29474188/ HTTP/1.1" 200 252806 "-" "Mozilla/5.0 (compatible; SemrushBot/7~bl; +http://www.semrush.com/bot.html)"
47.128.119.58 - - [20/Jun/2026:11:28:43 -0400] "GET /en/listing/27-leopold-couturier-avenue-saint-jacques-new-brunswick-e7b-1e3-28072289/ HTTP/2.0" 404 29707 "-" "Mozilla/5.0 (compatible; Bytespider; spider-feedback@bytedance.com) AppleWebKit/537.36 (KHTML, like Gecko) Chrome/70.0.0.0 Safari/537.36"
47.128.119.250 - - [20/Jun/2026:11:28:44 -0400] "GET /listing/page/22/?posts_per_page=24&view=grid HTTP/2.0" 200 32688 "-" "Mozilla/5.0 (compatible; Bytespider; spider-feedback@bytedance.com) AppleWebKit/537.36 (KHTML, like Gecko) Chrome/70.0.0.0 Safari/537.36"
47.128.119.58 - - [20/Jun/2026:11:28:47 -0400] "GET /wp-content/plugins/testimonial-free/public/assets/css/slick.css?ver=2.4.1 HTTP/2.0" 200 484 "https://www.alliancerealty.nb.ca/en/listing/27-leopold-couturier-avenue-saint-jacques-new-brunswick-e7b-1e3-28072289/" "Mozilla/5.0 (compatible; Bytespider; spider-feedback@bytedance.com) AppleWebKit/537.36 (KHTML, like Gecko) Chrome/70.0.0.0 Safari/537.36"
47.128.119.250 - - [20/Jun/2026:11:28:47 -0400] "GET /wp-content/plugins/testimonial-free/public/assets/css/slick.css?ver=2.4.1 HTTP/2.0" 200 484 "https://www.alliancerealty.nb.ca/listing/page/22/?posts_per_page=24&view=grid" "Mozilla/5.0 (compatible; Bytespider; spider-feedback@bytedance.com) AppleWebKit/537.36 (KHTML, like Gecko) Chrome/70.0.0.0 Safari/537.36"
47.128.119.58 - - [20/Jun/2026:11:28:47 -0400] "GET /wp-content/plugins/real-estate-listing-realtyna-wpl-pro/libraries/page_builders/divi/styles/style.min.css HTTP/2.0" 200 1 "https://www.alliancerealty.nb.ca/en/listing/27-leopold-couturier-avenue-saint-jacques-new-brunswick-e7b-1e3-28072289/" "Mozilla/5.0 (compatible; Bytespider; spider-feedback@bytedance.com) AppleWebKit/537.36 (KHTML, like Gecko) Chrome/70.0.0.0 Safari/537.36"
47.128.119.250 - - [20/Jun/2026:11:28:47 -0400] "GET /wp-content/plugins/real-estate-listing-realtyna-wpl-pro/libraries/page_builders/divi/styles/style.min.css HTTP/2.0" 200 1 "https://www.alliancerealty.nb.ca/listing/page/22/?posts_per_page=24&view=grid" "Mozilla/5.0 (compatible; Bytespider; spider-feedback@bytedance.com) AppleWebKit/537.36 (KHTML, like Gecko) Chrome/70.0.0.0 Safari/537.36"
216.73.217.47 - - [20/Jun/2026:11:29:40 -0400] "GET /robots.txt HTTP/2.0" 200 55 "-" "Mozilla/5.0 AppleWebKit/537.36 (KHTML, like Gecko; compatible; ClaudeBot/1.0; +claudebot@anthropic.com)"
216.73.217.47 - - [20/Jun/2026:11:29:41 -0400] "GET /listing/page/55?paged=1&posts_per_page=48&view=list HTTP/2.0" 301 1 "-" "Mozilla/5.0 AppleWebKit/537.36 (KHTML, like Gecko; compatible; ClaudeBot/1.0; +claudebot@anthropic.com)"
216.73.217.47 - - [20/Jun/2026:11:29:42 -0400] "GET /listing/page/55/?view=list HTTP/2.0" 200 32648 "-" "Mozilla/5.0 AppleWebKit/537.36 (KHTML, like Gecko; compatible; ClaudeBot/1.0; +claudebot@anthropic.com)"
216.73.217.47 - - [20/Jun/2026:11:29:45 -0400] "GET /adminAR/files/PrintEn.php?pid=1157 HTTP/2.0" 200 1252 "-" "Mozilla/5.0 AppleWebKit/537.36 (KHTML, like Gecko; compatible; ClaudeBot/1.0; +claudebot@anthropic.com)"
216.73.217.47 - - [20/Jun/2026:11:29:42 -0400] "GET /listing/?posts_per_page=48&view=list HTTP/2.0" 200 48721 "https://www.alliancerealty.nb.ca/listing/page/55?paged=1&posts_per_page=48&view=list" "Mozilla/5.0 AppleWebKit/537.36 (KHTML, like Gecko; compatible; ClaudeBot/1.0; +claudebot@anthropic.com)"
172.226.16.128 - - [20/Jun/2026:11:29:47 -0400] "GET /favicon.ico HTTP/2.0" 302 1 "-" "NetworkingExtension/8621.3.11.10.3 Network/4277.140.33 iOS/18.6.2"
172.226.16.128 - - [20/Jun/2026:11:29:48 -0400] "GET /wp-content/uploads/2020/12/cropped-favicon-32x32.gif HTTP/2.0" 200 138 "-" "NetworkingExtension/8621.3.11.10.3 Network/4277.140.33 iOS/18.6.2"
172.226.16.128 - - [20/Jun/2026:11:29:47 -0400] "GET /apple-touch-icon.png HTTP/2.0" 404 29903 "-" "NetworkingExtension/8621.3.11.10.3 Network/4277.140.33 iOS/18.6.2"
172.226.16.128 - - [20/Jun/2026:11:29:47 -0400] "GET /apple-touch-icon-precomposed.png HTTP/2.0" 404 29902 "-" "NetworkingExtension/8621.3.11.10.3 Network/4277.140.33 iOS/18.6.2"
172.226.16.128 - - [20/Jun/2026:11:29:47 -0400] "GET /en/ HTTP/2.0" 200 37324 "-" "Mozilla/5.0 (Macintosh; Intel Mac OS X 10_11_1) AppleWebKit/601.2.4 (KHTML, like Gecko) Version/9.0.1 Safari/601.2.4 facebookexternalhit/1.1 Facebot Twitterbot/1.0"
172.226.16.128 - - [20/Jun/2026:11:29:50 -0400] "GET /wp-content/uploads/2021/02/icons8-phone-30-blanc.png HTTP/2.0" 200 387 "-" "NetworkingExtension/8621.3.11.10.3 Network/4277.140.33 iOS/18.6.2"
172.226.16.128 - - [20/Jun/2026:11:29:50 -0400] "GET /wp-content/uploads/2020/12/cropped-favicon-32x32.gif HTTP/2.0" 200 138 "-" "NetworkingExtension/8621.3.11.10.3 Network/4277.140.33 iOS/18.6.2"
172.226.16.128 - - [20/Jun/2026:11:29:50 -0400] "GET /wp-content/uploads/2020/12/cropped-favicon-192x192.gif HTTP/2.0" 200 922 "-" "NetworkingExtension/8621.3.11.10.3 Network/4277.140.33 iOS/18.6.2"
172.226.16.128 - - [20/Jun/2026:11:29:50 -0400] "GET /wp-content/uploads/2020/12/cropped-favicon-180x180.gif HTTP/2.0" 200 861 "-" "NetworkingExtension/8621.3.11.10.3 Network/4277.140.33 iOS/18.6.2"
121.229.156.63 - - [20/Jun/2026:11:29:48 -0400] "GET /listing/948-du-pouvoir-road-saint-joseph-de-madawaska-new-brunswick-e7b-2m4-28970330/ HTTP/1.1" 404 206615 "-" "Sogou web spider/4.0(+http://www.sogou.com/docs/help/webmasters.htm#07)"
47.128.119.47 - - [20/Jun/2026:11:30:12 -0400] "GET /listing/page/22/?posts_per_page=24&view=grid HTTP/2.0" 200 32690 "-" "Mozilla/5.0 (Linux; Android 5.0) AppleWebKit/537.36 (KHTML, like Gecko) Mobile Safari/537.36 (compatible; Bytespider; spider-feedback@bytedance.com)"
47.128.119.47 - - [20/Jun/2026:11:30:15 -0400] "GET /wp-content/plugins/real-estate-listing-realtyna-wpl-pro/libraries/page_builders/divi/styles/style.min.css HTTP/2.0" 200 1 "https://www.alliancerealty.nb.ca/listing/page/22/?posts_per_page=24&view=grid" "Mozilla/5.0 (Linux; Android 5.0) AppleWebKit/537.36 (KHTML, like Gecko) Mobile Safari/537.36 (compatible; Bytespider; spider-feedback@bytedance.com)"
114.119.135.42 - - [20/Jun/2026:11:30:50 -0400] "GET /?lg=fr&wplpage=10 HTTP/1.1" 200 36825 "https://www.alliancerealty.nb.ca/?lg=fr&wplpage=10" "Mozilla/5.0 (Linux; Android 7.0;) AppleWebKit/537.36 (HTML, like Gecko) Mobile Safari/537.36 (compatible; PetalBot;+https://webmaster.petalsearch.com/site/petalbot)"
151.80.133.238 - - [20/Jun/2026:11:31:17 -0400] "GET /adminAR/files/PrintFr.php?pid=1086 HTTP/1.1" 200 1912 "-" "Mozilla/5.0 (Windows NT 10.0; Win64; x64) AppleWebKit/537.36 (KHTML, like Gecko) Chrome/139.0.0.0 Safari/537.36"
141.94.76.134 - - [20/Jun/2026:11:31:18 -0400] "GET /adminAR/files/PrintFr.php?pid=1107 HTTP/1.1" 200 2248 "-" "Mozilla/5.0 (Windows NT 10.0; Win64; x64) AppleWebKit/537.36 (KHTML, like Gecko) Chrome/139.0.0.0 Safari/537.36"
57.129.81.224 - - [20/Jun/2026:11:31:17 -0400] "GET /en/properties/1107-14-rue-St-Onge/ HTTP/1.1" 200 36483 "-" "Mozilla/5.0 (Windows NT 10.0; Win64; x64) AppleWebKit/537.36 (KHTML, like Gecko) Chrome/139.0.0.0 Safari/537.36"
52.167.144.197 - - [20/Jun/2026:11:31:28 -0400] "GET /listing/854-baisley-road-saint-jacques-new-brunswick-e7b-2a1-28680257/ HTTP/2.0" 404 29816 "-" "Mozilla/5.0 AppleWebKit/537.36 (KHTML, like Gecko; compatible; bingbot/2.0; +http://www.bing.com/bingbot.htm) Chrome/116.0.1938.76 Safari/537.36"
142.44.228.124 - - [20/Jun/2026:11:31:35 -0400] "GET /listing/5742-centrale-lac-baker-new-brunswick-e7a-1n6-27923373/ HTTP/2.0" 404 29816 "-" "Mozilla/5.0 (compatible; AhrefsBot/7.0; +http://ahrefs.com/robot/)"
51.91.254.244 - - [20/Jun/2026:11:31:56 -0400] "GET /adminAR/files/PrintFr.php?pid=1110 HTTP/1.1" 200 2475 "-" "Mozilla/5.0 (Windows NT 10.0; Win64; x64) AppleWebKit/537.36 (KHTML, like Gecko) Chrome/139.0.0.0 Safari/537.36"
51.75.21.177 - - [20/Jun/2026:11:31:58 -0400] "GET /en/properties/1132-102-Chemin-F-Bernier/ HTTP/1.1" 200 36429 "-" "Mozilla/5.0 (Windows NT 10.0; Win64; x64) AppleWebKit/537.36 (KHTML, like Gecko) Chrome/139.0.0.0 Safari/537.36"
51.77.211.229 - - [20/Jun/2026:11:32:07 -0400] "GET /adminAR/files/PrintFr.php?pid=1132 HTTP/1.1" 200 2227 "-" "Mozilla/5.0 (Windows NT 10.0; Win64; x64) AppleWebKit/537.36 (KHTML, like Gecko) Chrome/139.0.0.0 Safari/537.36"
57.141.20.12 - - [20/Jun/2026:11:32:14 -0400] "GET /listing/794-saint-francois-street-edmundston-new-brunswick-e3v-3w4-29618930/ HTTP/2.0" 404 206615 "-" "meta-externalagent/1.1 (+https://developers.facebook.com/docs/sharing/webmasters/crawler)"
216.73.217.47 - - [20/Jun/2026:11:32:56 -0400] "GET /proprietes/1157-For-sale/ HTTP/2.0" 200 31984 "-" "Mozilla/5.0 AppleWebKit/537.36 (KHTML, like Gecko; compatible; ClaudeBot/1.0; +claudebot@anthropic.com)"
57.141.20.65 - - [20/Jun/2026:11:33:34 -0400] "GET /listing/40-paul-grondin-avenue-saint-jacques-new-brunswick-e7b-1h3-29246811/ HTTP/2.0" 404 206615 "-" "meta-externalagent/1.1 (+https://developers.facebook.com/docs/sharing/webmasters/crawler)"
209.141.51.192 - - [20/Jun/2026:11:33:49 -0400] "GET /wp-login.php HTTP/1.1" 200 10411 "-" "Mozilla/5.0 (Macintosh; Intel Mac OS X 10_9_4) AppleWebKit/537.36 (KHTML, like Gecko) Chrome/35.0.1916.153 Safari/537.36"
174.118.58.66 - - [20/Jun/2026:11:34:31 -0400] "GET /en/reviews/ HTTP/2.0" 200 55670 "https://www.google.com/" "Mozilla/5.0 (iPhone; CPU iPhone OS 18_7 like Mac OS X) AppleWebKit/605.1.15 (KHTML, like Gecko) Version/26.5 Mobile/15E148 Safari/604.1"
174.118.58.66 - - [20/Jun/2026:11:34:34 -0400] "GET /wp-content/et-cache/2013/et-core-unified-2013.min.css?ver=1780732646 HTTP/2.0" 200 3181 "https://www.alliancerealty.nb.ca/en/reviews/" "Mozilla/5.0 (iPhone; CPU iPhone OS 18_7 like Mac OS X) AppleWebKit/605.1.15 (KHTML, like Gecko) Version/26.5 Mobile/15E148 Safari/604.1"
