66.249.69.66 - - [20/Jun/2026:09:35:42 -0400] "GET /proprietes/1019-24-rue-Principale/ HTTP/1.1" 200 34136 "-" "Mozilla/5.0 (Linux; Android 6.0.1; Nexus 5X Build/MMB29P) AppleWebKit/537.36 (KHTML, like Gecko) Chrome/148.0.7778.96 Mobile Safari/537.36 (compatible; Googlebot/2.1; +http://www.google.com/bot.html)"
99.244.135.216 - - [20/Jun/2026:09:35:43 -0400] "GET /en/properties-new-listings/ HTTP/2.0" 200 35773 "https://www.google.com/" "Mozilla/5.0 (Linux; Android 10; K) AppleWebKit/537.36 (KHTML, like Gecko) Chrome/149.0.0.0 Safari/537.36"
216.73.217.135 - - [20/Jun/2026:09:35:44 -0400] "GET /listing/page/54?paged=1&posts_per_page=48&view=list HTTP/2.0" 301 1 "-" "Mozilla/5.0 AppleWebKit/537.36 (KHTML, like Gecko; compatible; ClaudeBot/1.0; +claudebot@anthropic.com)"
99.244.135.216 - - [20/Jun/2026:09:35:46 -0400] "GET /wp-content/uploads/WPL/1150/thimg_53_rueGrondin1Ext_360x240.jpg HTTP/2.0" 304 - "https://www.alliancerealty.nb.ca/en/properties-new-listings/" "Mozilla/5.0 (Linux; Android 10; K) AppleWebKit/537.36 (KHTML, like Gecko) Chrome/149.0.0.0 Safari/537.36"
216.73.217.135 - - [20/Jun/2026:09:35:45 -0400] "GET /listing/page/55/ HTTP/2.0" 200 32691 "-" "Mozilla/5.0 AppleWebKit/537.36 (KHTML, like Gecko; compatible; ClaudeBot/1.0; +claudebot@anthropic.com)"
99.244.135.216 - - [20/Jun/2026:09:35:47 -0400] "POST /en/properties-new-listings/ HTTP/2.0" 200 41 "https://www.alliancerealty.nb.ca/en/properties-new-listings/" "Mozilla/5.0 (Linux; Android 10; K) AppleWebKit/537.36 (KHTML, like Gecko) Chrome/149.0.0.0 Safari/537.36"
99.244.135.216 - - [20/Jun/2026:09:35:47 -0400] "POST /wp-admin/admin-ajax.php HTTP/2.0" 200 262 "https://www.alliancerealty.nb.ca/en/properties-new-listings/" "Mozilla/5.0 (Linux; Android 10; K) AppleWebKit/537.36 (KHTML, like Gecko) Chrome/149.0.0.0 Safari/537.36"
216.73.217.135 - - [20/Jun/2026:09:35:46 -0400] "GET /listing/?posts_per_page=48&view=list HTTP/2.0" 200 48719 "https://www.alliancerealty.nb.ca/listing/page/54?paged=1&posts_per_page=48&view=list" "Mozilla/5.0 AppleWebKit/537.36 (KHTML, like Gecko; compatible; ClaudeBot/1.0; +claudebot@anthropic.com)"
47.54.174.230 - - [20/Jun/2026:09:36:06 -0400] "GET /favicon.ico HTTP/2.0" 302 1 "-" "NetworkingExtension/8624.2.5.10.4 Network/5812.122.1 iOS/26.5"
47.54.174.230 - - [20/Jun/2026:09:36:07 -0400] "GET /wp-content/uploads/2020/12/cropped-favicon-32x32.gif HTTP/2.0" 200 138 "-" "NetworkingExtension/8624.2.5.10.4 Network/5812.122.1 iOS/26.5"
47.54.174.230 - - [20/Jun/2026:09:36:05 -0400] "GET /proprietes-inscriptions/ HTTP/2.0" 200 38612 "-" "Mozilla/5.0 (Macintosh; Intel Mac OS X 10_11_1) AppleWebKit/601.2.4 (KHTML, like Gecko) Version/9.0.1 Safari/601.2.4 facebookexternalhit/1.1 Facebot Twitterbot/1.0"
47.54.174.230 - - [20/Jun/2026:09:36:06 -0400] "GET /apple-touch-icon-precomposed.png HTTP/2.0" 404 29903 "-" "NetworkingExtension/8624.2.5.10.4 Network/5812.122.1 iOS/26.5"
47.54.174.230 - - [20/Jun/2026:09:36:08 -0400] "GET /wp-content/uploads/2020/12/cropped-favicon-32x32.gif HTTP/2.0" 200 138 "-" "NetworkingExtension/8624.2.5.10.4 Network/5812.122.1 iOS/26.5"
47.54.174.230 - - [20/Jun/2026:09:36:08 -0400] "GET /wp-content/uploads/2020/12/cropped-favicon-192x192.gif HTTP/2.0" 200 922 "-" "NetworkingExtension/8624.2.5.10.4 Network/5812.122.1 iOS/26.5"
47.54.174.230 - - [20/Jun/2026:09:36:08 -0400] "GET /wp-content/uploads/2021/06/AllianceRealtyLogo.png HTTP/2.0" 200 50793 "-" "NetworkingExtension/8624.2.5.10.4 Network/5812.122.1 iOS/26.5"
47.54.174.230 - - [20/Jun/2026:09:36:08 -0400] "GET /wp-content/uploads/2020/12/cropped-favicon-180x180.gif HTTP/2.0" 200 861 "-" "NetworkingExtension/8624.2.5.10.4 Network/5812.122.1 iOS/26.5"
47.54.174.230 - - [20/Jun/2026:09:36:06 -0400] "GET /apple-touch-icon.png HTTP/2.0" 404 29903 "-" "NetworkingExtension/8624.2.5.10.4 Network/5812.122.1 iOS/26.5"
66.249.69.66 - - [20/Jun/2026:09:36:24 -0400] "GET /wp-content/plugins/testimonial-free/public/assets/css/font-awesome.min.css?ver=2.4.1 HTTP/1.1" 200 6294 "https://www.alliancerealty.nb.ca/proprietes/" "Mozilla/5.0 (Linux; Android 6.0.1; Nexus 5X Build/MMB29P) AppleWebKit/537.36 (KHTML, like Gecko) Chrome/148.0.7778.96 Mobile Safari/537.36 (compatible; Googlebot/2.1; +http://www.google.com/bot.html)"
66.249.69.65 - - [20/Jun/2026:09:38:03 -0400] "POST /proprietes/1019-24-rue-Principale/ HTTP/1.1" 200 41 "https://www.alliancerealty.nb.ca/proprietes/1019-24-rue-Principale/" "Mozilla/5.0 (Linux; Android 6.0.1; Nexus 5X Build/MMB29P) AppleWebKit/537.36 (KHTML, like Gecko) Chrome/148.0.7778.96 Mobile Safari/537.36 (compatible; Googlebot/2.1; +http://www.google.com/bot.html)"
121.229.156.34 - - [20/Jun/2026:09:38:05 -0400] "GET /listing/lot-du-plateau-street-edmundston-new-brunswick-e3v-0g8-27463458/ HTTP/1.1" 200 222640 "-" "Sogou web spider/4.0(+http://www.sogou.com/docs/help/webmasters.htm#07)"
121.229.156.34 - - [20/Jun/2026:09:38:22 -0400] "GET /listing/lot-du-plateau-street-edmundston-new-brunswick-e3v-0g8-27463458/ HTTP/1.1" 200 222640 "-" "Sogou web spider/4.0(+http://www.sogou.com/docs/help/webmasters.htm#07)"
47.128.119.143 - - [20/Jun/2026:09:38:44 -0400] "GET /en/listing/95-34e-avenue-edmundston-new-brunswick-e3v-2t4-28538520/ HTTP/2.0" 404 29710 "-" "Mozilla/5.0 (Linux; Android 5.0) AppleWebKit/537.36 (KHTML, like Gecko) Mobile Safari/537.36 (compatible; TikTokSpider; ttspider-feedback@tiktok.com)"
47.128.119.143 - - [20/Jun/2026:09:38:47 -0400] "GET /wp-content/plugins/real-estate-listing-realtyna-wpl-pro/libraries/page_builders/divi/styles/style.min.css HTTP/2.0" 200 1 "https://www.alliancerealty.nb.ca/en/listing/95-34e-avenue-edmundston-new-brunswick-e3v-2t4-28538520/" "Mozilla/5.0 (Linux; Android 5.0) AppleWebKit/537.36 (KHTML, like Gecko) Mobile Safari/537.36 (compatible; TikTokSpider; ttspider-feedback@tiktok.com)"
216.73.217.47 - - [20/Jun/2026:09:39:23 -0400] "GET /listing/page/55?paged=55&view=list HTTP/2.0" 301 1 "-" "Mozilla/5.0 AppleWebKit/537.36 (KHTML, like Gecko; compatible; ClaudeBot/1.0; +claudebot@anthropic.com)"
216.73.217.47 - - [20/Jun/2026:09:39:24 -0400] "GET /listing/page/55/?view=list HTTP/2.0" 200 32648 "https://www.alliancerealty.nb.ca/listing/page/55?paged=55&view=list" "Mozilla/5.0 AppleWebKit/537.36 (KHTML, like Gecko; compatible; ClaudeBot/1.0; +claudebot@anthropic.com)"
57.141.20.29 - - [20/Jun/2026:09:39:42 -0400] "GET /listing/52-temis-street-saint-jacques-new-brunswick-e7b-1j3-29789024/ HTTP/2.0" 200 226234 "-" "meta-externalagent/1.1 (+https://developers.facebook.com/docs/sharing/webmasters/crawler)"
216.73.217.47 - - [20/Jun/2026:09:40:13 -0400] "GET /listing/page/54?paged=1&posts_per_page=24&view=list HTTP/2.0" 301 1 "-" "Mozilla/5.0 AppleWebKit/537.36 (KHTML, like Gecko; compatible; ClaudeBot/1.0; +claudebot@anthropic.com)"
216.73.217.47 - - [20/Jun/2026:09:40:13 -0400] "GET /listing/page/55?paged=1&posts_per_page=12&view=grid HTTP/2.0" 301 1 "-" "Mozilla/5.0 AppleWebKit/537.36 (KHTML, like Gecko; compatible; ClaudeBot/1.0; +claudebot@anthropic.com)"
115.78.9.138 - - [20/Jun/2026:09:40:15 -0400] "GET /wp-json/wp/v2/users/me HTTP/2.0" 401 98 "-" "Mozilla/5.0 (Windows NT 10.0; Win64; x64) AppleWebKit/537.36 (KHTML, like Gecko) Chrome/133.0.0.0 Safari/537.36 Edg/133.0.0.0"
216.73.217.47 - - [20/Jun/2026:09:40:14 -0400] "GET /listing/?posts_per_page=24&view=list HTTP/2.0" 200 41656 "https://www.alliancerealty.nb.ca/listing/page/54?paged=1&posts_per_page=24&view=list" "Mozilla/5.0 AppleWebKit/537.36 (KHTML, like Gecko; compatible; ClaudeBot/1.0; +claudebot@anthropic.com)"
216.73.217.47 - - [20/Jun/2026:09:40:14 -0400] "GET /listing/?posts_per_page=12&view=grid HTTP/2.0" 200 34820 "https://www.alliancerealty.nb.ca/listing/page/55?paged=1&posts_per_page=12&view=grid" "Mozilla/5.0 AppleWebKit/537.36 (KHTML, like Gecko; compatible; ClaudeBot/1.0; +claudebot@anthropic.com)"
47.128.119.175 - - [20/Jun/2026:09:40:31 -0400] "GET /listing/84-philippe-avenue-edmundston-new-brunswick-e3v-1r1-28726787/ HTTP/2.0" 404 29820 "-" "Mozilla/5.0 (Linux; Android 5.0) AppleWebKit/537.36 (KHTML, like Gecko) Mobile Safari/537.36 (compatible; TikTokSpider; ttspider-feedback@tiktok.com)"
47.128.119.175 - - [20/Jun/2026:09:40:34 -0400] "GET /wp-content/plugins/real-estate-listing-realtyna-wpl-pro/libraries/page_builders/divi/styles/style.min.css HTTP/2.0" 200 1 "https://www.alliancerealty.nb.ca/listing/84-philippe-avenue-edmundston-new-brunswick-e3v-1r1-28726787/" "Mozilla/5.0 (Linux; Android 5.0) AppleWebKit/537.36 (KHTML, like Gecko) Mobile Safari/537.36 (compatible; TikTokSpider; ttspider-feedback@tiktok.com)"
216.73.217.47 - - [20/Jun/2026:09:40:35 -0400] "GET /listing/page/55?paged=1&posts_per_page=24&view=grid HTTP/2.0" 301 1 "-" "Mozilla/5.0 AppleWebKit/537.36 (KHTML, like Gecko; compatible; ClaudeBot/1.0; +claudebot@anthropic.com)"
216.73.217.47 - - [20/Jun/2026:09:40:35 -0400] "GET /en/properties/1014-892-chemin-du-Pouvoir/ HTTP/2.0" 200 27197 "-" "Mozilla/5.0 AppleWebKit/537.36 (KHTML, like Gecko; compatible; ClaudeBot/1.0; +claudebot@anthropic.com)"
216.73.217.47 - - [20/Jun/2026:09:40:36 -0400] "GET /listing/?posts_per_page=24&view=grid HTTP/2.0" 200 35826 "https://www.alliancerealty.nb.ca/listing/page/55?paged=1&posts_per_page=24&view=grid" "Mozilla/5.0 AppleWebKit/537.36 (KHTML, like Gecko; compatible; ClaudeBot/1.0; +claudebot@anthropic.com)"
114.119.138.210 - - [20/Jun/2026:09:42:16 -0400] "GET /sitemap_index.xml HTTP/1.1" 200 349 "https://www.alliancerealty.nb.ca/sitemap_index.xml" "Mozilla/5.0 (Linux; Android 7.0;) AppleWebKit/537.36 (HTML, like Gecko) Mobile Safari/537.36 (compatible; PetalBot;+https://webmaster.petalsearch.com/site/petalbot)"
114.119.135.136 - - [20/Jun/2026:09:42:14 -0400] "GET /wp-content/uploads/WPL/1152/thNx1_360x240.php HTTP/1.1" 404 29924 "https://www.alliancerealty.nb.ca/en/properties-our-listings/?wplpage=4" "Mozilla/5.0 (Linux; Android 7.0;) AppleWebKit/537.36 (HTML, like Gecko) Mobile Safari/537.36 (compatible; PetalBot;+https://webmaster.petalsearch.com/site/petalbot)"
114.119.155.144 - - [20/Jun/2026:09:42:17 -0400] "GET /en/properties/1093-687-chemin-Toussaint/ HTTP/1.1" 200 27104 "https://www.alliancerealty.nb.ca/proprietes/1093-687-chemin-Toussaint/" "Mozilla/5.0 (Linux; Android 7.0;) AppleWebKit/537.36 (HTML, like Gecko) Mobile Safari/537.36 (compatible; PetalBot;+https://webmaster.petalsearch.com/site/petalbot)"
47.54.174.230 - - [20/Jun/2026:09:42:18 -0400] "GET /proprietes-inscriptions/ HTTP/2.0" 200 38612 "https://www.alliancerealty.nb.ca/proprietes-inscriptions/?wplpage=1" "Mozilla/5.0 (Macintosh; Intel Mac OS X 10_15_7) AppleWebKit/605.1.15 (KHTML, like Gecko) Version/26.5 Safari/605.1.15"
47.54.174.230 - - [20/Jun/2026:09:42:21 -0400] "POST /proprietes-inscriptions/ HTTP/2.0" 200 41 "https://www.alliancerealty.nb.ca/proprietes-inscriptions/" "Mozilla/5.0 (Macintosh; Intel Mac OS X 10_15_7) AppleWebKit/605.1.15 (KHTML, like Gecko) Version/26.5 Safari/605.1.15"
47.54.174.230 - - [20/Jun/2026:09:42:21 -0400] "POST /wp-admin/admin-ajax.php HTTP/2.0" 200 270 "https://www.alliancerealty.nb.ca/proprietes-inscriptions/" "Mozilla/5.0 (Macintosh; Intel Mac OS X 10_15_7) AppleWebKit/605.1.15 (KHTML, like Gecko) Version/26.5 Safari/605.1.15"
47.54.174.230 - - [20/Jun/2026:09:42:25 -0400] "GET /wp-content/uploads/WPL/1141/thimg_41_St-Francois1EXT_360x240.jpeg HTTP/2.0" 304 - "https://www.alliancerealty.nb.ca/proprietes-inscriptions/" "Mozilla/5.0 (Macintosh; Intel Mac OS X 10_15_7) AppleWebKit/605.1.15 (KHTML, like Gecko) Version/26.5 Safari/605.1.15"
114.119.157.108 - - [20/Jun/2026:09:42:23 -0400] "GET /en/properties/1030-32-rue-Corno/ HTTP/1.1" 200 27214 "https://www.alliancerealty.nb.ca/proprietes/1030-32-rue-Corno/" "Mozilla/5.0 (Linux; Android 7.0;) AppleWebKit/537.36 (HTML, like Gecko) Mobile Safari/537.36 (compatible; PetalBot;+https://webmaster.petalsearch.com/site/petalbot)"
47.128.119.209 - - [20/Jun/2026:09:42:39 -0400] "GET /listing/page/12/?posts_per_page=48&view=list HTTP/2.0" 200 32651 "-" "Mozilla/5.0 (compatible; Bytespider; spider-feedback@bytedance.com) AppleWebKit/537.36 (KHTML, like Gecko) Chrome/70.0.0.0 Safari/537.36"
47.128.119.209 - - [20/Jun/2026:09:42:43 -0400] "GET /wp-content/plugins/divi-essential/styles/style.min.css?ver=4.6.0 HTTP/2.0" 200 62551 "https://www.alliancerealty.nb.ca/listing/page/12/?posts_per_page=48&view=list" "Mozilla/5.0 (compatible; Bytespider; spider-feedback@bytedance.com) AppleWebKit/537.36 (KHTML, like Gecko) Chrome/70.0.0.0 Safari/537.36"
47.128.119.209 - - [20/Jun/2026:09:42:43 -0400] "GET /wp-content/plugins/real-estate-listing-realtyna-wpl-pro/libraries/page_builders/divi/styles/style.min.css HTTP/2.0" 200 1 "https://www.alliancerealty.nb.ca/listing/page/12/?posts_per_page=48&view=list" "Mozilla/5.0 (compatible; Bytespider; spider-feedback@bytedance.com) AppleWebKit/537.36 (KHTML, like Gecko) Chrome/70.0.0.0 Safari/537.36"
47.128.119.209 - - [20/Jun/2026:09:42:44 -0400] "GET /wp-content/plugins/realtypress-premium/public/third-party/leaflet-markercluster/css/MarkerCluster.min.css?ver=1.9.6 HTTP/2.0" 200 253 "https://www.alliancerealty.nb.ca/listing/page/12/?posts_per_page=48&view=list" "Mozilla/5.0 (compatible; Bytespider; spider-feedback@bytedance.com) AppleWebKit/537.36 (KHTML, like Gecko) Chrome/70.0.0.0 Safari/537.36"
47.128.119.136 - - [20/Jun/2026:09:43:16 -0400] "GET /en/listing/1730-montagne-de-la-croix-road-sainte-anne-de-madawaska-new-brunswick-e7e-1r9-27099477/ HTTP/2.0" 404 29710 "-" "Mozilla/5.0 (Linux; Android 5.0) AppleWebKit/537.36 (KHTML, like Gecko) Mobile Safari/537.36 (compatible; TikTokSpider; ttspider-feedback@tiktok.com)"
47.128.119.136 - - [20/Jun/2026:09:43:19 -0400] "GET /wp-content/plugins/real-estate-listing-realtyna-wpl-pro/libraries/page_builders/divi/styles/style.min.css HTTP/2.0" 200 1 "https://www.alliancerealty.nb.ca/en/listing/1730-montagne-de-la-croix-road-sainte-anne-de-madawaska-new-brunswick-e7e-1r9-27099477/" "Mozilla/5.0 (Linux; Android 5.0) AppleWebKit/537.36 (KHTML, like Gecko) Mobile Safari/537.36 (compatible; TikTokSpider; ttspider-feedback@tiktok.com)"
47.128.119.136 - - [20/Jun/2026:09:43:19 -0400] "GET /wp-content/et-cache/global/et-divi-customizer-global.min.css?ver=1780682423 HTTP/2.0" 200 4087 "https://www.alliancerealty.nb.ca/en/listing/1730-montagne-de-la-croix-road-sainte-anne-de-madawaska-new-brunswick-e7e-1r9-27099477/" "Mozilla/5.0 (Linux; Android 5.0) AppleWebKit/537.36 (KHTML, like Gecko) Mobile Safari/537.36 (compatible; TikTokSpider; ttspider-feedback@tiktok.com)"
47.128.119.32 - - [20/Jun/2026:09:43:23 -0400] "GET /en/ HTTP/2.0" 200 37312 "-" "Mozilla/5.0 (compatible; Bytespider; spider-feedback@bytedance.com) AppleWebKit/537.36 (KHTML, like Gecko) Chrome/70.0.0.0 Safari/537.36"
47.128.119.32 - - [20/Jun/2026:09:43:26 -0400] "GET /wp-content/plugins/real-estate-listing-realtyna-wpl-pro/assets/css/ui_customizer/wpl.css?ver=5.8.13 HTTP/2.0" 200 2967 "https://www.alliancerealty.nb.ca/en/" "Mozilla/5.0 (compatible; Bytespider; spider-feedback@bytedance.com) AppleWebKit/537.36 (KHTML, like Gecko) Chrome/70.0.0.0 Safari/537.36"
47.128.119.32 - - [20/Jun/2026:09:43:26 -0400] "GET /wp-content/plugins/real-estate-listing-realtyna-wpl-pro/libraries/page_builders/divi/styles/style.min.css HTTP/2.0" 200 1 "https://www.alliancerealty.nb.ca/en/" "Mozilla/5.0 (compatible; Bytespider; spider-feedback@bytedance.com) AppleWebKit/537.36 (KHTML, like Gecko) Chrome/70.0.0.0 Safari/537.36"
47.128.119.32 - - [20/Jun/2026:09:43:28 -0400] "GET /wp-content/uploads/WPL/1176/thpler_360x240.php HTTP/2.0" 404 207310 "https://www.alliancerealty.nb.ca/en/" "Mozilla/5.0 (compatible; Bytespider; spider-feedback@bytedance.com) AppleWebKit/537.36 (KHTML, like Gecko) Chrome/70.0.0.0 Safari/537.36"
47.128.119.32 - - [20/Jun/2026:09:43:28 -0400] "GET /wp-content/uploads/WPL/1174/thanakemas_360x240.php HTTP/2.0" 404 207310 "https://www.alliancerealty.nb.ca/en/" "Mozilla/5.0 (compatible; Bytespider; spider-feedback@bytedance.com) AppleWebKit/537.36 (KHTML, like Gecko) Chrome/70.0.0.0 Safari/537.36"
47.128.119.32 - - [20/Jun/2026:09:43:28 -0400] "GET /wp-content/uploads/WPL/1173/thanakemas_360x240.php HTTP/2.0" 404 207310 "https://www.alliancerealty.nb.ca/en/" "Mozilla/5.0 (compatible; Bytespider; spider-feedback@bytedance.com) AppleWebKit/537.36 (KHTML, like Gecko) Chrome/70.0.0.0 Safari/537.36"
47.128.119.32 - - [20/Jun/2026:09:43:28 -0400] "GET /wp-content/uploads/WPL/1175/thpler_360x240.php HTTP/2.0" 404 - "https://www.alliancerealty.nb.ca/en/" "Mozilla/5.0 (compatible; Bytespider; spider-feedback@bytedance.com) AppleWebKit/537.36 (KHTML, like Gecko) Chrome/70.0.0.0 Safari/537.36"
47.128.119.32 - - [20/Jun/2026:09:43:28 -0400] "GET /wp-content/uploads/WPL/1171/thhrx_360x240.php HTTP/2.0" 404 - "https://www.alliancerealty.nb.ca/en/" "Mozilla/5.0 (compatible; Bytespider; spider-feedback@bytedance.com) AppleWebKit/537.36 (KHTML, like Gecko) Chrome/70.0.0.0 Safari/537.36"
47.128.119.32 - - [20/Jun/2026:09:43:28 -0400] "GET /wp-content/uploads/WPL/1172/thhrx_360x240.php HTTP/2.0" 404 - "https://www.alliancerealty.nb.ca/en/" "Mozilla/5.0 (compatible; Bytespider; spider-feedback@bytedance.com) AppleWebKit/537.36 (KHTML, like Gecko) Chrome/70.0.0.0 Safari/537.36"
47.128.119.32 - - [20/Jun/2026:09:43:28 -0400] "GET /wp-content/uploads/WPL/1170/thNx3_360x240.php HTTP/2.0" 404 - "https://www.alliancerealty.nb.ca/en/" "Mozilla/5.0 (compatible; Bytespider; spider-feedback@bytedance.com) AppleWebKit/537.36 (KHTML, like Gecko) Chrome/70.0.0.0 Safari/537.36"
47.128.119.32 - - [20/Jun/2026:09:43:31 -0400] "GET /wp-content/uploads/WPL/1168/thnx10_360x240.php HTTP/2.0" 404 - "https://www.alliancerealty.nb.ca/en/" "Mozilla/5.0 (compatible; Bytespider; spider-feedback@bytedance.com) AppleWebKit/537.36 (KHTML, like Gecko) Chrome/70.0.0.0 Safari/537.36"
47.128.119.32 - - [20/Jun/2026:09:43:31 -0400] "GET /wp-content/uploads/WPL/1167/thNx4_360x240.php HTTP/2.0" 404 - "https://www.alliancerealty.nb.ca/en/" "Mozilla/5.0 (compatible; Bytespider; spider-feedback@bytedance.com) AppleWebKit/537.36 (KHTML, like Gecko) Chrome/70.0.0.0 Safari/537.36"
47.128.119.32 - - [20/Jun/2026:09:43:28 -0400] "GET /wp-content/uploads/WPL/1169/thnx10_360x240.php HTTP/2.0" 404 - "https://www.alliancerealty.nb.ca/en/" "Mozilla/5.0 (compatible; Bytespider; spider-feedback@bytedance.com) AppleWebKit/537.36 (KHTML, like Gecko) Chrome/70.0.0.0 Safari/537.36"
47.128.119.32 - - [20/Jun/2026:09:43:31 -0400] "GET /wp-content/uploads/WPL/1166/thNx4_360x240.php HTTP/2.0" 404 - "https://www.alliancerealty.nb.ca/en/" "Mozilla/5.0 (compatible; Bytespider; spider-feedback@bytedance.com) AppleWebKit/537.36 (KHTML, like Gecko) Chrome/70.0.0.0 Safari/537.36"
121.229.156.114 - - [20/Jun/2026:09:43:23 -0400] "GET /listing/177-canada-road-edmundston-new-brunswick-e3v-1v7-28853116/ HTTP/1.1" 404 206615 "-" "Sogou web spider/4.0(+http://www.sogou.com/docs/help/webmasters.htm#07)"
47.128.119.242 - - [20/Jun/2026:09:44:08 -0400] "GET /listing/292-chemin-ruisseau-a-thibodeau-saint-basile-new-brunswick-e7c-2l8-28371104/ HTTP/2.0" 404 29817 "-" "Mozilla/5.0 (compatible; Bytespider; spider-feedback@bytedance.com) AppleWebKit/537.36 (KHTML, like Gecko) Chrome/70.0.0.0 Safari/537.36"
47.128.119.242 - - [20/Jun/2026:09:44:12 -0400] "GET /wp-content/plugins/real-estate-listing-realtyna-wpl-pro/libraries/page_builders/divi/styles/style.min.css HTTP/2.0" 200 1 "https://www.alliancerealty.nb.ca/listing/292-chemin-ruisseau-a-thibodeau-saint-basile-new-brunswick-e7c-2l8-28371104/" "Mozilla/5.0 (compatible; Bytespider; spider-feedback@bytedance.com) AppleWebKit/537.36 (KHTML, like Gecko) Chrome/70.0.0.0 Safari/537.36"
47.128.119.242 - - [20/Jun/2026:09:44:12 -0400] "GET /wp-content/plugins/tablepress/css/default.min.css?ver=1.14 HTTP/2.0" 200 2016 "https://www.alliancerealty.nb.ca/listing/292-chemin-ruisseau-a-thibodeau-saint-basile-new-brunswick-e7c-2l8-28371104/" "Mozilla/5.0 (compatible; Bytespider; spider-feedback@bytedance.com) AppleWebKit/537.36 (KHTML, like Gecko) Chrome/70.0.0.0 Safari/537.36"
47.128.119.242 - - [20/Jun/2026:09:44:12 -0400] "GET /wp-content/plugins/realtypress-premium/public/templates/default/css/responsive.css?ver=1.9.6 HTTP/2.0" 200 553 "https://www.alliancerealty.nb.ca/listing/292-chemin-ruisseau-a-thibodeau-saint-basile-new-brunswick-e7c-2l8-28371104/" "Mozilla/5.0 (compatible; Bytespider; spider-feedback@bytedance.com) AppleWebKit/537.36 (KHTML, like Gecko) Chrome/70.0.0.0 Safari/537.36"
47.128.119.242 - - [20/Jun/2026:09:44:12 -0400] "GET /wp-content/plugins/realtypress-premium/public/templates/default/css/styles.css?ver=1.9.6 HTTP/2.0" 200 5414 "https://www.alliancerealty.nb.ca/listing/292-chemin-ruisseau-a-thibodeau-saint-basile-new-brunswick-e7c-2l8-28371104/" "Mozilla/5.0 (compatible; Bytespider; spider-feedback@bytedance.com) AppleWebKit/537.36 (KHTML, like Gecko) Chrome/70.0.0.0 Safari/537.36"
47.128.119.170 - - [20/Jun/2026:09:44:28 -0400] "GET /listing/416-de-leglise-lac-baker-new-brunswick-e7a-1l4-25945413/ HTTP/2.0" 404 29821 "-" "Mozilla/5.0 (Linux; Android 5.0) AppleWebKit/537.36 (KHTML, like Gecko) Mobile Safari/537.36 (compatible; TikTokSpider; ttspider-feedback@tiktok.com)"
47.128.119.170 - - [20/Jun/2026:09:44:31 -0400] "GET /wp-content/plugins/real-estate-listing-realtyna-wpl-pro/libraries/page_builders/divi/styles/style.min.css HTTP/2.0" 200 1 "https://www.alliancerealty.nb.ca/listing/416-de-leglise-lac-baker-new-brunswick-e7a-1l4-25945413/" "Mozilla/5.0 (Linux; Android 5.0) AppleWebKit/537.36 (KHTML, like Gecko) Mobile Safari/537.36 (compatible; TikTokSpider; ttspider-feedback@tiktok.com)"
57.141.20.18 - - [20/Jun/2026:09:44:33 -0400] "GET /wp-content/uploads/WPL/1152/thNx1_360x240.php HTTP/2.0" 404 207310 "-" "meta-webindexer/1.1 (+https://developers.facebook.com/docs/sharing/webmasters/crawler)"
192.178.6.71 - - [20/Jun/2026:09:44:37 -0400] "GET /robots.txt HTTP/1.1" 301 1 "-" "Mozilla/5.0 (compatible; Googlebot/2.1; +http://www.google.com/bot.html)"
192.178.6.71 - - [20/Jun/2026:09:44:38 -0400] "GET /details.cfm?house_id=4089&sale=1&lg=en HTTP/1.1" 301 1 "-" "Mozilla/5.0 (Linux; Android 6.0.1; Nexus 5X Build/MMB29P) AppleWebKit/537.36 (KHTML, like Gecko) Chrome/148.0.7778.96 Mobile Safari/537.36 (compatible; Googlebot/2.1; +http://www.google.com/bot.html)"
66.249.69.65 - - [20/Jun/2026:09:44:39 -0400] "GET /details.cfm?house_id=4089&sale=1&lg=en HTTP/1.1" 404 29904 "-" "Mozilla/5.0 (Linux; Android 6.0.1; Nexus 5X Build/MMB29P) AppleWebKit/537.36 (KHTML, like Gecko) Chrome/148.0.7778.96 Mobile Safari/537.36 (compatible; Googlebot/2.1; +http://www.google.com/bot.html)"
223.109.255.167 - - [20/Jun/2026:09:44:35 -0400] "GET /en/listing/00000-st-joseph-edmundston-new-brunswick-e7b-2g4-28673426/ HTTP/1.1" 404 206492 "-" "Sogou web spider/4.0(+http://www.sogou.com/docs/help/webmasters.htm#07)"
47.128.119.232 - - [20/Jun/2026:09:44:54 -0400] "GET /listing/page/12/?posts_per_page=48&view=list HTTP/2.0" 200 32654 "-" "Mozilla/5.0 (Linux; Android 5.0) AppleWebKit/537.36 (KHTML, like Gecko) Mobile Safari/537.36 (compatible; Bytespider; spider-feedback@bytedance.com)"
47.128.119.232 - - [20/Jun/2026:09:44:57 -0400] "GET /wp-content/plugins/sitepress-multilingual-cms/templates/language-switchers/menu-item/style.css?ver=1 HTTP/2.0" 200 94 "https://www.alliancerealty.nb.ca/listing/page/12/?posts_per_page=48&view=list" "Mozilla/5.0 (Linux; Android 5.0) AppleWebKit/537.36 (KHTML, like Gecko) Mobile Safari/537.36 (compatible; Bytespider; spider-feedback@bytedance.com)"
47.128.119.232 - - [20/Jun/2026:09:44:57 -0400] "GET /wp-content/plugins/real-estate-listing-realtyna-wpl-pro/libraries/page_builders/divi/styles/style.min.css HTTP/2.0" 200 1 "https://www.alliancerealty.nb.ca/listing/page/12/?posts_per_page=48&view=list" "Mozilla/5.0 (Linux; Android 5.0) AppleWebKit/537.36 (KHTML, like Gecko) Mobile Safari/537.36 (compatible; Bytespider; spider-feedback@bytedance.com)"
47.128.119.232 - - [20/Jun/2026:09:44:58 -0400] "GET /wp-content/plugins/realtypress-premium/public/third-party/leaflet-plugins/fullscreen/css/leaflet.fullscreen.min.css?ver=1.9.6 HTTP/2.0" 200 266 "https://www.alliancerealty.nb.ca/listing/page/12/?posts_per_page=48&view=list" "Mozilla/5.0 (Linux; Android 5.0) AppleWebKit/537.36 (KHTML, like Gecko) Mobile Safari/537.36 (compatible; Bytespider; spider-feedback@bytedance.com)"
66.249.69.67 - - [20/Jun/2026:09:45:45 -0400] "GET /en/properties/1165-%C3%80-vendre/ HTTP/1.1" 200 32200 "-" "Mozilla/5.0 (Linux; Android 6.0.1; Nexus 5X Build/MMB29P) AppleWebKit/537.36 (KHTML, like Gecko) Chrome/148.0.7778.96 Mobile Safari/537.36 (compatible; Googlebot/2.1; +http://www.google.com/bot.html)"
114.119.144.31 - - [20/Jun/2026:09:46:30 -0400] "GET /en/properties/405-Lot-4-Rue-Frenette HTTP/1.1" 301 1 "https://www.alliancerealty.nb.ca/en/properties-our-listings?wplpage=5" "Mozilla/5.0 (Linux; Android 7.0;) AppleWebKit/537.36 (HTML, like Gecko) Mobile Safari/537.36 (compatible; PetalBot;+https://webmaster.petalsearch.com/site/petalbot)"
114.119.144.31 - - [20/Jun/2026:09:46:33 -0400] "GET /en/properties/405-Lot-4-Rue-Frenette/ HTTP/1.1" 200 32746 "https://www.alliancerealty.nb.ca/en/properties-our-listings?wplpage=5" "Mozilla/5.0 (Linux; Android 7.0;) AppleWebKit/537.36 (HTML, like Gecko) Mobile Safari/537.36 (compatible; PetalBot;+https://webmaster.petalsearch.com/site/petalbot)"
209.133.204.250 - - [20/Jun/2026:09:47:01 -0400] "GET /wp-login.php HTTP/2.0" 200 2594 "-" "Mozilla/5.0 (Windows NT 10.0; Win64; x64) AppleWebKit/537.36 (KHTML, like Gecko) Chrome/120.0.0.0 Safari/537.36"
43.163.124.236 - - [20/Jun/2026:09:47:57 -0400] "GET /aboutus/info.cfm?house_id=4028&email=hermance@alliancerealty.nb.ca&lg=fr HTTP/2.0" 404 29906 "https://www.alliancerealty.nb.ca/aboutus/info.cfm?house_id=4028&email=hermance@alliancerealty.nb.ca&lg=fr" "Mozilla/5.0 (Macintosh; Intel Mac OS X 10_15_7) AppleWebKit/537.36 (KHTML, like Gecko) Chrome/131.0.0.0 Safari/537.36"
216.73.217.47 - - [20/Jun/2026:09:48:22 -0400] "GET /listing/page/55?paged=1&posts_per_page=48&view=grid HTTP/2.0" 301 1 "-" "Mozilla/5.0 AppleWebKit/537.36 (KHTML, like Gecko; compatible; ClaudeBot/1.0; +claudebot@anthropic.com)"
216.73.217.47 - - [20/Jun/2026:09:48:24 -0400] "GET /listing/?posts_per_page=48&view=grid HTTP/2.0" 200 37835 "https://www.alliancerealty.nb.ca/listing/page/55?paged=1&posts_per_page=48&view=grid" "Mozilla/5.0 AppleWebKit/537.36 (KHTML, like Gecko; compatible; ClaudeBot/1.0; +claudebot@anthropic.com)"
66.249.69.65 - - [20/Jun/2026:09:48:49 -0400] "GET /details.cfm?house_id=3952&sale=1&lg=en HTTP/1.1" 404 29906 "-" "Mozilla/5.0 (Linux; Android 6.0.1; Nexus 5X Build/MMB29P) AppleWebKit/537.36 (KHTML, like Gecko) Chrome/148.0.7778.96 Mobile Safari/537.36 (compatible; Googlebot/2.1; +http://www.google.com/bot.html)"
162.254.36.150 - - [20/Jun/2026:09:49:33 -0400] "GET /wp-login.php HTTP/2.0" 200 2594 "-" "Mozilla/5.0 (Macintosh; Intel Mac OS X 10_15_7) AppleWebKit/537.36 (KHTML, like Gecko) Chrome/133.0.0.0 Safari/537.36"
162.254.36.150 - - [20/Jun/2026:09:49:34 -0400] "POST /wp-login.php HTTP/2.0" 200 2719 "https://www.alliancerealty.nb.ca/wp-login.php" "Mozilla/5.0 (Macintosh; Intel Mac OS X 10_15_7) AppleWebKit/537.36 (KHTML, like Gecko) Chrome/133.0.0.0 Safari/537.36"
216.73.217.47 - - [20/Jun/2026:09:49:53 -0400] "GET /listing/page/54?paged=54&view=grid HTTP/2.0" 301 1 "-" "Mozilla/5.0 AppleWebKit/537.36 (KHTML, like Gecko; compatible; ClaudeBot/1.0; +claudebot@anthropic.com)"
216.73.217.47 - - [20/Jun/2026:09:49:54 -0400] "GET /listing/page/54/?view=grid HTTP/2.0" 200 32697 "https://www.alliancerealty.nb.ca/listing/page/54?paged=54&view=grid" "Mozilla/5.0 AppleWebKit/537.36 (KHTML, like Gecko; compatible; ClaudeBot/1.0; +claudebot@anthropic.com)"
85.208.96.209 - - [20/Jun/2026:09:49:58 -0400] "GET /robots.txt HTTP/1.1" 200 67 "-" "Mozilla/5.0 (compatible; SemrushBot/7~bl; +http://www.semrush.com/bot.html)"
185.191.171.1 - - [20/Jun/2026:09:50:00 -0400] "GET /listing/53-grondin-street-saint-jacques-new-brunswick-e7b-1j6-29871905/ HTTP/1.1" 200 228641 "-" "Mozilla/5.0 (compatible; SemrushBot/7~bl; +http://www.semrush.com/bot.html)"
47.128.119.14 - - [20/Jun/2026:09:50:32 -0400] "GET /en/listing/60-iroquois-road-saint-jacques-new-brunswick-e7b-2b6-29109133/ HTTP/2.0" 404 29710 "-" "Mozilla/5.0 (Linux; Android 5.0) AppleWebKit/537.36 (KHTML, like Gecko) Mobile Safari/537.36 (compatible; TikTokSpider; ttspider-feedback@tiktok.com)"
47.128.119.14 - - [20/Jun/2026:09:50:35 -0400] "GET /wp-content/plugins/real-estate-listing-realtyna-wpl-pro/libraries/page_builders/divi/styles/style.min.css HTTP/2.0" 200 1 "https://www.alliancerealty.nb.ca/en/listing/60-iroquois-road-saint-jacques-new-brunswick-e7b-2b6-29109133/" "Mozilla/5.0 (Linux; Android 5.0) AppleWebKit/537.36 (KHTML, like Gecko) Mobile Safari/537.36 (compatible; TikTokSpider; ttspider-feedback@tiktok.com)"
66.249.69.67 - - [20/Jun/2026:09:50:47 -0400] "GET /proprietes-inscriptions/?wplpage=2 HTTP/1.1" 200 38174 "-" "Mozilla/5.0 (Linux; Android 6.0.1; Nexus 5X Build/MMB29P) AppleWebKit/537.36 (KHTML, like Gecko) Chrome/148.0.7778.96 Mobile Safari/537.36 (compatible; Googlebot/2.1; +http://www.google.com/bot.html)"
216.73.217.47 - - [20/Jun/2026:09:51:13 -0400] "GET /wp-content/uploads/WPL/1164/thNx4_360x240.php HTTP/2.0" 404 29921 "-" "Mozilla/5.0 AppleWebKit/537.36 (KHTML, like Gecko; compatible; ClaudeBot/1.0; +claudebot@anthropic.com)"
223.181.115.95 - - [20/Jun/2026:09:52:04 -0400] "POST /xmlrpc.php HTTP/1.1" 200 410 "-" "WordPress.com; https://wordpress.com"
216.73.217.47 - - [20/Jun/2026:09:52:11 -0400] "GET /listing/page/53/?view=map HTTP/2.0" 200 36713 "-" "Mozilla/5.0 AppleWebKit/537.36 (KHTML, like Gecko; compatible; ClaudeBot/1.0; +claudebot@anthropic.com)"
223.181.115.95 - - [20/Jun/2026:09:52:13 -0400] "POST /xmlrpc.php HTTP/1.1" 200 410 "-" "Jetpack by WordPress.com"
223.181.115.95 - - [20/Jun/2026:09:52:24 -0400] "POST /xmlrpc.php HTTP/1.1" 200 410 "-" "WordPress.com; https://wordpress.com"
223.181.115.95 - - [20/Jun/2026:09:52:34 -0400] "POST /xmlrpc.php HTTP/1.1" 200 410 "-" "Jetpack by WordPress.com (Jetpack 12.5; WordPress 6.3)"
192.178.6.70 - - [20/Jun/2026:09:52:36 -0400] "GET / HTTP/1.1" 301 1 "-" "Mozilla/5.0 (compatible; Googlebot/2.1; +http://www.google.com/bot.html)"
194.164.192.228 - - [20/Jun/2026:09:52:37 -0400] "GET /wp-login.php HTTP/2.0" 200 2594 "-" "Mozilla/5.0 (X11; Linux x86_64; rv:133.0) Gecko/20100101 Firefox/133.0"
194.164.192.228 - - [20/Jun/2026:09:52:38 -0400] "POST /wp-login.php HTTP/2.0" 200 2718 "https://www.alliancerealty.nb.ca/wp-login.php" "Mozilla/5.0 (X11; Linux x86_64; rv:133.0) Gecko/20100101 Firefox/133.0"
192.178.6.71 - - [20/Jun/2026:09:52:38 -0400] "GET / HTTP/1.1" 301 1 "-" "Mozilla/5.0 (Linux; Android 6.0.1; Nexus 5X Build/MMB29P) AppleWebKit/537.36 (KHTML, like Gecko) Chrome/148.0.7778.96 Mobile Safari/537.36 (compatible; Googlebot/2.1; +http://www.google.com/bot.html)"
66.249.69.66 - - [20/Jun/2026:09:52:40 -0400] "GET / HTTP/1.1" 200 38006 "-" "Mozilla/5.0 (Linux; Android 6.0.1; Nexus 5X Build/MMB29P) AppleWebKit/537.36 (KHTML, like Gecko) Chrome/148.0.7778.96 Mobile Safari/537.36 (compatible; Googlebot/2.1; +http://www.google.com/bot.html)"
223.181.115.95 - - [20/Jun/2026:09:52:45 -0400] "POST /xmlrpc.php HTTP/1.1" 200 410 "-" "Jetpack by WordPress.com"
66.249.69.67 - - [20/Jun/2026:09:52:43 -0400] "GET / HTTP/1.1" 200 38002 "-" "Mozilla/5.0 (compatible; Googlebot/2.1; +http://www.google.com/bot.html)"
223.181.115.95 - - [20/Jun/2026:09:52:56 -0400] "POST /xmlrpc.php HTTP/1.1" 200 410 "-" "Jetpack by WordPress.com"
114.119.135.42 - - [20/Jun/2026:09:52:55 -0400] "GET /listing/69-canada-road-edmundston-new-brunswick-e3v-1s3-29165166/ HTTP/1.1" 404 29821 "https://www.alliancerealty.nb.ca/inscriptions-inter-agences/page/20/" "Mozilla/5.0 (Linux; Android 7.0;) AppleWebKit/537.36 (HTML, like Gecko) Mobile Safari/537.36 (compatible; PetalBot;+https://webmaster.petalsearch.com/site/petalbot)"
192.178.6.69 - - [20/Jun/2026:09:53:02 -0400] "GET /images/slideshow/index.cfm?house_id=3635&lg=fr HTTP/1.1" 301 1 "-" "Mozilla/5.0 (Linux; Android 6.0.1; Nexus 5X Build/MMB29P) AppleWebKit/537.36 (KHTML, like Gecko) Chrome/148.0.7778.96 Mobile Safari/537.36 (compatible; Googlebot/2.1; +http://www.google.com/bot.html)"
66.249.69.67 - - [20/Jun/2026:09:53:04 -0400] "GET /images/slideshow/index.cfm?house_id=3635&lg=fr HTTP/1.1" 404 29923 "-" "Mozilla/5.0 (Linux; Android 6.0.1; Nexus 5X Build/MMB29P) AppleWebKit/537.36 (KHTML, like Gecko) Chrome/148.0.7778.96 Mobile Safari/537.36 (compatible; Googlebot/2.1; +http://www.google.com/bot.html)"
223.181.115.95 - - [20/Jun/2026:09:53:06 -0400] "POST /xmlrpc.php HTTP/1.1" 200 410 "-" "Jetpack/12.5; WordPress/6.1; http://site81889911.com"
223.181.115.95 - - [20/Jun/2026:09:53:18 -0400] "POST /xmlrpc.php HTTP/1.1" 200 410 "-" "Jetpack by WordPress.com"
223.181.115.95 - - [20/Jun/2026:09:53:28 -0400] "POST /xmlrpc.php HTTP/1.1" 200 410 "-" "Jetpack/12.5; WordPress/6.2; http://site86230485.com"
223.181.115.95 - - [20/Jun/2026:09:53:38 -0400] "POST /xmlrpc.php HTTP/1.1" 200 410 "-" "Jetpack by WordPress.com (Jetpack 13.0; WordPress 6.3)"
223.181.115.95 - - [20/Jun/2026:09:53:49 -0400] "POST /xmlrpc.php HTTP/1.1" 200 410 "-" "WordPress.com; https://wordpress.com"
223.181.115.95 - - [20/Jun/2026:09:54:00 -0400] "POST /xmlrpc.php HTTP/1.1" 200 410 "-" "Jetpack/12.5; WordPress/6.2; http://site96132100.com"
223.181.115.95 - - [20/Jun/2026:09:54:10 -0400] "POST /xmlrpc.php HTTP/1.1" 200 410 "-" "WordPress.com; https://wordpress.com"
223.181.115.95 - - [20/Jun/2026:09:54:22 -0400] "POST /xmlrpc.php HTTP/1.1" 200 410 "-" "Jetpack by WordPress.com (Jetpack 12.5; WordPress 6.2)"
216.73.217.47 - - [20/Jun/2026:09:54:26 -0400] "GET /en/properties/1160-%C3%80-vendre/ HTTP/2.0" 200 32200 "-" "Mozilla/5.0 AppleWebKit/537.36 (KHTML, like Gecko; compatible; ClaudeBot/1.0; +claudebot@anthropic.com)"
216.73.217.47 - - [20/Jun/2026:09:54:27 -0400] "GET /wp-content/uploads/WPL/1159/thNx3_360x240.php HTTP/2.0" 404 29920 "-" "Mozilla/5.0 AppleWebKit/537.36 (KHTML, like Gecko; compatible; ClaudeBot/1.0; +claudebot@anthropic.com)"
223.181.115.95 - - [20/Jun/2026:09:54:32 -0400] "POST /xmlrpc.php HTTP/1.1" 200 410 "-" "Jetpack/12.1; WordPress/6.3; http://site79652303.com"
223.181.115.95 - - [20/Jun/2026:09:54:42 -0400] "POST /xmlrpc.php HTTP/1.1" 200 410 "-" "Jetpack by WordPress.com (Jetpack 12.5; WordPress 6.2)"
34.234.206.30 - - [20/Jun/2026:09:54:53 -0400] "GET /wp-json/oembed/1.0/embed?url=https://www.alliancerealty.nb.ca/proprietes/ HTTP/1.1" 200 2556 "-" "Mozilla/5.0 AppleWebKit/537.36 (KHTML, like Gecko; compatible; Amazonbot/0.1; +https://developer.amazon.com/support/amazonbot) Chrome/119.0.6045.214 Safari/537.36"
223.181.115.95 - - [20/Jun/2026:09:54:53 -0400] "POST /xmlrpc.php HTTP/1.1" 200 410 "-" "WordPress.com; https://wordpress.com"
223.181.115.95 - - [20/Jun/2026:09:55:04 -0400] "POST /xmlrpc.php HTTP/1.1" 200 410 "-" "Jetpack by WordPress.com (Jetpack 13.0; WordPress 6.4)"
223.181.115.95 - - [20/Jun/2026:09:55:15 -0400] "POST /xmlrpc.php HTTP/1.1" 200 410 "-" "Jetpack by WordPress.com (Jetpack 13.0; WordPress 6.1)"
223.181.115.95 - - [20/Jun/2026:09:55:25 -0400] "POST /xmlrpc.php HTTP/1.1" 200 410 "-" "Jetpack by WordPress.com (Jetpack 13.0; WordPress 6.3)"
223.181.115.95 - - [20/Jun/2026:09:55:36 -0400] "POST /xmlrpc.php HTTP/1.1" 200 410 "-" "Jetpack by WordPress.com"
223.181.115.95 - - [20/Jun/2026:09:55:46 -0400] "POST /xmlrpc.php HTTP/1.1" 200 410 "-" "Jetpack by WordPress.com (Jetpack 12.5; WordPress 6.2)"
223.181.115.95 - - [20/Jun/2026:09:55:57 -0400] "POST /xmlrpc.php HTTP/1.1" 200 410 "-" "WordPress.com; https://wordpress.com"
223.181.115.95 - - [20/Jun/2026:09:56:08 -0400] "POST /xmlrpc.php HTTP/1.1" 200 410 "-" "WordPress.com; https://wordpress.com"
223.181.115.95 - - [20/Jun/2026:09:56:19 -0400] "POST /xmlrpc.php HTTP/1.1" 200 410 "-" "Jetpack/13.0; WordPress/6.4; http://site47223934.com"
216.73.217.47 - - [20/Jun/2026:09:56:18 -0400] "GET /en/?p=6680 HTTP/2.0" 301 1 "-" "Mozilla/5.0 AppleWebKit/537.36 (KHTML, like Gecko; compatible; ClaudeBot/1.0; +claudebot@anthropic.com)"
216.73.217.47 - - [20/Jun/2026:09:56:19 -0400] "GET /en/listing/542-saint-francois-street-edmundston-new-brunswick-e3v-1g8-29917803/ HTTP/2.0" 200 34136 "https://www.alliancerealty.nb.ca/en/?p=6680" "Mozilla/5.0 AppleWebKit/537.36 (KHTML, like Gecko; compatible; ClaudeBot/1.0; +claudebot@anthropic.com)"
223.181.115.95 - - [20/Jun/2026:09:56:29 -0400] "POST /xmlrpc.php HTTP/1.1" 200 410 "-" "Jetpack/12.5; WordPress/6.4; http://site76053758.com"
174.118.54.99 - - [20/Jun/2026:09:56:34 -0400] "GET / HTTP/2.0" 200 38004 "https://www.google.com/" "Mozilla/5.0 (Windows NT 6.1; Win64; x64) AppleWebKit/537.36 (KHTML, like Gecko) Chrome/109.0.0.0 Safari/537.36 Edg/109.0.1518.140"
174.118.54.99 - - [20/Jun/2026:09:56:37 -0400] "GET /wp-content/et-cache/22/et-divi-dynamic-tb-2408-22-late.css?ver=1780682545 HTTP/2.0" 304 - "https://www.alliancerealty.nb.ca/" "Mozilla/5.0 (Windows NT 6.1; Win64; x64) AppleWebKit/537.36 (KHTML, like Gecko) Chrome/109.0.0.0 Safari/537.36 Edg/109.0.1518.140"
174.118.54.99 - - [20/Jun/2026:09:56:37 -0400] "GET /wp-content/et-cache/22/et-divi-dynamic-tb-2408-22.css?ver=1780682545 HTTP/2.0" 304 - "https://www.alliancerealty.nb.ca/" "Mozilla/5.0 (Windows NT 6.1; Win64; x64) AppleWebKit/537.36 (KHTML, like Gecko) Chrome/109.0.0.0 Safari/537.36 Edg/109.0.1518.140"
174.118.54.99 - - [20/Jun/2026:09:56:37 -0400] "GET /wp-content/et-cache/22/et-core-unified-22.min.css?ver=1780682546 HTTP/2.0" 304 - "https://www.alliancerealty.nb.ca/" "Mozilla/5.0 (Windows NT 6.1; Win64; x64) AppleWebKit/537.36 (KHTML, like Gecko) Chrome/109.0.0.0 Safari/537.36 Edg/109.0.1518.140"
174.118.54.99 - - [20/Jun/2026:09:56:37 -0400] "GET /wp-content/et-cache/22/et-core-unified-tb-2408-deferred-22.min.css?ver=1780682547 HTTP/2.0" 304 - "https://www.alliancerealty.nb.ca/" "Mozilla/5.0 (Windows NT 6.1; Win64; x64) AppleWebKit/537.36 (KHTML, like Gecko) Chrome/109.0.0.0 Safari/537.36 Edg/109.0.1518.140"
174.118.54.99 - - [20/Jun/2026:09:56:37 -0400] "GET /wp-content/uploads/2021/01/excl.jpg HTTP/2.0" 200 13261 "https://www.alliancerealty.nb.ca/" "Mozilla/5.0 (Windows NT 6.1; Win64; x64) AppleWebKit/537.36 (KHTML, like Gecko) Chrome/109.0.0.0 Safari/537.36 Edg/109.0.1518.140"
174.118.54.99 - - [20/Jun/2026:09:56:38 -0400] "POST / HTTP/2.0" 200 41 "https://www.alliancerealty.nb.ca/" "Mozilla/5.0 (Windows NT 6.1; Win64; x64) AppleWebKit/537.36 (KHTML, like Gecko) Chrome/109.0.0.0 Safari/537.36 Edg/109.0.1518.140"
174.118.54.99 - - [20/Jun/2026:09:56:38 -0400] "POST /wp-admin/admin-ajax.php HTTP/2.0" 200 268 "https://www.alliancerealty.nb.ca/" "Mozilla/5.0 (Windows NT 6.1; Win64; x64) AppleWebKit/537.36 (KHTML, like Gecko) Chrome/109.0.0.0 Safari/537.36 Edg/109.0.1518.140"
174.118.54.99 - - [20/Jun/2026:09:56:37 -0400] "GET /wp-content/uploads/WPL/1174/thanakemas_360x240.php HTTP/2.0" 404 29923 "https://www.alliancerealty.nb.ca/" "Mozilla/5.0 (Windows NT 6.1; Win64; x64) AppleWebKit/537.36 (KHTML, like Gecko) Chrome/109.0.0.0 Safari/537.36 Edg/109.0.1518.140"
174.118.54.99 - - [20/Jun/2026:09:56:37 -0400] "GET /wp-content/uploads/WPL/1176/thpler_360x240.php HTTP/2.0" 404 29924 "https://www.alliancerealty.nb.ca/" "Mozilla/5.0 (Windows NT 6.1; Win64; x64) AppleWebKit/537.36 (KHTML, like Gecko) Chrome/109.0.0.0 Safari/537.36 Edg/109.0.1518.140"
174.118.54.99 - - [20/Jun/2026:09:56:37 -0400] "GET /wp-content/uploads/WPL/1175/thpler_360x240.php HTTP/2.0" 404 29924 "https://www.alliancerealty.nb.ca/" "Mozilla/5.0 (Windows NT 6.1; Win64; x64) AppleWebKit/537.36 (KHTML, like Gecko) Chrome/109.0.0.0 Safari/537.36 Edg/109.0.1518.140"
223.181.115.95 - - [20/Jun/2026:09:56:40 -0400] "POST /xmlrpc.php HTTP/1.1" 200 410 "-" "Jetpack by WordPress.com (Jetpack 13.0; WordPress 6.1)"
193.36.224.27 - - [20/Jun/2026:09:56:40 -0400] "POST /wp-login.php HTTP/1.1" 200 10832 "-" "Mozilla/5.0 (Windows NT 10.0; Win64; rv:143.0) Gecko/20100101 Firefox/143.0"
174.118.54.99 - - [20/Jun/2026:09:56:40 -0400] "GET /wp-content/uploads/WPL/1173/thanakemas_360x240.php HTTP/2.0" 404 29924 "https://www.alliancerealty.nb.ca/" "Mozilla/5.0 (Windows NT 6.1; Win64; x64) AppleWebKit/537.36 (KHTML, like Gecko) Chrome/109.0.0.0 Safari/537.36 Edg/109.0.1518.140"
174.118.54.99 - - [20/Jun/2026:09:56:40 -0400] "GET /wp-content/uploads/WPL/1171/thhrx_360x240.php HTTP/2.0" 404 29923 "https://www.alliancerealty.nb.ca/" "Mozilla/5.0 (Windows NT 6.1; Win64; x64) AppleWebKit/537.36 (KHTML, like Gecko) Chrome/109.0.0.0 Safari/537.36 Edg/109.0.1518.140"
174.118.54.99 - - [20/Jun/2026:09:56:40 -0400] "GET /wp-content/uploads/WPL/1172/thhrx_360x240.php HTTP/2.0" 404 29924 "https://www.alliancerealty.nb.ca/" "Mozilla/5.0 (Windows NT 6.1; Win64; x64) AppleWebKit/537.36 (KHTML, like Gecko) Chrome/109.0.0.0 Safari/537.36 Edg/109.0.1518.140"
174.118.54.99 - - [20/Jun/2026:09:56:40 -0400] "GET /wp-content/uploads/WPL/1168/thnx10_360x240.php HTTP/2.0" 404 29922 "https://www.alliancerealty.nb.ca/" "Mozilla/5.0 (Windows NT 6.1; Win64; x64) AppleWebKit/537.36 (KHTML, like Gecko) Chrome/109.0.0.0 Safari/537.36 Edg/109.0.1518.140"
174.118.54.99 - - [20/Jun/2026:09:56:40 -0400] "GET /wp-content/uploads/WPL/1169/thnx10_360x240.php HTTP/2.0" 404 29924 "https://www.alliancerealty.nb.ca/" "Mozilla/5.0 (Windows NT 6.1; Win64; x64) AppleWebKit/537.36 (KHTML, like Gecko) Chrome/109.0.0.0 Safari/537.36 Edg/109.0.1518.140"
174.118.54.99 - - [20/Jun/2026:09:56:41 -0400] "GET /wp-content/uploads/WPL/1167/thNx4_360x240.php HTTP/2.0" 404 29924 "https://www.alliancerealty.nb.ca/" "Mozilla/5.0 (Windows NT 6.1; Win64; x64) AppleWebKit/537.36 (KHTML, like Gecko) Chrome/109.0.0.0 Safari/537.36 Edg/109.0.1518.140"
174.118.54.99 - - [20/Jun/2026:09:56:40 -0400] "GET /wp-content/uploads/WPL/1170/thNx3_360x240.php HTTP/2.0" 404 29924 "https://www.alliancerealty.nb.ca/" "Mozilla/5.0 (Windows NT 6.1; Win64; x64) AppleWebKit/537.36 (KHTML, like Gecko) Chrome/109.0.0.0 Safari/537.36 Edg/109.0.1518.140"
174.118.54.99 - - [20/Jun/2026:09:56:41 -0400] "GET /wp-content/uploads/WPL/1166/thNx4_360x240.php HTTP/2.0" 404 29924 "https://www.alliancerealty.nb.ca/" "Mozilla/5.0 (Windows NT 6.1; Win64; x64) AppleWebKit/537.36 (KHTML, like Gecko) Chrome/109.0.0.0 Safari/537.36 Edg/109.0.1518.140"
174.118.54.99 - - [20/Jun/2026:09:56:41 -0400] "GET /wp-content/uploads/WPL/1165/thNx4_360x240.php HTTP/2.0" 404 29924 "https://www.alliancerealty.nb.ca/" "Mozilla/5.0 (Windows NT 6.1; Win64; x64) AppleWebKit/537.36 (KHTML, like Gecko) Chrome/109.0.0.0 Safari/537.36 Edg/109.0.1518.140"
216.73.217.47 - - [20/Jun/2026:09:57:02 -0400] "GET /en/properties/1158-For-sale/ HTTP/2.0" 404 29792 "-" "Mozilla/5.0 AppleWebKit/537.36 (KHTML, like Gecko; compatible; ClaudeBot/1.0; +claudebot@anthropic.com)"
216.73.217.47 - - [20/Jun/2026:09:57:02 -0400] "GET /en/properties/1157-For-sale/ HTTP/2.0" 200 32180 "-" "Mozilla/5.0 AppleWebKit/537.36 (KHTML, like Gecko; compatible; ClaudeBot/1.0; +claudebot@anthropic.com)"
66.249.69.67 - - [20/Jun/2026:09:57:15 -0400] "GET /robots.txt HTTP/1.1" 200 55 "-" "Mozilla/5.0 (compatible; Googlebot/2.1; +http://www.google.com/bot.html)"
66.249.69.67 - - [20/Jun/2026:09:57:15 -0400] "GET /inscription.cfm?page=15&debut=41&fin=51&region=0&pricerange=0&pricerange_2=5500000&dwellingtemp=0&garage=0&pool=0&waterfront=0&reduction=0&sale=1&lg=en HTTP/1.1" 404 29907 "-" "Mozilla/5.0 (Linux; Android 6.0.1; Nexus 5X Build/MMB29P) AppleWebKit/537.36 (KHTML, like Gecko) Chrome/148.0.7778.96 Mobile Safari/537.36 (compatible; Googlebot/2.1; +http://www.google.com/bot.html)"
209.16.158.30 - - [20/Jun/2026:09:57:50 -0400] "POST /wp-cron.php?doing_wp_cron=1781963870.3440499305725097656250 HTTP/1.1" 200 1 "https://www.alliancerealty.nb.ca/wp-cron.php?doing_wp_cron=1781963870.3440499305725097656250" "WordPress/5.8.13; https://www.alliancerealty.nb.ca/en/"
66.249.69.65 - - [20/Jun/2026:09:57:49 -0400] "GET /en/properties/1157-For-sale/ HTTP/1.1" 200 32186 "-" "Mozilla/5.0 (Linux; Android 6.0.1; Nexus 5X Build/MMB29P) AppleWebKit/537.36 (KHTML, like Gecko) Chrome/148.0.7778.96 Mobile Safari/537.36 (compatible; Googlebot/2.1; +http://www.google.com/bot.html)"
66.249.69.67 - - [20/Jun/2026:09:57:54 -0400] "POST /en/properties/1157-For-sale/ HTTP/1.1" 200 41 "https://www.alliancerealty.nb.ca/en/properties/1157-For-sale/" "Mozilla/5.0 (Linux; Android 6.0.1; Nexus 5X Build/MMB29P) AppleWebKit/537.36 (KHTML, like Gecko) Chrome/148.0.7778.96 Mobile Safari/537.36 (compatible; Googlebot/2.1; +http://www.google.com/bot.html)"
174.118.54.99 - - [20/Jun/2026:09:58:08 -0400] "GET / HTTP/2.0" 200 38004 "https://www.google.com/" "Mozilla/5.0 (Windows NT 6.1; Win64; x64) AppleWebKit/537.36 (KHTML, like Gecko) Chrome/109.0.0.0 Safari/537.36 Edg/109.0.1518.140"
174.118.54.99 - - [20/Jun/2026:09:58:12 -0400] "POST /wp-admin/admin-ajax.php HTTP/2.0" 200 264 "https://www.alliancerealty.nb.ca/" "Mozilla/5.0 (Windows NT 6.1; Win64; x64) AppleWebKit/537.36 (KHTML, like Gecko) Chrome/109.0.0.0 Safari/537.36 Edg/109.0.1518.140"
174.118.54.99 - - [20/Jun/2026:09:58:12 -0400] "POST / HTTP/2.0" 200 41 "https://www.alliancerealty.nb.ca/" "Mozilla/5.0 (Windows NT 6.1; Win64; x64) AppleWebKit/537.36 (KHTML, like Gecko) Chrome/109.0.0.0 Safari/537.36 Edg/109.0.1518.140"
174.118.54.99 - - [20/Jun/2026:09:58:11 -0400] "GET /wp-content/uploads/WPL/1175/thpler_360x240.php HTTP/2.0" 404 29924 "https://www.alliancerealty.nb.ca/" "Mozilla/5.0 (Windows NT 6.1; Win64; x64) AppleWebKit/537.36 (KHTML, like Gecko) Chrome/109.0.0.0 Safari/537.36 Edg/109.0.1518.140"
174.118.54.99 - - [20/Jun/2026:09:58:11 -0400] "GET /wp-content/uploads/WPL/1176/thpler_360x240.php HTTP/2.0" 404 29924 "https://www.alliancerealty.nb.ca/" "Mozilla/5.0 (Windows NT 6.1; Win64; x64) AppleWebKit/537.36 (KHTML, like Gecko) Chrome/109.0.0.0 Safari/537.36 Edg/109.0.1518.140"
174.118.54.99 - - [20/Jun/2026:09:58:11 -0400] "GET /wp-content/uploads/WPL/1174/thanakemas_360x240.php HTTP/2.0" 404 29922 "https://www.alliancerealty.nb.ca/" "Mozilla/5.0 (Windows NT 6.1; Win64; x64) AppleWebKit/537.36 (KHTML, like Gecko) Chrome/109.0.0.0 Safari/537.36 Edg/109.0.1518.140"
174.118.54.99 - - [20/Jun/2026:09:58:15 -0400] "GET /wp-content/uploads/WPL/1172/thhrx_360x240.php HTTP/2.0" 404 29924 "https://www.alliancerealty.nb.ca/" "Mozilla/5.0 (Windows NT 6.1; Win64; x64) AppleWebKit/537.36 (KHTML, like Gecko) Chrome/109.0.0.0 Safari/537.36 Edg/109.0.1518.140"
174.118.54.99 - - [20/Jun/2026:09:58:15 -0400] "GET /wp-content/uploads/WPL/1171/thhrx_360x240.php HTTP/2.0" 404 29924 "https://www.alliancerealty.nb.ca/" "Mozilla/5.0 (Windows NT 6.1; Win64; x64) AppleWebKit/537.36 (KHTML, like Gecko) Chrome/109.0.0.0 Safari/537.36 Edg/109.0.1518.140"
174.118.54.99 - - [20/Jun/2026:09:58:15 -0400] "GET /wp-content/uploads/WPL/1173/thanakemas_360x240.php HTTP/2.0" 404 29924 "https://www.alliancerealty.nb.ca/" "Mozilla/5.0 (Windows NT 6.1; Win64; x64) AppleWebKit/537.36 (KHTML, like Gecko) Chrome/109.0.0.0 Safari/537.36 Edg/109.0.1518.140"
174.118.54.99 - - [20/Jun/2026:09:58:15 -0400] "GET /wp-content/uploads/WPL/1168/thnx10_360x240.php HTTP/2.0" 404 29924 "https://www.alliancerealty.nb.ca/" "Mozilla/5.0 (Windows NT 6.1; Win64; x64) AppleWebKit/537.36 (KHTML, like Gecko) Chrome/109.0.0.0 Safari/537.36 Edg/109.0.1518.140"
174.118.54.99 - - [20/Jun/2026:09:58:15 -0400] "GET /wp-content/uploads/WPL/1169/thnx10_360x240.php HTTP/2.0" 404 29924 "https://www.alliancerealty.nb.ca/" "Mozilla/5.0 (Windows NT 6.1; Win64; x64) AppleWebKit/537.36 (KHTML, like Gecko) Chrome/109.0.0.0 Safari/537.36 Edg/109.0.1518.140"
174.118.54.99 - - [20/Jun/2026:09:58:16 -0400] "GET /wp-content/uploads/WPL/1166/thNx4_360x240.php HTTP/2.0" 404 29924 "https://www.alliancerealty.nb.ca/" "Mozilla/5.0 (Windows NT 6.1; Win64; x64) AppleWebKit/537.36 (KHTML, like Gecko) Chrome/109.0.0.0 Safari/537.36 Edg/109.0.1518.140"
174.118.54.99 - - [20/Jun/2026:09:58:15 -0400] "GET /wp-content/uploads/WPL/1170/thNx3_360x240.php HTTP/2.0" 404 29924 "https://www.alliancerealty.nb.ca/" "Mozilla/5.0 (Windows NT 6.1; Win64; x64) AppleWebKit/537.36 (KHTML, like Gecko) Chrome/109.0.0.0 Safari/537.36 Edg/109.0.1518.140"
174.118.54.99 - - [20/Jun/2026:09:58:16 -0400] "GET /wp-content/uploads/WPL/1167/thNx4_360x240.php HTTP/2.0" 404 29924 "https://www.alliancerealty.nb.ca/" "Mozilla/5.0 (Windows NT 6.1; Win64; x64) AppleWebKit/537.36 (KHTML, like Gecko) Chrome/109.0.0.0 Safari/537.36 Edg/109.0.1518.140"
174.118.54.99 - - [20/Jun/2026:09:58:16 -0400] "GET /wp-content/uploads/WPL/1165/thNx4_360x240.php HTTP/2.0" 404 29924 "https://www.alliancerealty.nb.ca/" "Mozilla/5.0 (Windows NT 6.1; Win64; x64) AppleWebKit/537.36 (KHTML, like Gecko) Chrome/109.0.0.0 Safari/537.36 Edg/109.0.1518.140"
216.73.217.47 - - [20/Jun/2026:09:58:17 -0400] "GET /en/properties/1162-%C3%80-vendre/ HTTP/2.0" 200 32198 "-" "Mozilla/5.0 AppleWebKit/537.36 (KHTML, like Gecko; compatible; ClaudeBot/1.0; +claudebot@anthropic.com)"
47.128.119.120 - - [20/Jun/2026:09:58:23 -0400] "GET /en/listing/5-cardinal-street-edmundston-new-brunswick-e3v-5e4-26583823/ HTTP/2.0" 404 29710 "-" "Mozilla/5.0 (Linux; Android 5.0) AppleWebKit/537.36 (KHTML, like Gecko) Mobile Safari/537.36 (compatible; TikTokSpider; ttspider-feedback@tiktok.com)"
47.128.119.120 - - [20/Jun/2026:09:58:25 -0400] "GET /wp-content/plugins/real-estate-listing-realtyna-wpl-pro/libraries/page_builders/divi/styles/style.min.css HTTP/2.0" 200 1 "https://www.alliancerealty.nb.ca/en/listing/5-cardinal-street-edmundston-new-brunswick-e3v-5e4-26583823/" "Mozilla/5.0 (Linux; Android 5.0) AppleWebKit/537.36 (KHTML, like Gecko) Mobile Safari/537.36 (compatible; TikTokSpider; ttspider-feedback@tiktok.com)"
57.141.20.18 - - [20/Jun/2026:09:58:32 -0400] "GET /listing/60-mgr-dionne-avenue-edmundston-new-brunswick-e3v-4y7-29352921/ HTTP/2.0" 404 206615 "-" "meta-externalagent/1.1 (+https://developers.facebook.com/docs/sharing/webmasters/crawler)"
