99.244.142.218 - - [20/Jun/2026:08:36:25 -0400] "POST /en/properties/1137-51-rue-Madawaska/ HTTP/2.0" 200 41 "https://www.alliancerealty.nb.ca/en/properties/1137-51-rue-Madawaska/" "Mozilla/5.0 (Windows NT 10.0; Win64; x64) AppleWebKit/537.36 (KHTML, like Gecko) Chrome/149.0.0.0 Safari/537.36 Edg/149.0.0.0"
99.244.142.218 - - [20/Jun/2026:08:36:26 -0400] "GET /wp-content/uploads/WPL/1137/thimg_51_Madawaska_8ss2_160x80.JPG HTTP/2.0" 200 7179 "https://www.alliancerealty.nb.ca/en/properties/1137-51-rue-Madawaska/" "Mozilla/5.0 (Windows NT 10.0; Win64; x64) AppleWebKit/537.36 (KHTML, like Gecko) Chrome/149.0.0.0 Safari/537.36 Edg/149.0.0.0"
99.244.142.218 - - [20/Jun/2026:08:36:26 -0400] "GET /wp-content/uploads/WPL/1137/thimg_51_Madawaska_9sdb_160x80.JPG HTTP/2.0" 200 6407 "https://www.alliancerealty.nb.ca/en/properties/1137-51-rue-Madawaska/" "Mozilla/5.0 (Windows NT 10.0; Win64; x64) AppleWebKit/537.36 (KHTML, like Gecko) Chrome/149.0.0.0 Safari/537.36 Edg/149.0.0.0"
99.244.142.218 - - [20/Jun/2026:08:36:26 -0400] "GET /wp-content/uploads/WPL/1137/thimg_51_Madawaska_10ext_160x80.jpg HTTP/2.0" 200 8434 "https://www.alliancerealty.nb.ca/en/properties/1137-51-rue-Madawaska/" "Mozilla/5.0 (Windows NT 10.0; Win64; x64) AppleWebKit/537.36 (KHTML, like Gecko) Chrome/149.0.0.0 Safari/537.36 Edg/149.0.0.0"
99.244.142.218 - - [20/Jun/2026:08:36:26 -0400] "GET /wp-content/uploads/WPL/1137/thimg_51_Madawaska_10ext1_160x80.jpg HTTP/2.0" 200 8535 "https://www.alliancerealty.nb.ca/en/properties/1137-51-rue-Madawaska/" "Mozilla/5.0 (Windows NT 10.0; Win64; x64) AppleWebKit/537.36 (KHTML, like Gecko) Chrome/149.0.0.0 Safari/537.36 Edg/149.0.0.0"
99.244.142.218 - - [20/Jun/2026:08:36:26 -0400] "GET /wp-content/uploads/WPL/1137/thimg_51_Madawaska_10ext2_160x80.jpg HTTP/2.0" 200 9369 "https://www.alliancerealty.nb.ca/en/properties/1137-51-rue-Madawaska/" "Mozilla/5.0 (Windows NT 10.0; Win64; x64) AppleWebKit/537.36 (KHTML, like Gecko) Chrome/149.0.0.0 Safari/537.36 Edg/149.0.0.0"
99.244.142.218 - - [20/Jun/2026:08:36:26 -0400] "GET /wp-content/uploads/WPL/1137/thimg_51_Madawaska_10ext3_160x80.jpg HTTP/2.0" 200 6904 "https://www.alliancerealty.nb.ca/en/properties/1137-51-rue-Madawaska/" "Mozilla/5.0 (Windows NT 10.0; Win64; x64) AppleWebKit/537.36 (KHTML, like Gecko) Chrome/149.0.0.0 Safari/537.36 Edg/149.0.0.0"
99.244.142.218 - - [20/Jun/2026:08:36:26 -0400] "GET /wp-content/uploads/WPL/1137/thimg_51_Madawaska_10ext4_160x80.jpg HTTP/2.0" 200 9949 "https://www.alliancerealty.nb.ca/en/properties/1137-51-rue-Madawaska/" "Mozilla/5.0 (Windows NT 10.0; Win64; x64) AppleWebKit/537.36 (KHTML, like Gecko) Chrome/149.0.0.0 Safari/537.36 Edg/149.0.0.0"
99.244.142.218 - - [20/Jun/2026:08:36:26 -0400] "GET /wp-content/uploads/WPL/1137/thimg_51_Madawaska_11lot_160x80.jpg HTTP/2.0" 200 4941 "https://www.alliancerealty.nb.ca/en/properties/1137-51-rue-Madawaska/" "Mozilla/5.0 (Windows NT 10.0; Win64; x64) AppleWebKit/537.36 (KHTML, like Gecko) Chrome/149.0.0.0 Safari/537.36 Edg/149.0.0.0"
99.244.142.218 - - [20/Jun/2026:08:36:26 -0400] "GET /wp-content/uploads/WPL/1137/thimg_51_Madawaska_11lot1_160x80.jpg HTTP/2.0" 200 9029 "https://www.alliancerealty.nb.ca/en/properties/1137-51-rue-Madawaska/" "Mozilla/5.0 (Windows NT 10.0; Win64; x64) AppleWebKit/537.36 (KHTML, like Gecko) Chrome/149.0.0.0 Safari/537.36 Edg/149.0.0.0"
99.244.142.218 - - [20/Jun/2026:08:36:26 -0400] "GET /wp-content/plugins/real-estate-listing-realtyna-wpl-pro/assets/fonts/wpl_front.woff2 HTTP/2.0" 200 38180 "https://www.alliancerealty.nb.ca/wp-content/plugins/real-estate-listing-realtyna-wpl-pro/assets/css/frontend.css?ver=5.8.13" "Mozilla/5.0 (Windows NT 10.0; Win64; x64) AppleWebKit/537.36 (KHTML, like Gecko) Chrome/149.0.0.0 Safari/537.36 Edg/149.0.0.0"
99.244.142.218 - - [20/Jun/2026:08:36:25 -0400] "POST /wp-admin/admin-ajax.php HTTP/2.0" 200 267 "https://www.alliancerealty.nb.ca/en/properties/1137-51-rue-Madawaska/" "Mozilla/5.0 (Windows NT 10.0; Win64; x64) AppleWebKit/537.36 (KHTML, like Gecko) Chrome/149.0.0.0 Safari/537.36 Edg/149.0.0.0"
99.244.142.218 - - [20/Jun/2026:08:36:26 -0400] "GET /wp-content/plugins/real-estate-listing-realtyna-wpl-pro/assets/js/libraries/wpl.richmarker.min.js HTTP/2.0" 200 3973 "https://www.alliancerealty.nb.ca/en/properties/1137-51-rue-Madawaska/" "Mozilla/5.0 (Windows NT 10.0; Win64; x64) AppleWebKit/537.36 (KHTML, like Gecko) Chrome/149.0.0.0 Safari/537.36 Edg/149.0.0.0"
142.163.142.110 - - [20/Jun/2026:08:36:26 -0400] "GET /wp-content/uploads/WPL/1105/thimg_75_Leblond1Ext2026_360x240.jpg HTTP/2.0" 200 45558 "https://www.alliancerealty.nb.ca/en/properties-our-listings/" "Mozilla/5.0 (Linux; Android 10; K) AppleWebKit/537.36 (KHTML, like Gecko) Chrome/149.0.0.0 Mobile Safari/537.36"
99.244.142.218 - - [20/Jun/2026:08:36:27 -0400] "GET /wp-content/plugins/real-estate-listing-realtyna-wpl-pro/assets/img/listing_types/gicon/dot-blue.png HTTP/2.0" 200 420 "https://www.alliancerealty.nb.ca/en/properties/1137-51-rue-Madawaska/" "Mozilla/5.0 (Windows NT 10.0; Win64; x64) AppleWebKit/537.36 (KHTML, like Gecko) Chrome/149.0.0.0 Safari/537.36 Edg/149.0.0.0"
142.163.142.110 - - [20/Jun/2026:08:36:28 -0400] "GET /wp-content/uploads/WPL/1107/thimg_14_St-Onge1Ext1%C3%89t%C3%A9_360x240.JPG HTTP/2.0" 200 40658 "https://www.alliancerealty.nb.ca/en/properties-our-listings/" "Mozilla/5.0 (Linux; Android 10; K) AppleWebKit/537.36 (KHTML, like Gecko) Chrome/149.0.0.0 Mobile Safari/537.36"
142.163.142.110 - - [20/Jun/2026:08:36:34 -0400] "GET /wp-content/uploads/WPL/1146/thimg_1520_Riviere-Verte1EXT_360x240.JPG HTTP/2.0" 200 43275 "https://www.alliancerealty.nb.ca/en/properties-our-listings/" "Mozilla/5.0 (Linux; Android 10; K) AppleWebKit/537.36 (KHTML, like Gecko) Chrome/149.0.0.0 Mobile Safari/537.36"
142.163.142.110 - - [20/Jun/2026:08:36:39 -0400] "GET /wp-content/uploads/WPL/1144/thimg_64_Chouinard_1ext_360x240.JPG HTTP/2.0" 304 - "https://www.alliancerealty.nb.ca/en/properties-our-listings/" "Mozilla/5.0 (Linux; Android 10; K) AppleWebKit/537.36 (KHTML, like Gecko) Chrome/149.0.0.0 Mobile Safari/537.36"
99.244.142.218 - - [20/Jun/2026:08:36:46 -0400] "GET /wp-content/plugins/real-estate-listing-realtyna-wpl-pro/assets/packages/light_slider/img/loading.gif HTTP/2.0" 200 4178 "https://www.alliancerealty.nb.ca/wp-content/plugins/real-estate-listing-realtyna-wpl-pro/assets/packages/light_slider/css/lightslider.min.css?ver=5.8.13" "Mozilla/5.0 (Windows NT 10.0; Win64; x64) AppleWebKit/537.36 (KHTML, like Gecko) Chrome/149.0.0.0 Safari/537.36 Edg/149.0.0.0"
99.244.142.218 - - [20/Jun/2026:08:36:46 -0400] "GET /wp-content/uploads/WPL/1137/img_51_Madawaska_1ext-3-.jpg HTTP/2.0" 200 512725 "https://www.alliancerealty.nb.ca/en/properties/1137-51-rue-Madawaska/" "Mozilla/5.0 (Windows NT 10.0; Win64; x64) AppleWebKit/537.36 (KHTML, like Gecko) Chrome/149.0.0.0 Safari/537.36 Edg/149.0.0.0"
99.244.142.218 - - [20/Jun/2026:08:36:48 -0400] "GET /wp-content/uploads/WPL/1137/img_51_Madawaska_2ENTR%C3%89E.JPG HTTP/2.0" 200 310789 "https://www.alliancerealty.nb.ca/en/properties/1137-51-rue-Madawaska/" "Mozilla/5.0 (Windows NT 10.0; Win64; x64) AppleWebKit/537.36 (KHTML, like Gecko) Chrome/149.0.0.0 Safari/537.36 Edg/149.0.0.0"
99.244.142.218 - - [20/Jun/2026:08:36:48 -0400] "GET /wp-content/uploads/WPL/1137/img_51_Madawaska_1ext-2-.jpg HTTP/2.0" 200 395850 "https://www.alliancerealty.nb.ca/en/properties/1137-51-rue-Madawaska/" "Mozilla/5.0 (Windows NT 10.0; Win64; x64) AppleWebKit/537.36 (KHTML, like Gecko) Chrome/149.0.0.0 Safari/537.36 Edg/149.0.0.0"
112.86.225.38 - - [20/Jun/2026:08:36:20 -0400] "GET /proprietes-reductions-recentes/ HTTP/1.1" 200 108191 "-" "Sogou web spider/4.0(+http://www.sogou.com/docs/help/webmasters.htm#07)"
142.163.142.110 - - [20/Jun/2026:08:36:50 -0400] "GET /wp-content/uploads/WPL/1110/thimg_12_Principale1Ext%C3%89t%C3%A9_360x240.JPG HTTP/2.0" 200 36726 "https://www.alliancerealty.nb.ca/en/properties-our-listings/" "Mozilla/5.0 (Linux; Android 10; K) AppleWebKit/537.36 (KHTML, like Gecko) Chrome/149.0.0.0 Mobile Safari/537.36"
99.244.142.218 - - [20/Jun/2026:08:36:57 -0400] "GET /wp-content/uploads/WPL/1137/img_51_Madawaska_3SALON.JPG HTTP/2.0" 200 366923 "https://www.alliancerealty.nb.ca/en/properties/1137-51-rue-Madawaska/" "Mozilla/5.0 (Windows NT 10.0; Win64; x64) AppleWebKit/537.36 (KHTML, like Gecko) Chrome/149.0.0.0 Safari/537.36 Edg/149.0.0.0"
99.244.142.218 - - [20/Jun/2026:08:37:01 -0400] "GET /wp-content/uploads/WPL/1137/img_51_Madawaska_4CUISINE.JPG HTTP/2.0" 200 327081 "https://www.alliancerealty.nb.ca/en/properties/1137-51-rue-Madawaska/" "Mozilla/5.0 (Windows NT 10.0; Win64; x64) AppleWebKit/537.36 (KHTML, like Gecko) Chrome/149.0.0.0 Safari/537.36 Edg/149.0.0.0"
99.244.142.218 - - [20/Jun/2026:08:37:04 -0400] "GET /wp-content/uploads/WPL/1137/img_51_Madawaska_4CUISINE1.JPG HTTP/2.0" 200 345033 "https://www.alliancerealty.nb.ca/en/properties/1137-51-rue-Madawaska/" "Mozilla/5.0 (Windows NT 10.0; Win64; x64) AppleWebKit/537.36 (KHTML, like Gecko) Chrome/149.0.0.0 Safari/537.36 Edg/149.0.0.0"
99.244.142.218 - - [20/Jun/2026:08:37:11 -0400] "GET /wp-content/uploads/WPL/1137/img_51_Madawaska_4CUISINE2.JPG HTTP/2.0" 200 348652 "https://www.alliancerealty.nb.ca/en/properties/1137-51-rue-Madawaska/" "Mozilla/5.0 (Windows NT 10.0; Win64; x64) AppleWebKit/537.36 (KHTML, like Gecko) Chrome/149.0.0.0 Safari/537.36 Edg/149.0.0.0"
112.86.225.38 - - [20/Jun/2026:08:36:50 -0400] "GET /proprietes-reductions-recentes/ HTTP/1.1" 200 271720 "-" "Sogou web spider/4.0(+http://www.sogou.com/docs/help/webmasters.htm#07)"
99.244.142.218 - - [20/Jun/2026:08:37:15 -0400] "GET /wp-content/uploads/WPL/1137/img_51_Madawaska_5CHAMBRE.JPG HTTP/2.0" 200 433888 "https://www.alliancerealty.nb.ca/en/properties/1137-51-rue-Madawaska/" "Mozilla/5.0 (Windows NT 10.0; Win64; x64) AppleWebKit/537.36 (KHTML, like Gecko) Chrome/149.0.0.0 Safari/537.36 Edg/149.0.0.0"
99.244.142.218 - - [20/Jun/2026:08:37:18 -0400] "GET /wp-content/uploads/WPL/1137/img_51_Madawaska_5CHAMBRE1.JPG HTTP/2.0" 200 311363 "https://www.alliancerealty.nb.ca/en/properties/1137-51-rue-Madawaska/" "Mozilla/5.0 (Windows NT 10.0; Win64; x64) AppleWebKit/537.36 (KHTML, like Gecko) Chrome/149.0.0.0 Safari/537.36 Edg/149.0.0.0"
99.244.142.218 - - [20/Jun/2026:08:37:22 -0400] "GET /wp-content/uploads/WPL/1137/img_51_Madawaska_5CHAMBRE2.JPG HTTP/2.0" 200 251758 "https://www.alliancerealty.nb.ca/en/properties/1137-51-rue-Madawaska/" "Mozilla/5.0 (Windows NT 10.0; Win64; x64) AppleWebKit/537.36 (KHTML, like Gecko) Chrome/149.0.0.0 Safari/537.36 Edg/149.0.0.0"
99.244.142.218 - - [20/Jun/2026:08:37:24 -0400] "GET /wp-content/uploads/WPL/1137/img_51_Madawaska_6SDB.JPG HTTP/2.0" 200 335677 "https://www.alliancerealty.nb.ca/en/properties/1137-51-rue-Madawaska/" "Mozilla/5.0 (Windows NT 10.0; Win64; x64) AppleWebKit/537.36 (KHTML, like Gecko) Chrome/149.0.0.0 Safari/537.36 Edg/149.0.0.0"
142.163.142.110 - - [20/Jun/2026:08:37:26 -0400] "GET /wp-content/uploads/WPL/1132/thimg_102_F.Bernier1EXT1NEW_360x240.JPG HTTP/2.0" 304 - "https://www.alliancerealty.nb.ca/en/properties-our-listings/" "Mozilla/5.0 (Linux; Android 10; K) AppleWebKit/537.36 (KHTML, like Gecko) Chrome/149.0.0.0 Mobile Safari/537.36"
99.244.142.218 - - [20/Jun/2026:08:37:26 -0400] "GET /wp-content/uploads/WPL/1137/img_51_Madawaska_7SOLARIUM-2-.JPG HTTP/2.0" 200 382682 "https://www.alliancerealty.nb.ca/en/properties/1137-51-rue-Madawaska/" "Mozilla/5.0 (Windows NT 10.0; Win64; x64) AppleWebKit/537.36 (KHTML, like Gecko) Chrome/149.0.0.0 Safari/537.36 Edg/149.0.0.0"
99.244.142.218 - - [20/Jun/2026:08:37:29 -0400] "GET /wp-content/uploads/WPL/1137/img_51_Madawaska_8ss.JPG HTTP/2.0" 200 346294 "https://www.alliancerealty.nb.ca/en/properties/1137-51-rue-Madawaska/" "Mozilla/5.0 (Windows NT 10.0; Win64; x64) AppleWebKit/537.36 (KHTML, like Gecko) Chrome/149.0.0.0 Safari/537.36 Edg/149.0.0.0"
142.163.142.110 - - [20/Jun/2026:08:37:36 -0400] "GET /wp-content/uploads/WPL/1141/thimg_41_St-Francois1EXT_360x240.jpeg HTTP/2.0" 304 - "https://www.alliancerealty.nb.ca/en/properties-our-listings/" "Mozilla/5.0 (Linux; Android 10; K) AppleWebKit/537.36 (KHTML, like Gecko) Chrome/149.0.0.0 Mobile Safari/537.36"
99.244.142.218 - - [20/Jun/2026:08:37:35 -0400] "GET /wp-content/uploads/WPL/1137/img_51_Madawaska_8ss1.JPG HTTP/2.0" 200 405038 "https://www.alliancerealty.nb.ca/en/properties/1137-51-rue-Madawaska/" "Mozilla/5.0 (Windows NT 10.0; Win64; x64) AppleWebKit/537.36 (KHTML, like Gecko) Chrome/149.0.0.0 Safari/537.36 Edg/149.0.0.0"
99.244.142.218 - - [20/Jun/2026:08:37:43 -0400] "GET /wp-content/uploads/WPL/1137/img_51_Madawaska_8ss2.JPG HTTP/2.0" 200 368081 "https://www.alliancerealty.nb.ca/en/properties/1137-51-rue-Madawaska/" "Mozilla/5.0 (Windows NT 10.0; Win64; x64) AppleWebKit/537.36 (KHTML, like Gecko) Chrome/149.0.0.0 Safari/537.36 Edg/149.0.0.0"
192.177.97.213 - - [20/Jun/2026:08:37:41 -0400] "GET /wp-content/uploads/WPL/1105/thimg_75Leblond1ExtNEW_360x240.jpg HTTP/1.1" 404 207310 "-" "Mozilla/5.0 (compatible; crawler)"
99.244.142.218 - - [20/Jun/2026:08:37:49 -0400] "GET /wp-content/uploads/WPL/1137/img_51_Madawaska_9sdb.JPG HTTP/2.0" 200 334860 "https://www.alliancerealty.nb.ca/en/properties/1137-51-rue-Madawaska/" "Mozilla/5.0 (Windows NT 10.0; Win64; x64) AppleWebKit/537.36 (KHTML, like Gecko) Chrome/149.0.0.0 Safari/537.36 Edg/149.0.0.0"
99.244.142.218 - - [20/Jun/2026:08:37:56 -0400] "GET /wp-content/uploads/WPL/1137/img_51_Madawaska_10ext.jpg HTTP/2.0" 200 459461 "https://www.alliancerealty.nb.ca/en/properties/1137-51-rue-Madawaska/" "Mozilla/5.0 (Windows NT 10.0; Win64; x64) AppleWebKit/537.36 (KHTML, like Gecko) Chrome/149.0.0.0 Safari/537.36 Edg/149.0.0.0"
99.244.142.218 - - [20/Jun/2026:08:38:00 -0400] "GET /wp-content/uploads/WPL/1137/img_51_Madawaska_10ext1.jpg HTTP/2.0" 200 507848 "https://www.alliancerealty.nb.ca/en/properties/1137-51-rue-Madawaska/" "Mozilla/5.0 (Windows NT 10.0; Win64; x64) AppleWebKit/537.36 (KHTML, like Gecko) Chrome/149.0.0.0 Safari/537.36 Edg/149.0.0.0"
66.249.69.67 - - [20/Jun/2026:08:38:02 -0400] "GET /proprietes/1036-39-rue-Cloutier/ HTTP/1.1" 200 32686 "-" "Mozilla/5.0 (Linux; Android 6.0.1; Nexus 5X Build/MMB29P) AppleWebKit/537.36 (KHTML, like Gecko) Chrome/148.0.7778.96 Mobile Safari/537.36 (compatible; Googlebot/2.1; +http://www.google.com/bot.html)"
66.249.69.66 - - [20/Jun/2026:08:38:07 -0400] "POST /proprietes/1036-39-rue-Cloutier/ HTTP/1.1" 200 41 "https://www.alliancerealty.nb.ca/proprietes/1036-39-rue-Cloutier/" "Mozilla/5.0 (Linux; Android 6.0.1; Nexus 5X Build/MMB29P) AppleWebKit/537.36 (KHTML, like Gecko) Chrome/148.0.7778.96 Mobile Safari/537.36 (compatible; Googlebot/2.1; +http://www.google.com/bot.html)"
103.127.30.137 - - [20/Jun/2026:08:38:08 -0400] "GET /wp-login.php HTTP/2.0" 200 2594 "-" "Mozilla/5.0 (X11; Linux x86_64) AppleWebKit/537.36 (KHTML, like Gecko) Chrome/133.0.0.0 Safari/537.36"
99.244.142.218 - - [20/Jun/2026:08:38:08 -0400] "GET /wp-content/uploads/WPL/1137/img_51_Madawaska_10ext2.jpg HTTP/2.0" 200 721047 "https://www.alliancerealty.nb.ca/en/properties/1137-51-rue-Madawaska/" "Mozilla/5.0 (Windows NT 10.0; Win64; x64) AppleWebKit/537.36 (KHTML, like Gecko) Chrome/149.0.0.0 Safari/537.36 Edg/149.0.0.0"
103.127.30.137 - - [20/Jun/2026:08:38:09 -0400] "POST /wp-login.php HTTP/2.0" 200 2719 "https://www.alliancerealty.nb.ca/wp-login.php" "Mozilla/5.0 (X11; Linux x86_64) AppleWebKit/537.36 (KHTML, like Gecko) Chrome/133.0.0.0 Safari/537.36"
99.244.142.218 - - [20/Jun/2026:08:38:15 -0400] "GET /wp-content/uploads/WPL/1137/img_51_Madawaska_10ext3.jpg HTTP/2.0" 200 383593 "https://www.alliancerealty.nb.ca/en/properties/1137-51-rue-Madawaska/" "Mozilla/5.0 (Windows NT 10.0; Win64; x64) AppleWebKit/537.36 (KHTML, like Gecko) Chrome/149.0.0.0 Safari/537.36 Edg/149.0.0.0"
157.55.39.195 - - [20/Jun/2026:08:38:16 -0400] "GET /en/?s=2027 HTTP/2.0" 200 28528 "-" "Mozilla/5.0 AppleWebKit/537.36 (KHTML, like Gecko; compatible; bingbot/2.0; +http://www.bing.com/bingbot.htm) Chrome/116.0.1938.76 Safari/537.36"
114.119.146.111 - - [20/Jun/2026:08:38:21 -0400] "GET /adminAR/files/PrintEn.php?pid=938 HTTP/1.1" 200 2003 "https://www.alliancerealty.nb.ca/en/properties/938-44-rue-Grondin/" "Mozilla/5.0 (Linux; Android 7.0;) AppleWebKit/537.36 (HTML, like Gecko) Mobile Safari/537.36 (compatible; PetalBot;+https://webmaster.petalsearch.com/site/petalbot)"
99.244.142.218 - - [20/Jun/2026:08:38:22 -0400] "GET /wp-content/uploads/WPL/1137/img_51_Madawaska_10ext4.jpg HTTP/2.0" 200 826853 "https://www.alliancerealty.nb.ca/en/properties/1137-51-rue-Madawaska/" "Mozilla/5.0 (Windows NT 10.0; Win64; x64) AppleWebKit/537.36 (KHTML, like Gecko) Chrome/149.0.0.0 Safari/537.36 Edg/149.0.0.0"
99.244.142.218 - - [20/Jun/2026:08:38:29 -0400] "GET /wp-content/uploads/WPL/1137/img_51_Madawaska_11lot.jpg HTTP/2.0" 200 127204 "https://www.alliancerealty.nb.ca/en/properties/1137-51-rue-Madawaska/" "Mozilla/5.0 (Windows NT 10.0; Win64; x64) AppleWebKit/537.36 (KHTML, like Gecko) Chrome/149.0.0.0 Safari/537.36 Edg/149.0.0.0"
99.244.142.218 - - [20/Jun/2026:08:38:33 -0400] "GET /wp-content/uploads/WPL/1137/img_51_Madawaska_11lot1.jpg HTTP/2.0" 200 333445 "https://www.alliancerealty.nb.ca/en/properties/1137-51-rue-Madawaska/" "Mozilla/5.0 (Windows NT 10.0; Win64; x64) AppleWebKit/537.36 (KHTML, like Gecko) Chrome/149.0.0.0 Safari/537.36 Edg/149.0.0.0"
69.171.234.38 - - [20/Jun/2026:08:38:37 -0400] "GET /details.cfm?house_id=4093&sale=1&lg=fr HTTP/2.0" 404 207291 "-" "facebookexternalhit/1.1 (+http://www.facebook.com/externalhit_uatext.php)"
69.171.234.43 - - [20/Jun/2026:08:38:37 -0400] "GET /details.cfm?house_id=4093&sale=1&lg=fr HTTP/2.0" 404 207291 "-" "facebookexternalhit/1.1 (+http://www.facebook.com/externalhit_uatext.php)"
129.226.93.60 - - [20/Jun/2026:08:39:27 -0400] "GET /proprietes/?wplpage=11 HTTP/2.0" 200 34398 "https://www.alliancerealty.nb.ca/proprietes/?wplpage=11" "Mozilla/5.0 (Windows NT 10.0; Win64; x64) AppleWebKit/537.36 (KHTML, like Gecko) Chrome/101.0.4951.64 Safari/537.36 Edg/101.0.1210.47"
223.109.252.180 - - [20/Jun/2026:08:40:39 -0400] "GET /en/contact-us/ HTTP/1.1" 200 229578 "-" "Sogou web spider/4.0(+http://www.sogou.com/docs/help/webmasters.htm#07)"
57.129.139.60 - - [20/Jun/2026:08:40:45 -0400] "GET /en/properties-commercial/ HTTP/1.1" 200 34321 "-" "Mozilla/5.0 (Windows NT 10.0; Win64; x64) AppleWebKit/537.36 (KHTML, like Gecko) Chrome/139.0.0.0 Safari/537.36"
141.94.79.3 - - [20/Jun/2026:08:40:45 -0400] "GET /en/properties-new-listings/ HTTP/1.1" 200 35770 "-" "Mozilla/5.0 (Windows NT 10.0; Win64; x64) AppleWebKit/537.36 (KHTML, like Gecko) Chrome/139.0.0.0 Safari/537.36"
57.129.69.52 - - [20/Jun/2026:08:40:48 -0400] "GET /en/properties/ HTTP/1.1" 200 38547 "-" "Mozilla/5.0 (Windows NT 10.0; Win64; x64) AppleWebKit/537.36 (KHTML, like Gecko) Chrome/139.0.0.0 Safari/537.36"
114.119.158.204 - - [20/Jun/2026:08:41:19 -0400] "GET /proprietes-inscriptions?wplpage=1 HTTP/1.1" 301 1 "https://www.alliancerealty.nb.ca/proprietes-inscriptions?wplpage=1" "Mozilla/5.0 (Linux; Android 7.0;) AppleWebKit/537.36 (HTML, like Gecko) Mobile Safari/537.36 (compatible; PetalBot;+https://webmaster.petalsearch.com/site/petalbot)"
114.119.158.204 - - [20/Jun/2026:08:41:21 -0400] "GET /proprietes-inscriptions/?wplpage=1 HTTP/1.1" 200 38617 "https://www.alliancerealty.nb.ca/proprietes-inscriptions?wplpage=1" "Mozilla/5.0 (Linux; Android 7.0;) AppleWebKit/537.36 (HTML, like Gecko) Mobile Safari/537.36 (compatible; PetalBot;+https://webmaster.petalsearch.com/site/petalbot)"
114.119.130.40 - - [20/Jun/2026:08:41:26 -0400] "GET /en/listing/14-st-onge-street-saint-jacques-new-brunswick-e7b-1v7-29100699/ HTTP/1.1" 200 33551 "https://www.alliancerealty.nb.ca/en/listing/14-st-onge-street-saint-jacques-new-brunswick-e7b-1v7-29100699/" "Mozilla/5.0 (Linux; Android 7.0;) AppleWebKit/537.36 (HTML, like Gecko) Mobile Safari/537.36 (compatible; PetalBot;+https://webmaster.petalsearch.com/site/petalbot)"
173.252.87.16 - - [20/Jun/2026:08:41:45 -0400] "GET /details.cfm?house_id=4093&sale=1&lg=fr HTTP/2.0" 404 207291 "-" "facebookexternalhit/1.1 (+http://www.facebook.com/externalhit_uatext.php)"
185.68.18.52 - - [20/Jun/2026:08:42:18 -0400] "GET /wp-login.php HTTP/2.0" 200 2600 "-" "Mozilla/5.0 (Windows NT 10.0; Win64; x64) AppleWebKit/537.36 (KHTML, like Gecko) Chrome/120.0.0.0 Safari/537.36"
47.128.119.160 - - [20/Jun/2026:08:42:26 -0400] "GET /en/listing/6-laporte-avenue-edmundston-new-brunswick-e3v-1k7-29234990/ HTTP/2.0" 404 29710 "-" "Mozilla/5.0 (Linux; Android 5.0) AppleWebKit/537.36 (KHTML, like Gecko) Mobile Safari/537.36 (compatible; TikTokSpider; ttspider-feedback@tiktok.com)"
47.128.119.160 - - [20/Jun/2026:08:42:28 -0400] "GET /wp-content/plugins/real-estate-listing-realtyna-wpl-pro/libraries/page_builders/divi/styles/style.min.css HTTP/2.0" 200 1 "https://www.alliancerealty.nb.ca/en/listing/6-laporte-avenue-edmundston-new-brunswick-e3v-1k7-29234990/" "Mozilla/5.0 (Linux; Android 5.0) AppleWebKit/537.36 (KHTML, like Gecko) Mobile Safari/537.36 (compatible; TikTokSpider; ttspider-feedback@tiktok.com)"
47.128.119.160 - - [20/Jun/2026:08:42:29 -0400] "GET /wp-content/uploads/2021/04/office_R_white-dimension.png HTTP/2.0" 206 500 "https://www.alliancerealty.nb.ca/en/listing/6-laporte-avenue-edmundston-new-brunswick-e3v-1k7-29234990/" "Mozilla/5.0 (Linux; Android 5.0) AppleWebKit/537.36 (KHTML, like Gecko) Mobile Safari/537.36 (compatible; TikTokSpider; ttspider-feedback@tiktok.com)"
185.68.18.52 - - [20/Jun/2026:08:42:30 -0400] "GET /wp-login.php HTTP/2.0" 200 2595 "-" "Mozilla/5.0 (Windows NT 10.0; Win64; x64) AppleWebKit/537.36 (KHTML, like Gecko) Chrome/120.0.0.0 Safari/537.36"
185.68.18.52 - - [20/Jun/2026:08:42:30 -0400] "POST /wp-login.php HTTP/2.0" 200 2719 "https://www.alliancerealty.nb.ca/wp-login.php" "Mozilla/5.0 (Windows NT 10.0; Win64; x64) AppleWebKit/537.36 (KHTML, like Gecko) Chrome/120.0.0.0 Safari/537.36"
46.105.28.235 - - [20/Jun/2026:08:42:51 -0400] "GET /wp-login.php HTTP/2.0" 200 2600 "-" "Mozilla/5.0 (Macintosh; Intel Mac OS X 11_7_10) AppleWebKit/537.36 (KHTML, like Gecko) Chrome/133.0.0.0 Safari/537.36"
46.105.28.235 - - [20/Jun/2026:08:42:52 -0400] "POST /wp-login.php HTTP/2.0" 200 2724 "https://alliancerealty.nb.ca/wp-login.php" "Mozilla/5.0 (Macintosh; Intel Mac OS X 11_7_10) AppleWebKit/537.36 (KHTML, like Gecko) Chrome/133.0.0.0 Safari/537.36"
180.102.110.164 - - [20/Jun/2026:08:42:47 -0400] "GET /proprietes/1041-97-rue-Cardinal/ HTTP/1.1" 200 169542 "-" "Sogou web spider/4.0(+http://www.sogou.com/docs/help/webmasters.htm#07)"
66.249.69.65 - - [20/Jun/2026:08:43:10 -0400] "GET /robots.txt HTTP/1.1" 200 55 "-" "Mozilla/5.0 (compatible; Googlebot/2.1; +http://www.google.com/bot.html)"
66.249.69.65 - - [20/Jun/2026:08:43:10 -0400] "GET /listing/1297-st-francois-street-edmundston-new-brunswick-e3v-4p2-28494420/ HTTP/1.1" 404 29821 "-" "Mozilla/5.0 (Linux; Android 6.0.1; Nexus 5X Build/MMB29P) AppleWebKit/537.36 (KHTML, like Gecko) Chrome/148.0.7778.96 Mobile Safari/537.36 (compatible; Googlebot/2.1; +http://www.google.com/bot.html)"
47.128.119.132 - - [20/Jun/2026:08:43:11 -0400] "GET /listing/81-de-la-capitale-boulevard-edmundston-new-brunswick-e3v-4e2-27339396/ HTTP/2.0" 404 29821 "-" "Mozilla/5.0 (Linux; Android 5.0) AppleWebKit/537.36 (KHTML, like Gecko) Mobile Safari/537.36 (compatible; TikTokSpider; ttspider-feedback@tiktok.com)"
47.128.119.132 - - [20/Jun/2026:08:43:14 -0400] "GET /wp-content/plugins/real-estate-listing-realtyna-wpl-pro/libraries/page_builders/divi/styles/style.min.css HTTP/2.0" 200 1 "https://www.alliancerealty.nb.ca/listing/81-de-la-capitale-boulevard-edmundston-new-brunswick-e3v-4e2-27339396/" "Mozilla/5.0 (Linux; Android 5.0) AppleWebKit/537.36 (KHTML, like Gecko) Mobile Safari/537.36 (compatible; TikTokSpider; ttspider-feedback@tiktok.com)"
112.86.225.104 - - [20/Jun/2026:08:43:46 -0400] "GET /en/buy/?wplpage=4 HTTP/1.1" 200 300718 "-" "Sogou web spider/4.0(+http://www.sogou.com/docs/help/webmasters.htm#07)"
57.141.20.71 - - [20/Jun/2026:08:44:29 -0400] "GET /listing/263-rue-st-jean-saint-leonard-new-brunswick-e7e-2c4-29494983/ HTTP/2.0" 404 206615 "-" "meta-externalagent/1.1 (+https://developers.facebook.com/docs/sharing/webmasters/crawler)"
114.119.143.14 - - [20/Jun/2026:08:44:57 -0400] "GET /listing/748-canada-edmundston-new-brunswick-e3v-1w4-29805666/ HTTP/1.1" 200 33695 "https://www.alliancerealty.nb.ca/listing/748-canada-edmundston-new-brunswick-e3v-1w4-29805666/" "Mozilla/5.0 (Linux; Android 7.0;) AppleWebKit/537.36 (HTML, like Gecko) Mobile Safari/537.36 (compatible; PetalBot;+https://webmaster.petalsearch.com/site/petalbot)"
66.249.69.65 - - [20/Jun/2026:08:45:19 -0400] "GET /robots.txt HTTP/1.1" 200 55 "-" "Mozilla/5.0 (compatible; Googlebot/2.1; +http://www.google.com/bot.html)"
66.249.69.66 - - [20/Jun/2026:08:45:19 -0400] "GET /proprietes/883-Terrain-vacant-chemin-Baisley/ HTTP/1.1" 200 32696 "-" "Mozilla/5.0 (Linux; Android 6.0.1; Nexus 5X Build/MMB29P) AppleWebKit/537.36 (KHTML, like Gecko) Chrome/148.0.7778.96 Mobile Safari/537.36 (compatible; Googlebot/2.1; +http://www.google.com/bot.html)"
47.55.226.83 - - [20/Jun/2026:08:45:39 -0400] "GET / HTTP/2.0" 200 - "-" "Mozilla/5.0 (iPhone; CPU iPhone OS 18_7 like Mac OS X) AppleWebKit/605.1.15 (KHTML, like Gecko) Version/26.5 Mobile/15E148 Safari/604.1"
47.128.119.204 - - [20/Jun/2026:08:45:43 -0400] "GET /listing/425-acadie-boulevard-edmundston-new-brunswick-e3v-4h6-26650128/ HTTP/2.0" 404 29821 "-" "Mozilla/5.0 (Linux; Android 5.0) AppleWebKit/537.36 (KHTML, like Gecko) Mobile Safari/537.36 (compatible; Bytespider; spider-feedback@bytedance.com)"
47.128.119.204 - - [20/Jun/2026:08:45:46 -0400] "GET /wp-content/plugins/real-estate-listing-realtyna-wpl-pro/libraries/page_builders/divi/styles/style.min.css HTTP/2.0" 200 1 "https://www.alliancerealty.nb.ca/listing/425-acadie-boulevard-edmundston-new-brunswick-e3v-4h6-26650128/" "Mozilla/5.0 (Linux; Android 5.0) AppleWebKit/537.36 (KHTML, like Gecko) Mobile Safari/537.36 (compatible; Bytespider; spider-feedback@bytedance.com)"
47.128.119.204 - - [20/Jun/2026:08:45:46 -0400] "GET /wp-content/et-cache/2347/et-core-unified-cpt-2347.min.css?ver=1780682423 HTTP/2.0" 200 1023 "https://www.alliancerealty.nb.ca/listing/425-acadie-boulevard-edmundston-new-brunswick-e3v-4h6-26650128/" "Mozilla/5.0 (Linux; Android 5.0) AppleWebKit/537.36 (KHTML, like Gecko) Mobile Safari/537.36 (compatible; Bytespider; spider-feedback@bytedance.com)"
114.119.143.14 - - [20/Jun/2026:08:48:24 -0400] "GET /proprietes/1048-66-avenue-Boss%C3%A9 HTTP/1.1" 301 1 "https://www.alliancerealty.nb.ca/?wplpage=2" "Mozilla/5.0 (Linux; Android 7.0;) AppleWebKit/537.36 (HTML, like Gecko) Mobile Safari/537.36 (compatible; PetalBot;+https://webmaster.petalsearch.com/site/petalbot)"
114.119.143.14 - - [20/Jun/2026:08:48:27 -0400] "GET /proprietes/1048-66-avenue-Boss%C3%A9/ HTTP/1.1" 200 27150 "https://www.alliancerealty.nb.ca/?wplpage=2" "Mozilla/5.0 (Linux; Android 7.0;) AppleWebKit/537.36 (HTML, like Gecko) Mobile Safari/537.36 (compatible; PetalBot;+https://webmaster.petalsearch.com/site/petalbot)"
114.119.132.36 - - [20/Jun/2026:08:48:30 -0400] "GET /en/listing/550-notre-dame-de-lourdes-road-notre-dame-de-lourdes-new-brunswick-e7e-1v9-27434773/ HTTP/1.1" 200 32535 "https://www.alliancerealty.nb.ca/en/listing/550-notre-dame-de-lourdes-road-notre-dame-de-lourdes-new-brunswick-e7e-1v9-27434773/" "Mozilla/5.0 (Linux; Android 7.0;) AppleWebKit/537.36 (HTML, like Gecko) Mobile Safari/537.36 (compatible; PetalBot;+https://webmaster.petalsearch.com/site/petalbot)"
114.119.135.42 - - [20/Jun/2026:08:48:37 -0400] "GET /en/listing/149-beaulieu-road-unit-a-b-saint-francois-de-madawaska-new-brunswick-e7a-1a2-29095764/ HTTP/1.1" 200 34098 "https://www.alliancerealty.nb.ca/en/multiple-listing-services/page/3/" "Mozilla/5.0 (Linux; Android 7.0;) AppleWebKit/537.36 (HTML, like Gecko) Mobile Safari/537.36 (compatible; PetalBot;+https://webmaster.petalsearch.com/site/petalbot)"
108.175.83.66 - - [20/Jun/2026:08:48:39 -0400] "GET /proprietes-nouveautes/ HTTP/2.0" 200 36034 "https://www.google.com/" "Mozilla/5.0 (Linux; Android 10; K) AppleWebKit/537.36 (KHTML, like Gecko) Chrome/149.0.0.0 Mobile Safari/537.36"
108.175.83.66 - - [20/Jun/2026:08:48:42 -0400] "GET /wp-content/uploads/WPL/1148/thimg_28Lynott_1ext_360x240.JPG HTTP/2.0" 304 - "https://www.alliancerealty.nb.ca/proprietes-nouveautes/" "Mozilla/5.0 (Linux; Android 10; K) AppleWebKit/537.36 (KHTML, like Gecko) Chrome/149.0.0.0 Mobile Safari/537.36"
108.175.83.66 - - [20/Jun/2026:08:48:42 -0400] "GET /wp-content/uploads/WPL/1150/thimg_53_rueGrondin1Ext_360x240.jpg HTTP/2.0" 304 - "https://www.alliancerealty.nb.ca/proprietes-nouveautes/" "Mozilla/5.0 (Linux; Android 10; K) AppleWebKit/537.36 (KHTML, like Gecko) Chrome/149.0.0.0 Mobile Safari/537.36"
108.175.83.66 - - [20/Jun/2026:08:48:42 -0400] "POST /proprietes-nouveautes/ HTTP/2.0" 200 41 "https://www.alliancerealty.nb.ca/proprietes-nouveautes/" "Mozilla/5.0 (Linux; Android 10; K) AppleWebKit/537.36 (KHTML, like Gecko) Chrome/149.0.0.0 Mobile Safari/537.36"
108.175.83.66 - - [20/Jun/2026:08:48:42 -0400] "POST /wp-admin/admin-ajax.php HTTP/2.0" 200 262 "https://www.alliancerealty.nb.ca/proprietes-nouveautes/" "Mozilla/5.0 (Linux; Android 10; K) AppleWebKit/537.36 (KHTML, like Gecko) Chrome/149.0.0.0 Mobile Safari/537.36"
180.102.110.159 - - [20/Jun/2026:08:48:39 -0400] "GET /en/properties/789-Terrain-vacant-2e-Avenue/ HTTP/1.1" 200 165851 "-" "Sogou web spider/4.0(+http://www.sogou.com/docs/help/webmasters.htm#07)"
197.52.29.154 - - [20/Jun/2026:08:48:54 -0400] "POST /xmlrpc.php HTTP/1.1" 200 410 "-" "Jetpack/13.0; WordPress/6.2; http://site34517023.com"
180.102.110.159 - - [20/Jun/2026:08:48:47 -0400] "GET /en/properties/789-Terrain-vacant-2e-Avenue/ HTTP/1.1" 200 215275 "-" "Sogou web spider/4.0(+http://www.sogou.com/docs/help/webmasters.htm#07)"
197.52.29.154 - - [20/Jun/2026:08:49:04 -0400] "POST /xmlrpc.php HTTP/1.1" 200 410 "-" "Jetpack by WordPress.com"
197.52.29.154 - - [20/Jun/2026:08:49:15 -0400] "POST /xmlrpc.php HTTP/1.1" 200 410 "-" "Jetpack by WordPress.com (Jetpack 12.5; WordPress 6.4)"
197.52.29.154 - - [20/Jun/2026:08:49:26 -0400] "POST /xmlrpc.php HTTP/1.1" 200 410 "-" "Jetpack by WordPress.com"
197.52.29.154 - - [20/Jun/2026:08:49:36 -0400] "POST /xmlrpc.php HTTP/1.1" 200 410 "-" "Jetpack by WordPress.com"
197.52.29.154 - - [20/Jun/2026:08:49:47 -0400] "POST /xmlrpc.php HTTP/1.1" 200 410 "-" "Jetpack by WordPress.com (Jetpack 12.0; WordPress 6.2)"
197.52.29.154 - - [20/Jun/2026:08:49:57 -0400] "POST /xmlrpc.php HTTP/1.1" 200 410 "-" "Jetpack by WordPress.com (Jetpack 12.0; WordPress 6.2)"
197.52.29.154 - - [20/Jun/2026:08:50:08 -0400] "POST /xmlrpc.php HTTP/1.1" 200 410 "-" "Jetpack by WordPress.com"
197.52.29.154 - - [20/Jun/2026:08:50:19 -0400] "POST /xmlrpc.php HTTP/1.1" 200 410 "-" "Jetpack by WordPress.com (Jetpack 12.1; WordPress 6.3)"
197.52.29.154 - - [20/Jun/2026:08:50:30 -0400] "POST /xmlrpc.php HTTP/1.1" 200 410 "-" "WordPress.com; https://wordpress.com"
121.229.156.70 - - [20/Jun/2026:08:50:26 -0400] "GET /listing/11481-144-route-saint-leonard-parent-new-brunswick-e7e-2n1-29127590/ HTTP/1.1" 404 194353 "-" "Sogou web spider/4.0(+http://www.sogou.com/docs/help/webmasters.htm#07)"
43.130.116.87 - - [20/Jun/2026:08:50:35 -0400] "GET / HTTP/1.1" 200 152336 "http://www.alliancerealty.nb.ca" "Mozilla/5.0 (iPhone; CPU iPhone OS 13_2_3 like Mac OS X) AppleWebKit/605.1.15 (KHTML, like Gecko) Version/13.0.3 Mobile/15E148 Safari/604.1"
197.52.29.154 - - [20/Jun/2026:08:50:41 -0400] "POST /xmlrpc.php HTTP/1.1" 200 410 "-" "Jetpack by WordPress.com"
121.229.156.70 - - [20/Jun/2026:08:50:35 -0400] "GET /listing/11481-144-route-saint-leonard-parent-new-brunswick-e7e-2n1-29127590/ HTTP/1.1" 404 206615 "-" "Sogou web spider/4.0(+http://www.sogou.com/docs/help/webmasters.htm#07)"
197.52.29.154 - - [20/Jun/2026:08:50:51 -0400] "POST /xmlrpc.php HTTP/1.1" 200 410 "-" "Jetpack by WordPress.com (Jetpack 13.0; WordPress 6.3)"
197.52.29.154 - - [20/Jun/2026:08:51:01 -0400] "POST /xmlrpc.php HTTP/1.1" 200 410 "-" "WordPress.com; https://wordpress.com"
47.128.119.154 - - [20/Jun/2026:08:51:09 -0400] "GET /listing/8-ordonnance-avenue-edmundston-new-brunswick-e3v-1c4-28736613/ HTTP/2.0" 404 29821 "-" "Mozilla/5.0 (Linux; Android 5.0) AppleWebKit/537.36 (KHTML, like Gecko) Mobile Safari/537.36 (compatible; TikTokSpider; ttspider-feedback@tiktok.com)"
193.36.224.27 - - [20/Jun/2026:08:51:11 -0400] "POST /wp-login.php HTTP/1.1" 200 10832 "-" "Mozilla/5.0 (Windows NT 10.0; Win64; x64) AppleWebKit/537.36 Chrome/129.0.0.0 Safari/537.36"
47.128.119.154 - - [20/Jun/2026:08:51:12 -0400] "GET /wp-content/plugins/real-estate-listing-realtyna-wpl-pro/libraries/page_builders/divi/styles/style.min.css HTTP/2.0" 200 1 "https://www.alliancerealty.nb.ca/listing/8-ordonnance-avenue-edmundston-new-brunswick-e3v-1c4-28736613/" "Mozilla/5.0 (Linux; Android 5.0) AppleWebKit/537.36 (KHTML, like Gecko) Mobile Safari/537.36 (compatible; TikTokSpider; ttspider-feedback@tiktok.com)"
197.52.29.154 - - [20/Jun/2026:08:51:12 -0400] "POST /xmlrpc.php HTTP/1.1" 200 410 "-" "Jetpack by WordPress.com"
197.52.29.154 - - [20/Jun/2026:08:51:23 -0400] "POST /xmlrpc.php HTTP/1.1" 200 410 "-" "Jetpack by WordPress.com (Jetpack 12.0; WordPress 6.4)"
197.52.29.154 - - [20/Jun/2026:08:51:33 -0400] "POST /xmlrpc.php HTTP/1.1" 200 410 "-" "Jetpack/12.0; WordPress/6.4; http://site42923723.com"
197.52.29.154 - - [20/Jun/2026:08:51:44 -0400] "POST /xmlrpc.php HTTP/1.1" 200 410 "-" "Jetpack by WordPress.com (Jetpack 12.0; WordPress 6.4)"
197.52.29.154 - - [20/Jun/2026:08:51:54 -0400] "POST /xmlrpc.php HTTP/1.1" 200 410 "-" "Jetpack/12.1; WordPress/6.3; http://site64367147.com"
197.52.29.154 - - [20/Jun/2026:08:52:05 -0400] "POST /xmlrpc.php HTTP/1.1" 200 410 "-" "WordPress.com; https://wordpress.com"
116.212.131.65 - - [20/Jun/2026:08:52:23 -0400] "POST / HTTP/1.1" 200 40 "-" "Mozilla/5.0 (Windows NT 10.0; Win64; x64) AppleWebKit/537.36"
57.141.20.61 - - [20/Jun/2026:08:52:49 -0400] "GET /listing/748-canada-edmundston-new-brunswick-e3v-1w4-29805666/ HTTP/2.0" 200 238499 "-" "meta-externalagent/1.1 (+https://developers.facebook.com/docs/sharing/webmasters/crawler)"
103.127.30.137 - - [20/Jun/2026:08:52:58 -0400] "GET /wp-login.php HTTP/2.0" 200 2601 "-" "Mozilla/5.0 (X11; Linux x86_64; rv:133.0) Gecko/20100101 Firefox/133.0"
103.127.30.137 - - [20/Jun/2026:08:52:59 -0400] "POST /wp-login.php HTTP/2.0" 200 2724 "https://alliancerealty.nb.ca/wp-login.php" "Mozilla/5.0 (X11; Linux x86_64; rv:133.0) Gecko/20100101 Firefox/133.0"
116.212.131.65 - - [20/Jun/2026:08:53:12 -0400] "GET /wp-content/uploads/WPL/10/hrx.php HTTP/1.1" 404 207318 "-" "Mozilla/5.0 (Windows NT 10.0; Win64; x64) AppleWebKit/537.36"
116.212.131.65 - - [20/Jun/2026:08:53:12 -0400] "GET /wp-content/uploads/WPL/2/hrx.php HTTP/1.1" 404 207316 "-" "Mozilla/5.0 (Windows NT 10.0; Win64; x64) AppleWebKit/537.36"
116.212.131.65 - - [20/Jun/2026:08:53:12 -0400] "GET /wp-content/uploads/WPL/4/hrx.php HTTP/1.1" 404 207318 "-" "Mozilla/5.0 (Windows NT 10.0; Win64; x64) AppleWebKit/537.36"
116.212.131.65 - - [20/Jun/2026:08:53:11 -0400] "GET /wp-content/uploads/WPL/7/hrx.php HTTP/1.1" 404 207318 "-" "Mozilla/5.0 (Windows NT 10.0; Win64; x64) AppleWebKit/537.36"
116.212.131.65 - - [20/Jun/2026:08:53:12 -0400] "GET /wp-content/uploads/WPL/9/hrx.php HTTP/1.1" 404 207318 "-" "Mozilla/5.0 (Windows NT 10.0; Win64; x64) AppleWebKit/537.36"
116.212.131.65 - - [20/Jun/2026:08:53:13 -0400] "GET /wp-content/uploads/WPL/1/hrx.php HTTP/1.1" 404 207318 "-" "Mozilla/5.0 (Windows NT 10.0; Win64; x64) AppleWebKit/537.36"
142.167.4.144 - - [20/Jun/2026:08:53:24 -0400] "GET /proprietes/1146-1520-chemin-Rivi%C3%A8re-Verte/?fbclid=IwZXh0bgNhZW0CMTEAc3J0YwZhcHBfaWQPMTczODQ3NjQyNjcwMzcwAAEe8caUxmKP5dGgL4y0nQaVIksof11mbeOGze30iyBxbLDMKo4GK-azYzuEZeY_aem_IEj1J7_rzgN8n2GfwZ7TsQ HTTP/2.0" 200 36847 "https://facebook.com/" "Mozilla/5.0 (iPad; CPU OS 26_5 like Mac OS X) AppleWebKit/605.1.15 (KHTML, like Gecko) Mobile/23F77 [FBAN/FBIOS;FBAV/542.0.0.37.140;FBBV/840410395;FBDV/iPad14,1;FBMD/iPad;FBSN/iPadOS;FBSV/26.5;FBSS/2;FBID/tablet;FBLC/en_US;FBOP/5;FBRV/846141037;IABMV/1]"
142.167.4.144 - - [20/Jun/2026:08:53:27 -0400] "GET /wp-content/plugins/honeypot/includes/css/wpa.css?ver=2.1.13 HTTP/2.0" 200 241 "https://www.alliancerealty.nb.ca/proprietes/1146-1520-chemin-Rivi%C3%A8re-Verte/?fbclid=IwZXh0bgNhZW0CMTEAc3J0YwZhcHBfaWQPMTczODQ3NjQyNjcwMzcwAAEe8caUxmKP5dGgL4y0nQaVIksof11mbeOGze30iyBxbLDMKo4GK-azYzuEZeY_aem_IEj1J7_rzgN8n2GfwZ7TsQ" "Mozilla/5.0 (iPad; CPU OS 26_5 like Mac OS X) AppleWebKit/605.1.15 (KHTML, like Gecko) Mobile/23F77 [FBAN/FBIOS;FBAV/542.0.0.37.140;FBBV/840410395;FBDV/iPad14,1;FBMD/iPad;FBSN/iPadOS;FBSV/26.5;FBSS/2;FBID/tablet;FBLC/en_US;FBOP/5;FBRV/846141037;IABMV/1]"
142.167.4.144 - - [20/Jun/2026:08:53:27 -0400] "GET /wp-content/plugins/real-estate-listing-realtyna-wpl-pro/assets/css/ui_customizer/wpl.css?ver=5.8.13 HTTP/2.0" 200 2967 "https://www.alliancerealty.nb.ca/proprietes/1146-1520-chemin-Rivi%C3%A8re-Verte/?fbclid=IwZXh0bgNhZW0CMTEAc3J0YwZhcHBfaWQPMTczODQ3NjQyNjcwMzcwAAEe8caUxmKP5dGgL4y0nQaVIksof11mbeOGze30iyBxbLDMKo4GK-azYzuEZeY_aem_IEj1J7_rzgN8n2GfwZ7TsQ" "Mozilla/5.0 (iPad; CPU OS 26_5 like Mac OS X) AppleWebKit/605.1.15 (KHTML, like Gecko) Mobile/23F77 [FBAN/FBIOS;FBAV/542.0.0.37.140;FBBV/840410395;FBDV/iPad14,1;FBMD/iPad;FBSN/iPadOS;FBSV/26.5;FBSS/2;FBID/tablet;FBLC/en_US;FBOP/5;FBRV/846141037;IABMV/1]"
142.167.4.144 - - [20/Jun/2026:08:53:27 -0400] "GET /wp-content/mu-plugins/alliance.css?ver=1.2 HTTP/2.0" 200 313 "https://www.alliancerealty.nb.ca/proprietes/1146-1520-chemin-Rivi%C3%A8re-Verte/?fbclid=IwZXh0bgNhZW0CMTEAc3J0YwZhcHBfaWQPMTczODQ3NjQyNjcwMzcwAAEe8caUxmKP5dGgL4y0nQaVIksof11mbeOGze30iyBxbLDMKo4GK-azYzuEZeY_aem_IEj1J7_rzgN8n2GfwZ7TsQ" "Mozilla/5.0 (iPad; CPU OS 26_5 like Mac OS X) AppleWebKit/605.1.15 (KHTML, like Gecko) Mobile/23F77 [FBAN/FBIOS;FBAV/542.0.0.37.140;FBBV/840410395;FBDV/iPad14,1;FBMD/iPad;FBSN/iPadOS;FBSV/26.5;FBSS/2;FBID/tablet;FBLC/en_US;FBOP/5;FBRV/846141037;IABMV/1]"
142.167.4.144 - - [20/Jun/2026:08:53:27 -0400] "GET /wp-content/plugins/testimonial-free/public/assets/css/slick.css?ver=2.4.1 HTTP/2.0" 200 484 "https://www.alliancerealty.nb.ca/proprietes/1146-1520-chemin-Rivi%C3%A8re-Verte/?fbclid=IwZXh0bgNhZW0CMTEAc3J0YwZhcHBfaWQPMTczODQ3NjQyNjcwMzcwAAEe8caUxmKP5dGgL4y0nQaVIksof11mbeOGze30iyBxbLDMKo4GK-azYzuEZeY_aem_IEj1J7_rzgN8n2GfwZ7TsQ" "Mozilla/5.0 (iPad; CPU OS 26_5 like Mac OS X) AppleWebKit/605.1.15 (KHTML, like Gecko) Mobile/23F77 [FBAN/FBIOS;FBAV/542.0.0.37.140;FBBV/840410395;FBDV/iPad14,1;FBMD/iPad;FBSN/iPadOS;FBSV/26.5;FBSS/2;FBID/tablet;FBLC/en_US;FBOP/5;FBRV/846141037;IABMV/1]"
142.167.4.144 - - [20/Jun/2026:08:53:27 -0400] "GET /wp-content/plugins/testimonial-free/public/assets/css/deprecated-style.css?ver=2.4.1 HTTP/2.0" 200 556 "https://www.alliancerealty.nb.ca/proprietes/1146-1520-chemin-Rivi%C3%A8re-Verte/?fbclid=IwZXh0bgNhZW0CMTEAc3J0YwZhcHBfaWQPMTczODQ3NjQyNjcwMzcwAAEe8caUxmKP5dGgL4y0nQaVIksof11mbeOGze30iyBxbLDMKo4GK-azYzuEZeY_aem_IEj1J7_rzgN8n2GfwZ7TsQ" "Mozilla/5.0 (iPad; CPU OS 26_5 like Mac OS X) AppleWebKit/605.1.15 (KHTML, like Gecko) Mobile/23F77 [FBAN/FBIOS;FBAV/542.0.0.37.140;FBBV/840410395;FBDV/iPad14,1;FBMD/iPad;FBSN/iPadOS;FBSV/26.5;FBSS/2;FBID/tablet;FBLC/en_US;FBOP/5;FBRV/846141037;IABMV/1]"
142.167.4.144 - - [20/Jun/2026:08:53:27 -0400] "GET /wp-content/plugins/real-estate-listing-realtyna-wpl-pro/libraries/page_builders/divi/styles/style.min.css HTTP/2.0" 200 1 "https://www.alliancerealty.nb.ca/proprietes/1146-1520-chemin-Rivi%C3%A8re-Verte/?fbclid=IwZXh0bgNhZW0CMTEAc3J0YwZhcHBfaWQPMTczODQ3NjQyNjcwMzcwAAEe8caUxmKP5dGgL4y0nQaVIksof11mbeOGze30iyBxbLDMKo4GK-azYzuEZeY_aem_IEj1J7_rzgN8n2GfwZ7TsQ" "Mozilla/5.0 (iPad; CPU OS 26_5 like Mac OS X) AppleWebKit/605.1.15 (KHTML, like Gecko) Mobile/23F77 [FBAN/FBIOS;FBAV/542.0.0.37.140;FBBV/840410395;FBDV/iPad14,1;FBMD/iPad;FBSN/iPadOS;FBSV/26.5;FBSS/2;FBID/tablet;FBLC/en_US;FBOP/5;FBRV/846141037;IABMV/1]"
142.167.4.144 - - [20/Jun/2026:08:53:27 -0400] "GET /wp-content/plugins/realtypress-premium/public/third-party/bxslider/css/jquery.bxslider.min.css?ver=1.9.6 HTTP/2.0" 200 818 "https://www.alliancerealty.nb.ca/proprietes/1146-1520-chemin-Rivi%C3%A8re-Verte/?fbclid=IwZXh0bgNhZW0CMTEAc3J0YwZhcHBfaWQPMTczODQ3NjQyNjcwMzcwAAEe8caUxmKP5dGgL4y0nQaVIksof11mbeOGze30iyBxbLDMKo4GK-azYzuEZeY_aem_IEj1J7_rzgN8n2GfwZ7TsQ" "Mozilla/5.0 (iPad; CPU OS 26_5 like Mac OS X) AppleWebKit/605.1.15 (KHTML, like Gecko) Mobile/23F77 [FBAN/FBIOS;FBAV/542.0.0.37.140;FBBV/840410395;FBDV/iPad14,1;FBMD/iPad;FBSN/iPadOS;FBSV/26.5;FBSS/2;FBID/tablet;FBLC/en_US;FBOP/5;FBRV/846141037;IABMV/1]"
142.167.4.144 - - [20/Jun/2026:08:53:27 -0400] "GET /wp-content/plugins/tablepress/css/default.min.css?ver=1.14 HTTP/2.0" 200 2016 "https://www.alliancerealty.nb.ca/proprietes/1146-1520-chemin-Rivi%C3%A8re-Verte/?fbclid=IwZXh0bgNhZW0CMTEAc3J0YwZhcHBfaWQPMTczODQ3NjQyNjcwMzcwAAEe8caUxmKP5dGgL4y0nQaVIksof11mbeOGze30iyBxbLDMKo4GK-azYzuEZeY_aem_IEj1J7_rzgN8n2GfwZ7TsQ" "Mozilla/5.0 (iPad; CPU OS 26_5 like Mac OS X) AppleWebKit/605.1.15 (KHTML, like Gecko) Mobile/23F77 [FBAN/FBIOS;FBAV/542.0.0.37.140;FBBV/840410395;FBDV/iPad14,1;FBMD/iPad;FBSN/iPadOS;FBSV/26.5;FBSS/2;FBID/tablet;FBLC/en_US;FBOP/5;FBRV/846141037;IABMV/1]"
142.167.4.144 - - [20/Jun/2026:08:53:27 -0400] "GET /wp-content/plugins/realtypress-premium/public/third-party/jrange/jquery.range.css?ver=1.9.6 HTTP/2.0" 200 752 "https://www.alliancerealty.nb.ca/proprietes/1146-1520-chemin-Rivi%C3%A8re-Verte/?fbclid=IwZXh0bgNhZW0CMTEAc3J0YwZhcHBfaWQPMTczODQ3NjQyNjcwMzcwAAEe8caUxmKP5dGgL4y0nQaVIksof11mbeOGze30iyBxbLDMKo4GK-azYzuEZeY_aem_IEj1J7_rzgN8n2GfwZ7TsQ" "Mozilla/5.0 (iPad; CPU OS 26_5 like Mac OS X) AppleWebKit/605.1.15 (KHTML, like Gecko) Mobile/23F77 [FBAN/FBIOS;FBAV/542.0.0.37.140;FBBV/840410395;FBDV/iPad14,1;FBMD/iPad;FBSN/iPadOS;FBSV/26.5;FBSS/2;FBID/tablet;FBLC/en_US;FBOP/5;FBRV/846141037;IABMV/1]"
142.167.4.144 - - [20/Jun/2026:08:53:27 -0400] "GET /wp-content/plugins/testimonial-free/public/assets/css/style.css?ver=2.4.1 HTTP/2.0" 200 819 "https://www.alliancerealty.nb.ca/proprietes/1146-1520-chemin-Rivi%C3%A8re-Verte/?fbclid=IwZXh0bgNhZW0CMTEAc3J0YwZhcHBfaWQPMTczODQ3NjQyNjcwMzcwAAEe8caUxmKP5dGgL4y0nQaVIksof11mbeOGze30iyBxbLDMKo4GK-azYzuEZeY_aem_IEj1J7_rzgN8n2GfwZ7TsQ" "Mozilla/5.0 (iPad; CPU OS 26_5 like Mac OS X) AppleWebKit/605.1.15 (KHTML, like Gecko) Mobile/23F77 [FBAN/FBIOS;FBAV/542.0.0.37.140;FBBV/840410395;FBDV/iPad14,1;FBMD/iPad;FBSN/iPadOS;FBSV/26.5;FBSS/2;FBID/tablet;FBLC/en_US;FBOP/5;FBRV/846141037;IABMV/1]"
142.167.4.144 - - [20/Jun/2026:08:53:27 -0400] "GET /wp-content/plugins/realtypress-premium/public/third-party/font-awesome-4.2.0/css/font-awesome.min.css?ver=1.9.6 HTTP/2.0" 200 4737 "https://www.alliancerealty.nb.ca/proprietes/1146-1520-chemin-Rivi%C3%A8re-Verte/?fbclid=IwZXh0bgNhZW0CMTEAc3J0YwZhcHBfaWQPMTczODQ3NjQyNjcwMzcwAAEe8caUxmKP5dGgL4y0nQaVIksof11mbeOGze30iyBxbLDMKo4GK-azYzuEZeY_aem_IEj1J7_rzgN8n2GfwZ7TsQ" "Mozilla/5.0 (iPad; CPU OS 26_5 like Mac OS X) AppleWebKit/605.1.15 (KHTML, like Gecko) Mobile/23F77 [FBAN/FBIOS;FBAV/542.0.0.37.140;FBBV/840410395;FBDV/iPad14,1;FBMD/iPad;FBSN/iPadOS;FBSV/26.5;FBSS/2;FBID/tablet;FBLC/en_US;FBOP/5;FBRV/846141037;IABMV/1]"
142.167.4.144 - - [20/Jun/2026:08:53:27 -0400] "GET /wp-content/plugins/testimonial-free/public/assets/css/font-awesome.min.css?ver=2.4.1 HTTP/2.0" 200 6294 "https://www.alliancerealty.nb.ca/proprietes/1146-1520-chemin-Rivi%C3%A8re-Verte/?fbclid=IwZXh0bgNhZW0CMTEAc3J0YwZhcHBfaWQPMTczODQ3NjQyNjcwMzcwAAEe8caUxmKP5dGgL4y0nQaVIksof11mbeOGze30iyBxbLDMKo4GK-azYzuEZeY_aem_IEj1J7_rzgN8n2GfwZ7TsQ" "Mozilla/5.0 (iPad; CPU OS 26_5 like Mac OS X) AppleWebKit/605.1.15 (KHTML, like Gecko) Mobile/23F77 [FBAN/FBIOS;FBAV/542.0.0.37.140;FBBV/840410395;FBDV/iPad14,1;FBMD/iPad;FBSN/iPadOS;FBSV/26.5;FBSS/2;FBID/tablet;FBLC/en_US;FBOP/5;FBRV/846141037;IABMV/1]"
142.167.4.144 - - [20/Jun/2026:08:53:27 -0400] "GET /wp-content/plugins/sitepress-multilingual-cms/templates/language-switchers/menu-item/style.css?ver=1 HTTP/2.0" 200 94 "https://www.alliancerealty.nb.ca/proprietes/1146-1520-chemin-Rivi%C3%A8re-Verte/?fbclid=IwZXh0bgNhZW0CMTEAc3J0YwZhcHBfaWQPMTczODQ3NjQyNjcwMzcwAAEe8caUxmKP5dGgL4y0nQaVIksof11mbeOGze30iyBxbLDMKo4GK-azYzuEZeY_aem_IEj1J7_rzgN8n2GfwZ7TsQ" "Mozilla/5.0 (iPad; CPU OS 26_5 like Mac OS X) AppleWebKit/605.1.15 (KHTML, like Gecko) Mobile/23F77 [FBAN/FBIOS;FBAV/542.0.0.37.140;FBBV/840410395;FBDV/iPad14,1;FBMD/iPad;FBSN/iPadOS;FBSV/26.5;FBSS/2;FBID/tablet;FBLC/en_US;FBOP/5;FBRV/846141037;IABMV/1]"
142.167.4.144 - - [20/Jun/2026:08:53:27 -0400] "GET /wp-content/plugins/realtypress-premium/public/third-party/leaflet-plugins/fullscreen/css/leaflet.fullscreen.min.css?ver=1.9.6 HTTP/2.0" 200 266 "https://www.alliancerealty.nb.ca/proprietes/1146-1520-chemin-Rivi%C3%A8re-Verte/?fbclid=IwZXh0bgNhZW0CMTEAc3J0YwZhcHBfaWQPMTczODQ3NjQyNjcwMzcwAAEe8caUxmKP5dGgL4y0nQaVIksof11mbeOGze30iyBxbLDMKo4GK-azYzuEZeY_aem_IEj1J7_rzgN8n2GfwZ7TsQ" "Mozilla/5.0 (iPad; CPU OS 26_5 like Mac OS X) AppleWebKit/605.1.15 (KHTML, like Gecko) Mobile/23F77 [FBAN/FBIOS;FBAV/542.0.0.37.140;FBBV/840410395;FBDV/iPad14,1;FBMD/iPad;FBSN/iPadOS;FBSV/26.5;FBSS/2;FBID/tablet;FBLC/en_US;FBOP/5;FBRV/846141037;IABMV/1]"
142.167.4.144 - - [20/Jun/2026:08:53:27 -0400] "GET /wp-content/plugins/tablepress-datatables-buttons/css/buttons.dataTables.min.css?ver=1.5 HTTP/2.0" 200 1219 "https://www.alliancerealty.nb.ca/proprietes/1146-1520-chemin-Rivi%C3%A8re-Verte/?fbclid=IwZXh0bgNhZW0CMTEAc3J0YwZhcHBfaWQPMTczODQ3NjQyNjcwMzcwAAEe8caUxmKP5dGgL4y0nQaVIksof11mbeOGze30iyBxbLDMKo4GK-azYzuEZeY_aem_IEj1J7_rzgN8n2GfwZ7TsQ" "Mozilla/5.0 (iPad; CPU OS 26_5 like Mac OS X) AppleWebKit/605.1.15 (KHTML, like Gecko) Mobile/23F77 [FBAN/FBIOS;FBAV/542.0.0.37.140;FBBV/840410395;FBDV/iPad14,1;FBMD/iPad;FBSN/iPadOS;FBSV/26.5;FBSS/2;FBID/tablet;FBLC/en_US;FBOP/5;FBRV/846141037;IABMV/1]"
142.167.4.144 - - [20/Jun/2026:08:53:27 -0400] "GET /wp-content/plugins/realtypress-premium/public/third-party/leaflet-markercluster/css/MarkerCluster.Default.min.css?ver=1.9.6 HTTP/2.0" 200 302 "https://www.alliancerealty.nb.ca/proprietes/1146-1520-chemin-Rivi%C3%A8re-Verte/?fbclid=IwZXh0bgNhZW0CMTEAc3J0YwZhcHBfaWQPMTczODQ3NjQyNjcwMzcwAAEe8caUxmKP5dGgL4y0nQaVIksof11mbeOGze30iyBxbLDMKo4GK-azYzuEZeY_aem_IEj1J7_rzgN8n2GfwZ7TsQ" "Mozilla/5.0 (iPad; CPU OS 26_5 like Mac OS X) AppleWebKit/605.1.15 (KHTML, like Gecko) Mobile/23F77 [FBAN/FBIOS;FBAV/542.0.0.37.140;FBBV/840410395;FBDV/iPad14,1;FBMD/iPad;FBSN/iPadOS;FBSV/26.5;FBSS/2;FBID/tablet;FBLC/en_US;FBOP/5;FBRV/846141037;IABMV/1]"
142.167.4.144 - - [20/Jun/2026:08:53:27 -0400] "GET /wp-content/plugins/formidable/css/formidableforms.css?ver=1191213 HTTP/2.0" 200 17506 "https://www.alliancerealty.nb.ca/proprietes/1146-1520-chemin-Rivi%C3%A8re-Verte/?fbclid=IwZXh0bgNhZW0CMTEAc3J0YwZhcHBfaWQPMTczODQ3NjQyNjcwMzcwAAEe8caUxmKP5dGgL4y0nQaVIksof11mbeOGze30iyBxbLDMKo4GK-azYzuEZeY_aem_IEj1J7_rzgN8n2GfwZ7TsQ" "Mozilla/5.0 (iPad; CPU OS 26_5 like Mac OS X) AppleWebKit/605.1.15 (KHTML, like Gecko) Mobile/23F77 [FBAN/FBIOS;FBAV/542.0.0.37.140;FBBV/840410395;FBDV/iPad14,1;FBMD/iPad;FBSN/iPadOS;FBSV/26.5;FBSS/2;FBID/tablet;FBLC/en_US;FBOP/5;FBRV/846141037;IABMV/1]"
142.167.4.144 - - [20/Jun/2026:08:53:27 -0400] "GET /wp-content/plugins/realtypress-premium/public/third-party/leaflet-plugins/history/leaflet-history.css?ver=1.9.6 HTTP/2.0" 200 158 "https://www.alliancerealty.nb.ca/proprietes/1146-1520-chemin-Rivi%C3%A8re-Verte/?fbclid=IwZXh0bgNhZW0CMTEAc3J0YwZhcHBfaWQPMTczODQ3NjQyNjcwMzcwAAEe8caUxmKP5dGgL4y0nQaVIksof11mbeOGze30iyBxbLDMKo4GK-azYzuEZeY_aem_IEj1J7_rzgN8n2GfwZ7TsQ" "Mozilla/5.0 (iPad; CPU OS 26_5 like Mac OS X) AppleWebKit/605.1.15 (KHTML, like Gecko) Mobile/23F77 [FBAN/FBIOS;FBAV/542.0.0.37.140;FBBV/840410395;FBDV/iPad14,1;FBMD/iPad;FBSN/iPadOS;FBSV/26.5;FBSS/2;FBID/tablet;FBLC/en_US;FBOP/5;FBRV/846141037;IABMV/1]"
142.167.4.144 - - [20/Jun/2026:08:53:27 -0400] "GET /wp-content/plugins/realtypress-premium/public/templates/default/css/responsive.css?ver=1.9.6 HTTP/2.0" 200 553 "https://www.alliancerealty.nb.ca/proprietes/1146-1520-chemin-Rivi%C3%A8re-Verte/?fbclid=IwZXh0bgNhZW0CMTEAc3J0YwZhcHBfaWQPMTczODQ3NjQyNjcwMzcwAAEe8caUxmKP5dGgL4y0nQaVIksof11mbeOGze30iyBxbLDMKo4GK-azYzuEZeY_aem_IEj1J7_rzgN8n2GfwZ7TsQ" "Mozilla/5.0 (iPad; CPU OS 26_5 like Mac OS X) AppleWebKit/605.1.15 (KHTML, like Gecko) Mobile/23F77 [FBAN/FBIOS;FBAV/542.0.0.37.140;FBBV/840410395;FBDV/iPad14,1;FBMD/iPad;FBSN/iPadOS;FBSV/26.5;FBSS/2;FBID/tablet;FBLC/en_US;FBOP/5;FBRV/846141037;IABMV/1]"
142.167.4.144 - - [20/Jun/2026:08:53:27 -0400] "GET /wp-content/plugins/realtypress-premium/public/templates/default/css/widgets.css?ver=1.9.6 HTTP/2.0" 200 327 "https://www.alliancerealty.nb.ca/proprietes/1146-1520-chemin-Rivi%C3%A8re-Verte/?fbclid=IwZXh0bgNhZW0CMTEAc3J0YwZhcHBfaWQPMTczODQ3NjQyNjcwMzcwAAEe8caUxmKP5dGgL4y0nQaVIksof11mbeOGze30iyBxbLDMKo4GK-azYzuEZeY_aem_IEj1J7_rzgN8n2GfwZ7TsQ" "Mozilla/5.0 (iPad; CPU OS 26_5 like Mac OS X) AppleWebKit/605.1.15 (KHTML, like Gecko) Mobile/23F77 [FBAN/FBIOS;FBAV/542.0.0.37.140;FBBV/840410395;FBDV/iPad14,1;FBMD/iPad;FBSN/iPadOS;FBSV/26.5;FBSS/2;FBID/tablet;FBLC/en_US;FBOP/5;FBRV/846141037;IABMV/1]"
142.167.4.144 - - [20/Jun/2026:08:53:27 -0400] "GET /wp-content/plugins/realtypress-premium/public/third-party/leaflet-markercluster/css/MarkerCluster.min.css?ver=1.9.6 HTTP/2.0" 200 253 "https://www.alliancerealty.nb.ca/proprietes/1146-1520-chemin-Rivi%C3%A8re-Verte/?fbclid=IwZXh0bgNhZW0CMTEAc3J0YwZhcHBfaWQPMTczODQ3NjQyNjcwMzcwAAEe8caUxmKP5dGgL4y0nQaVIksof11mbeOGze30iyBxbLDMKo4GK-azYzuEZeY_aem_IEj1J7_rzgN8n2GfwZ7TsQ" "Mozilla/5.0 (iPad; CPU OS 26_5 like Mac OS X) AppleWebKit/605.1.15 (KHTML, like Gecko) Mobile/23F77 [FBAN/FBIOS;FBAV/542.0.0.37.140;FBBV/840410395;FBDV/iPad14,1;FBMD/iPad;FBSN/iPadOS;FBSV/26.5;FBSS/2;FBID/tablet;FBLC/en_US;FBOP/5;FBRV/846141037;IABMV/1]"
