74.7.230.36 - - [20/Jun/2026:20:54:34 -0400] "GET /robots.txt HTTP/1.1" 301 1 "-" "Mozilla/5.0 (Macintosh; Intel Mac OS X 10_15_7) AppleWebKit/537.36 (KHTML, like Gecko) Chrome/131.0.0.0 Safari/537.36; compatible; OAI-SearchBot/1.4; robots.txt; +https://openai.com/searchbot"
74.7.230.36 - - [20/Jun/2026:20:54:35 -0400] "GET /robots.txt HTTP/1.1" 200 55 "http://alliancerealty.nb.ca/robots.txt" "Mozilla/5.0 (Macintosh; Intel Mac OS X 10_15_7) AppleWebKit/537.36 (KHTML, like Gecko) Chrome/131.0.0.0 Safari/537.36; compatible; OAI-SearchBot/1.4; robots.txt; +https://openai.com/searchbot"
74.7.243.131 - - [20/Jun/2026:20:54:39 -0400] "GET / HTTP/1.1" 301 1 "https://selling.com" "Mozilla/5.0 AppleWebKit/537.36 (KHTML, like Gecko; compatible; GPTBot/1.4; +https://openai.com/gptbot)"
139.155.126.16 - - [20/Jun/2026:21:08:12 -0400] "GET / HTTP/1.1" 301 - "-" "Mozilla/5.0 (iPhone; CPU iPhone OS 13_2_3 like Mac OS X) AppleWebKit/605.1.15 (KHTML, like Gecko) Version/13.0.3 Mobile/15E148 Safari/604.1"
142.167.49.155 - - [20/Jun/2026:21:32:23 -0400] "GET / HTTP/1.1" 301 - "-" "Mozilla/5.0 (iPhone; CPU iPhone OS 18_7 like Mac OS X) AppleWebKit/605.1.15 (KHTML, like Gecko) Version/26.5 Mobile/15E148 Safari/604.1"
51.68.107.137 - - [20/Jun/2026:21:40:23 -0400] "GET /robots.txt HTTP/1.1" 200 55 "-" "Mozilla/5.0 (compatible; MJ12bot/v2.0.5; http://mj12bot.com/)"
51.68.107.137 - - [20/Jun/2026:21:40:24 -0400] "GET / HTTP/1.1" 301 1 "-" "Mozilla/5.0 (compatible; MJ12bot/v2.0.5; http://mj12bot.com/)"
170.106.35.153 - - [20/Jun/2026:21:46:03 -0400] "GET / HTTP/1.1" 301 - "-" "Mozilla/5.0 (iPhone; CPU iPhone OS 13_2_3 like Mac OS X) AppleWebKit/605.1.15 (KHTML, like Gecko) Version/13.0.3 Mobile/15E148 Safari/604.1"
209.16.158.30 - - [20/Jun/2026:21:57:55 -0400] "POST /wp-cron.php?doing_wp_cron=1782007075.5276930332183837890625 HTTP/1.1" 200 1 "http://www.alliancerealty.nb.ca/wp-cron.php?doing_wp_cron=1782007075.5276930332183837890625" "WordPress/5.8.13; https://www.alliancerealty.nb.ca"
173.252.95.19 - - [20/Jun/2026:21:57:55 -0400] "GET /admin/imgs/4117/8Damase_1extslide1.jpg HTTP/1.1" 404 207238 "-" "facebookexternalhit/1.1 (+http://www.facebook.com/externalhit_uatext.php)"
69.171.234.2 - - [20/Jun/2026:21:57:55 -0400] "GET /admin/imgs/4117/8Damase_1extslide1.jpg HTTP/1.1" 404 207237 "-" "facebookexternalhit/1.1 (+http://www.facebook.com/externalhit_uatext.php)"
216.208.243.40 - - [20/Jun/2026:22:08:37 -0400] "GET / HTTP/1.1" 301 - "-" "Mozilla/5.0 (Linux; Android 10; K) AppleWebKit/537.36 (KHTML, like Gecko) Chrome/149.0.0.0 Mobile Safari/537.36"
218.152.33.180 - - [20/Jun/2026:22:16:59 -0400] "GET /listing/?wplview&view=list&posts_per_page=48 HTTP/1.1" 301 1 "http://alliancerealty.nb.ca/" "Mozilla/5.0 (X11; CrOS x86_64 14541.0.0) AppleWebKit/537.36 (KHTML, like Gecko) Chrome/144.0.0.0 Safari/537.36"
218.152.33.180 - - [20/Jun/2026:22:17:02 -0400] "GET /listing/?wplview&view=list&posts_per_page=48 HTTP/1.1" 200 48751 "http://alliancerealty.nb.ca/listing/?wplview&view=list&posts_per_page=48" "Mozilla/5.0 (X11; CrOS x86_64 14541.0.0) AppleWebKit/537.36 (KHTML, like Gecko) Chrome/144.0.0.0 Safari/537.36"
218.152.33.180 - - [20/Jun/2026:22:17:07 -0400] "GET /wp-login.php?action=register HTTP/1.1" 302 1 "http://www.alliancerealty.nb.ca/listing/?wplview&view=list&posts_per_page=48" "Mozilla/5.0 (Windows NT 6.3; Win64; x64) AppleWebKit/537.36 (KHTML, like Gecko) Chrome/103.0.0.0 Safari/537.36"
13.222.196.137 - - [20/Jun/2026:22:26:51 -0400] "GET / HTTP/1.1" 301 - "-" "Mozilla/5.0 (Windows NT 10.0; WOW64) AppleWebKit/537.36 (KHTML, like Gecko) Chrome/109.0.0.0 Safari/537.36"
13.222.196.137 - - [20/Jun/2026:22:26:58 -0400] "GET / HTTP/1.1" 301 - "-" "Mozilla/5.0 (Windows NT 10.0; WOW64) AppleWebKit/537.36 (KHTML, like Gecko) Chrome/109.0.0.0 Safari/537.36"
110.172.98.2 - - [20/Jun/2026:22:31:58 -0400] "GET / HTTP/1.1" 301 - "-" "Mozilla/5.0 (Windows NT 10.0; Win64; x64) AppleWebKit/537.36 (KHTML, like Gecko) Chrome/79.0.3945.130 Safari/537.36"
43.157.53.115 - - [20/Jun/2026:22:49:45 -0400] "GET / HTTP/1.1" 301 - "-" "Mozilla/5.0 (iPhone; CPU iPhone OS 13_2_3 like Mac OS X) AppleWebKit/605.1.15 (KHTML, like Gecko) Version/13.0.3 Mobile/15E148 Safari/604.1"
43.156.0.135 - - [20/Jun/2026:23:00:27 -0400] "GET /adminAR/files/PrintEn.php?pid=415 HTTP/1.1" 101 - "http://www.alliancerealty.nb.ca/adminAR/files/PrintEn.php?pid=415" "Mozilla/5.0 (Windows NT 10.0; Win64; x64) AppleWebKit/537.36 (KHTML, like Gecko) Chrome/116.0.0.0 Safari/537.36"
43.156.0.135 - - [20/Jun/2026:23:00:27 -0400] "GET /adminAR/files/PrintEn.php?pid=415 HTTP/2.0" 200 1884 "http://www.alliancerealty.nb.ca/adminAR/files/PrintEn.php?pid=415" "Mozilla/5.0 (Windows NT 10.0; Win64; x64) AppleWebKit/537.36 (KHTML, like Gecko) Chrome/116.0.0.0 Safari/537.36"
43.134.57.89 - - [20/Jun/2026:23:11:26 -0400] "GET /adminAR/files/PrintEn.php?pid=883 HTTP/2.0" 200 1700 "http://alliancerealty.nb.ca/adminAR/files/PrintEn.php?pid=883" "Mozilla/5.0 (Macintosh; Intel Mac OS X 10_15_7) AppleWebKit/537.36 (KHTML, like Gecko) Chrome/119.0.0.0 Safari/537.36"
43.134.57.89 - - [20/Jun/2026:23:11:26 -0400] "GET /adminAR/files/PrintEn.php?pid=883 HTTP/1.1" 101 - "http://alliancerealty.nb.ca/adminAR/files/PrintEn.php?pid=883" "Mozilla/5.0 (Macintosh; Intel Mac OS X 10_15_7) AppleWebKit/537.36 (KHTML, like Gecko) Chrome/119.0.0.0 Safari/537.36"
114.119.145.192 - - [20/Jun/2026:23:18:14 -0400] "GET /robots.txt HTTP/1.1" 301 - "http://alliancerealty.nb.ca/robots.txt" "Mozilla/5.0 (compatible;PetalBot;+https://webmaster.petalsearch.com/site/petalbot)"
114.119.145.192 - - [20/Jun/2026:23:18:17 -0400] "GET /robots.txt HTTP/1.1" 200 67 "http://alliancerealty.nb.ca/robots.txt" "Mozilla/5.0 (compatible;PetalBot;+https://webmaster.petalsearch.com/site/petalbot)"
192.178.6.64 - - [20/Jun/2026:23:34:54 -0400] "GET /robots.txt HTTP/1.1" 301 1 "-" "Mozilla/5.0 (compatible; Googlebot/2.1; +http://www.google.com/bot.html)"
66.249.69.64 - - [20/Jun/2026:23:34:55 -0400] "GET /robots.txt HTTP/1.1" 200 55 "-" "Mozilla/5.0 (compatible; Googlebot/2.1; +http://www.google.com/bot.html)"
192.178.6.72 - - [20/Jun/2026:23:34:56 -0400] "GET /ads.txt HTTP/1.1" 301 1 "-" "Mozilla/5.0 (compatible; Googlebot/2.1; +http://www.google.com/bot.html)"
66.249.69.66 - - [20/Jun/2026:23:34:58 -0400] "GET /ads.txt HTTP/1.1" 404 29907 "-" "Mozilla/5.0 (compatible; Googlebot/2.1; +http://www.google.com/bot.html)"
106.52.171.40 - - [20/Jun/2026:23:40:37 -0400] "GET / HTTP/1.1" 301 - "https://m.baidu.com/s?word=www.mzis.cn" "Mozilla/5.0 (iPhone; CPU iPhone OS 26_0 like Mac OS X) AppleWebKit/605.1.15 (KHTML, like Gecko) Version/26.0 Mobile/15E148 Safari/604.1"
170.83.144.8 - - [20/Jun/2026:23:52:44 -0400] "GET http://alliancerealty.nb.ca/buyer/?lg=en HTTP/1.1" 301 - "-" "Mozilla/5.0 (Macintosh; Intel Mac OS X 11_7_0) AppleWebKit/537.36 (KHTML, like Gecko) Chrome/126.0.6478.126 Safari/537.36"
209.16.158.30 - - [20/Jun/2026:23:57:48 -0400] "POST /wp-cron.php?doing_wp_cron=1782014268.1380789279937744140625 HTTP/1.1" 200 1 "http://www.alliancerealty.nb.ca/wp-cron.php?doing_wp_cron=1782014268.1380789279937744140625" "WordPress/5.8.13; https://www.alliancerealty.nb.ca"
151.247.22.122 - - [20/Jun/2026:23:57:47 -0400] "GET / HTTP/1.1" 301 - "-" "Mozilla/5.0 (Windows NT 10.0; Win64; x64; rv:109.0) Gecko/20100101 Firefox/111.0"
122.183.45.63 - - [20/Jun/2026:23:58:35 -0400] "POST /xmlrpc.php HTTP/1.1" 200 15480 "-" "Jetpack by WordPress.com"
122.183.45.63 - - [20/Jun/2026:23:58:47 -0400] "POST /xmlrpc.php HTTP/1.1" 200 15480 "-" "Jetpack by WordPress.com (Jetpack 12.0; WordPress 6.1)"
122.183.45.63 - - [20/Jun/2026:23:59:01 -0400] "POST /xmlrpc.php HTTP/1.1" 200 15480 "-" "WordPress.com; https://wordpress.com"
122.183.45.63 - - [20/Jun/2026:23:59:16 -0400] "POST /xmlrpc.php HTTP/1.1" 200 15480 "-" "Jetpack/12.1; WordPress/6.1; http://site62083950.com"
122.183.45.63 - - [20/Jun/2026:23:59:28 -0400] "POST /xmlrpc.php HTTP/1.1" 200 15480 "-" "WordPress.com; https://wordpress.com"
122.183.45.63 - - [20/Jun/2026:23:59:39 -0400] "POST /xmlrpc.php HTTP/1.1" 200 15480 "-" "Jetpack by WordPress.com (Jetpack 12.0; WordPress 6.2)"
122.183.45.63 - - [20/Jun/2026:23:59:53 -0400] "POST /xmlrpc.php HTTP/1.1" 200 15480 "-" "Jetpack by WordPress.com"
122.183.45.63 - - [21/Jun/2026:00:00:06 -0400] "POST /xmlrpc.php HTTP/1.1" 200 15480 "-" "Jetpack/12.0; WordPress/6.2; http://site84144370.com"
122.183.45.63 - - [21/Jun/2026:00:00:21 -0400] "POST /xmlrpc.php HTTP/1.1" 200 15480 "-" "Jetpack by WordPress.com"
122.183.45.63 - - [21/Jun/2026:00:00:34 -0400] "POST /xmlrpc.php HTTP/1.1" 200 15480 "-" "Jetpack/12.5; WordPress/6.4; http://site77001251.com"
122.183.45.63 - - [21/Jun/2026:00:00:46 -0400] "POST /xmlrpc.php HTTP/1.1" 200 15480 "-" "WordPress.com; https://wordpress.com"
122.183.45.63 - - [21/Jun/2026:00:01:19 -0400] "POST /xmlrpc.php HTTP/1.1" 200 15480 "-" "Jetpack by WordPress.com (Jetpack 13.0; WordPress 6.1)"
122.183.45.63 - - [21/Jun/2026:00:01:51 -0400] "POST /xmlrpc.php HTTP/1.1" 200 15480 "-" "Jetpack/13.0; WordPress/6.2; http://site80977971.com"
122.183.45.63 - - [21/Jun/2026:00:02:10 -0400] "POST /xmlrpc.php HTTP/1.1" 200 15480 "-" "Jetpack/13.0; WordPress/6.2; http://site19705121.com"
122.183.45.63 - - [21/Jun/2026:00:02:28 -0400] "POST /xmlrpc.php HTTP/1.1" 200 15480 "-" "Jetpack by WordPress.com"
122.183.45.63 - - [21/Jun/2026:00:02:40 -0400] "POST /xmlrpc.php HTTP/1.1" 200 15480 "-" "Jetpack by WordPress.com"
122.183.45.63 - - [21/Jun/2026:00:02:50 -0400] "POST /xmlrpc.php HTTP/1.1" 200 15480 "-" "Jetpack/12.1; WordPress/6.1; http://site42233090.com"
122.183.45.63 - - [21/Jun/2026:00:03:01 -0400] "POST /xmlrpc.php HTTP/1.1" 200 15480 "-" "WordPress.com; https://wordpress.com"
122.183.45.63 - - [21/Jun/2026:00:03:13 -0400] "POST /xmlrpc.php HTTP/1.1" 200 15480 "-" "Jetpack by WordPress.com (Jetpack 12.5; WordPress 6.3)"
122.183.45.63 - - [21/Jun/2026:00:03:32 -0400] "POST /xmlrpc.php HTTP/1.1" 200 15480 "-" "Jetpack by WordPress.com"
122.183.45.63 - - [21/Jun/2026:00:03:42 -0400] "POST /xmlrpc.php HTTP/1.1" 200 15480 "-" "Jetpack by WordPress.com"
122.183.45.63 - - [21/Jun/2026:00:03:53 -0400] "POST /xmlrpc.php HTTP/1.1" 200 15480 "-" "Jetpack by WordPress.com (Jetpack 12.5; WordPress 6.1)"
122.183.45.63 - - [21/Jun/2026:00:04:06 -0400] "POST /xmlrpc.php HTTP/1.1" 200 15480 "-" "Jetpack by WordPress.com (Jetpack 12.5; WordPress 6.4)"
122.183.45.63 - - [21/Jun/2026:00:04:36 -0400] "POST /xmlrpc.php HTTP/1.1" 200 15480 "-" "Jetpack/12.5; WordPress/6.4; http://site41308297.com"
122.183.45.63 - - [21/Jun/2026:00:04:47 -0400] "POST /xmlrpc.php HTTP/1.1" 200 15480 "-" "Jetpack by WordPress.com (Jetpack 12.5; WordPress 6.4)"
122.183.45.63 - - [21/Jun/2026:00:04:58 -0400] "POST /xmlrpc.php HTTP/1.1" 200 15480 "-" "Jetpack by WordPress.com"
122.183.45.63 - - [21/Jun/2026:00:05:10 -0400] "POST /xmlrpc.php HTTP/1.1" 200 15480 "-" "Jetpack/12.5; WordPress/6.2; http://site48075649.com"
122.183.45.63 - - [21/Jun/2026:00:05:29 -0400] "POST /xmlrpc.php HTTP/1.1" 200 15480 "-" "WordPress.com; https://wordpress.com"
122.183.45.63 - - [21/Jun/2026:00:05:41 -0400] "POST /xmlrpc.php HTTP/1.1" 200 15480 "-" "Jetpack by WordPress.com (Jetpack 13.0; WordPress 6.1)"
122.183.45.63 - - [21/Jun/2026:00:05:51 -0400] "POST /xmlrpc.php HTTP/1.1" 200 15480 "-" "Jetpack by WordPress.com (Jetpack 12.5; WordPress 6.4)"
122.183.45.63 - - [21/Jun/2026:00:06:04 -0400] "POST /xmlrpc.php HTTP/1.1" 200 15480 "-" "Jetpack by WordPress.com (Jetpack 12.5; WordPress 6.1)"
122.183.45.63 - - [21/Jun/2026:00:06:23 -0400] "POST /xmlrpc.php HTTP/1.1" 200 15480 "-" "Jetpack/13.0; WordPress/6.1; http://site33750085.com"
122.183.45.63 - - [21/Jun/2026:00:06:33 -0400] "POST /xmlrpc.php HTTP/1.1" 200 15480 "-" "Jetpack by WordPress.com (Jetpack 12.0; WordPress 6.1)"
122.183.45.63 - - [21/Jun/2026:00:06:54 -0400] "POST /xmlrpc.php HTTP/1.1" 200 15480 "-" "Jetpack by WordPress.com (Jetpack 13.0; WordPress 6.4)"
122.183.45.63 - - [21/Jun/2026:00:07:06 -0400] "POST /xmlrpc.php HTTP/1.1" 200 15480 "-" "Jetpack by WordPress.com"
122.183.45.63 - - [21/Jun/2026:00:07:15 -0400] "POST /xmlrpc.php HTTP/1.1" 200 15480 "-" "Jetpack by WordPress.com (Jetpack 13.0; WordPress 6.4)"
122.183.45.63 - - [21/Jun/2026:00:07:25 -0400] "POST /xmlrpc.php HTTP/1.1" 200 15480 "-" "Jetpack/13.0; WordPress/6.2; http://site83372907.com"
122.183.45.63 - - [21/Jun/2026:00:07:55 -0400] "POST /xmlrpc.php HTTP/1.1" 200 15480 "-" "Jetpack/12.0; WordPress/6.3; http://site44253044.com"
122.183.45.63 - - [21/Jun/2026:00:08:20 -0400] "POST /xmlrpc.php HTTP/1.1" 200 15480 "-" "WordPress.com; https://wordpress.com"
122.183.45.63 - - [21/Jun/2026:00:08:32 -0400] "POST /xmlrpc.php HTTP/1.1" 200 15480 "-" "Jetpack/12.1; WordPress/6.4; http://site98076883.com"
34.201.71.57 - - [21/Jun/2026:00:08:33 -0400] "GET / HTTP/1.1" 301 - "-" "Mozilla/5.0 (Windows NT 10.0; Win64; x64) AppleWebKit/537.36 (KHTML, like Gecko) Chrome/86.0.4240.75 Safari/537.36"
122.183.45.63 - - [21/Jun/2026:00:08:40 -0400] "POST /xmlrpc.php HTTP/1.1" 200 15480 "-" "Jetpack/12.0; WordPress/6.3; http://site28976692.com"
122.183.45.63 - - [21/Jun/2026:00:08:49 -0400] "POST /xmlrpc.php HTTP/1.1" 200 15480 "-" "Jetpack by WordPress.com"
122.183.45.63 - - [21/Jun/2026:00:09:00 -0400] "POST /xmlrpc.php HTTP/1.1" 200 15480 "-" "Jetpack/12.1; WordPress/6.2; http://site87498863.com"
122.183.45.63 - - [21/Jun/2026:00:09:19 -0400] "POST /xmlrpc.php HTTP/1.1" 200 15480 "-" "Jetpack by WordPress.com (Jetpack 12.0; WordPress 6.3)"
122.183.45.63 - - [21/Jun/2026:00:09:31 -0400] "POST /xmlrpc.php HTTP/1.1" 200 15480 "-" "Jetpack by WordPress.com (Jetpack 13.0; WordPress 6.3)"
122.183.45.63 - - [21/Jun/2026:00:09:42 -0400] "POST /xmlrpc.php HTTP/1.1" 200 15480 "-" "Jetpack by WordPress.com (Jetpack 12.5; WordPress 6.4)"
122.183.45.63 - - [21/Jun/2026:00:09:53 -0400] "POST /xmlrpc.php HTTP/1.1" 200 15480 "-" "Jetpack/12.1; WordPress/6.4; http://site70045754.com"
122.183.45.63 - - [21/Jun/2026:00:10:04 -0400] "POST /xmlrpc.php HTTP/1.1" 200 15480 "-" "WordPress.com; https://wordpress.com"
122.183.45.63 - - [21/Jun/2026:00:10:15 -0400] "POST /xmlrpc.php HTTP/1.1" 200 15480 "-" "Jetpack/12.1; WordPress/6.3; http://site84211765.com"
122.183.45.63 - - [21/Jun/2026:00:10:34 -0400] "POST /xmlrpc.php HTTP/1.1" 200 15480 "-" "WordPress.com; https://wordpress.com"
122.183.45.63 - - [21/Jun/2026:00:10:55 -0400] "POST /xmlrpc.php HTTP/1.1" 200 15480 "-" "WordPress.com; https://wordpress.com"
122.183.45.63 - - [21/Jun/2026:00:11:15 -0400] "POST /xmlrpc.php HTTP/1.1" 200 15480 "-" "Jetpack/12.1; WordPress/6.2; http://site54379614.com"
150.223.194.177 - - [21/Jun/2026:00:11:26 -0400] "GET /wp-login.php HTTP/1.1" 302 - "-" "Apache-HttpClient/4.5.2 (Java/1.8.0_161)"
150.223.194.177 - - [21/Jun/2026:00:11:48 -0400] "GET /?author=1 HTTP/1.1" 301 - "-" "Apache-HttpClient/4.5.2 (Java/1.8.0_161)"
122.183.45.63 - - [21/Jun/2026:00:11:57 -0400] "POST /xmlrpc.php HTTP/1.1" 200 15480 "-" "Jetpack/12.5; WordPress/6.4; http://site11636922.com"
150.223.194.177 - - [21/Jun/2026:00:12:04 -0400] "GET /?author=2 HTTP/1.1" 301 - "-" "Apache-HttpClient/4.5.2 (Java/1.8.0_161)"
122.183.45.63 - - [21/Jun/2026:00:12:12 -0400] "POST /xmlrpc.php HTTP/1.1" 200 15480 "-" "Jetpack by WordPress.com (Jetpack 13.0; WordPress 6.2)"
150.223.194.177 - - [21/Jun/2026:00:12:08 -0400] "GET /?author=2 HTTP/1.1" 200 192150 "-" "Apache-HttpClient/4.5.2 (Java/1.8.0_161)"
150.223.194.177 - - [21/Jun/2026:00:12:14 -0400] "GET /?author=3 HTTP/1.1" 301 - "-" "Apache-HttpClient/4.5.2 (Java/1.8.0_161)"
150.223.194.177 - - [21/Jun/2026:00:12:27 -0400] "GET /?author=4 HTTP/1.1" 301 - "-" "Apache-HttpClient/4.5.2 (Java/1.8.0_161)"
122.183.45.63 - - [21/Jun/2026:00:12:29 -0400] "POST /xmlrpc.php HTTP/1.1" 200 15480 "-" "Jetpack by WordPress.com"
150.223.194.177 - - [21/Jun/2026:00:12:30 -0400] "GET /?author=4 HTTP/1.1" 200 192203 "-" "Apache-HttpClient/4.5.2 (Java/1.8.0_161)"
150.223.194.177 - - [21/Jun/2026:00:12:36 -0400] "GET /?author=5 HTTP/1.1" 301 - "-" "Apache-HttpClient/4.5.2 (Java/1.8.0_161)"
122.183.45.63 - - [21/Jun/2026:00:12:41 -0400] "POST /xmlrpc.php HTTP/1.1" 200 15480 "-" "WordPress.com; https://wordpress.com"
150.223.194.177 - - [21/Jun/2026:00:12:39 -0400] "GET /?author=5 HTTP/1.1" 200 192226 "-" "Apache-HttpClient/4.5.2 (Java/1.8.0_161)"
150.223.194.177 - - [21/Jun/2026:00:12:48 -0400] "GET /?author=6 HTTP/1.1" 301 - "-" "Apache-HttpClient/4.5.2 (Java/1.8.0_161)"
122.183.45.63 - - [21/Jun/2026:00:12:52 -0400] "POST /xmlrpc.php HTTP/1.1" 200 15480 "-" "Jetpack by WordPress.com"
101.128.109.149 - - [21/Jun/2026:00:12:52 -0400] "POST / HTTP/1.1" 200 40 "-" "Mozilla/5.0 (Windows NT 10.0; Win64; x64) AppleWebKit/537.36"
150.223.194.177 - - [21/Jun/2026:00:12:51 -0400] "GET /?author=6 HTTP/1.1" 404 207219 "-" "Apache-HttpClient/4.5.2 (Java/1.8.0_161)"
122.183.45.63 - - [21/Jun/2026:00:13:04 -0400] "POST /xmlrpc.php HTTP/1.1" 200 15480 "-" "Jetpack by WordPress.com (Jetpack 12.1; WordPress 6.2)"
101.128.109.149 - - [21/Jun/2026:00:13:11 -0400] "GET /wp-content/uploads/WPL/4/Nx1.php HTTP/1.1" 404 207246 "-" "Mozilla/5.0 (Windows NT 10.0; Win64; x64) AppleWebKit/537.36"
101.128.109.149 - - [21/Jun/2026:00:13:11 -0400] "GET /wp-content/uploads/WPL/2/Nx1.php HTTP/1.1" 404 207246 "-" "Mozilla/5.0 (Windows NT 10.0; Win64; x64) AppleWebKit/537.36"
101.128.109.149 - - [21/Jun/2026:00:13:11 -0400] "GET /wp-content/uploads/WPL/5/Nx1.php HTTP/1.1" 404 207246 "-" "Mozilla/5.0 (Windows NT 10.0; Win64; x64) AppleWebKit/537.36"
101.128.109.149 - - [21/Jun/2026:00:13:12 -0400] "GET /wp-content/uploads/WPL/7/Nx1.php HTTP/1.1" 404 207246 "-" "Mozilla/5.0 (Windows NT 10.0; Win64; x64) AppleWebKit/537.36"
101.128.109.149 - - [21/Jun/2026:00:13:12 -0400] "GET /wp-content/uploads/WPL/1/Nx1.php HTTP/1.1" 404 207246 "-" "Mozilla/5.0 (Windows NT 10.0; Win64; x64) AppleWebKit/537.36"
122.183.45.63 - - [21/Jun/2026:00:13:16 -0400] "POST /xmlrpc.php HTTP/1.1" 200 15480 "-" "Jetpack/12.0; WordPress/6.3; http://site12599164.com"
101.128.109.149 - - [21/Jun/2026:00:13:12 -0400] "GET /wp-content/uploads/WPL/3/Nx1.php HTTP/1.1" 404 207246 "-" "Mozilla/5.0 (Windows NT 10.0; Win64; x64) AppleWebKit/537.36"
101.128.109.149 - - [21/Jun/2026:00:13:12 -0400] "GET /wp-content/uploads/WPL/9/Nx1.php HTTP/1.1" 404 207245 "-" "Mozilla/5.0 (Windows NT 10.0; Win64; x64) AppleWebKit/537.36"
101.128.109.149 - - [21/Jun/2026:00:13:12 -0400] "GET /wp-content/uploads/WPL/6/Nx1.php HTTP/1.1" 404 207246 "-" "Mozilla/5.0 (Windows NT 10.0; Win64; x64) AppleWebKit/537.36"
101.128.109.149 - - [21/Jun/2026:00:13:12 -0400] "GET /wp-content/uploads/WPL/10/Nx1.php HTTP/1.1" 404 207246 "-" "Mozilla/5.0 (Windows NT 10.0; Win64; x64) AppleWebKit/537.36"
101.128.109.149 - - [21/Jun/2026:00:13:12 -0400] "GET /wp-content/uploads/WPL/8/Nx1.php HTTP/1.1" 404 207246 "-" "Mozilla/5.0 (Windows NT 10.0; Win64; x64) AppleWebKit/537.36"
150.223.194.177 - - [21/Jun/2026:00:13:17 -0400] "GET /?author=7 HTTP/1.1" 301 - "-" "Apache-HttpClient/4.5.2 (Java/1.8.0_161)"
101.128.109.149 - - [21/Jun/2026:00:13:16 -0400] "GET /wp-content/uploads/WPL/11/Nx1.php HTTP/1.1" 404 207246 "-" "Mozilla/5.0 (Windows NT 10.0; Win64; x64) AppleWebKit/537.36"
101.128.109.149 - - [21/Jun/2026:00:13:17 -0400] "GET /wp-content/uploads/WPL/13/Nx1.php HTTP/1.1" 404 207246 "-" "Mozilla/5.0 (Windows NT 10.0; Win64; x64) AppleWebKit/537.36"
101.128.109.149 - - [21/Jun/2026:00:13:18 -0400] "GET /wp-content/uploads/WPL/19/Nx1.php HTTP/1.1" 404 207246 "-" "Mozilla/5.0 (Windows NT 10.0; Win64; x64) AppleWebKit/537.36"
101.128.109.149 - - [21/Jun/2026:00:13:17 -0400] "GET /wp-content/uploads/WPL/12/Nx1.php HTTP/1.1" 404 207246 "-" "Mozilla/5.0 (Windows NT 10.0; Win64; x64) AppleWebKit/537.36"
101.128.109.149 - - [21/Jun/2026:00:13:18 -0400] "GET /wp-content/uploads/WPL/17/Nx1.php HTTP/1.1" 404 207246 "-" "Mozilla/5.0 (Windows NT 10.0; Win64; x64) AppleWebKit/537.36"
101.128.109.149 - - [21/Jun/2026:00:13:18 -0400] "GET /wp-content/uploads/WPL/14/Nx1.php HTTP/1.1" 404 207246 "-" "Mozilla/5.0 (Windows NT 10.0; Win64; x64) AppleWebKit/537.36"
101.128.109.149 - - [21/Jun/2026:00:13:18 -0400] "GET /wp-content/uploads/WPL/18/Nx1.php HTTP/1.1" 404 207246 "-" "Mozilla/5.0 (Windows NT 10.0; Win64; x64) AppleWebKit/537.36"
101.128.109.149 - - [21/Jun/2026:00:13:18 -0400] "GET /wp-content/uploads/WPL/16/Nx1.php HTTP/1.1" 404 207246 "-" "Mozilla/5.0 (Windows NT 10.0; Win64; x64) AppleWebKit/537.36"
101.128.109.149 - - [21/Jun/2026:00:13:18 -0400] "GET /wp-content/uploads/WPL/15/Nx1.php HTTP/1.1" 404 207244 "-" "Mozilla/5.0 (Windows NT 10.0; Win64; x64) AppleWebKit/537.36"
101.128.109.149 - - [21/Jun/2026:00:13:20 -0400] "GET /wp-content/uploads/WPL/20/Nx1.php HTTP/1.1" 404 207246 "-" "Mozilla/5.0 (Windows NT 10.0; Win64; x64) AppleWebKit/537.36"
101.128.109.149 - - [21/Jun/2026:00:13:22 -0400] "GET /wp-content/uploads/WPL/22/Nx1.php HTTP/1.1" 404 207246 "-" "Mozilla/5.0 (Windows NT 10.0; Win64; x64) AppleWebKit/537.36"
101.128.109.149 - - [21/Jun/2026:00:13:22 -0400] "GET /wp-content/uploads/WPL/21/Nx1.php HTTP/1.1" 404 207245 "-" "Mozilla/5.0 (Windows NT 10.0; Win64; x64) AppleWebKit/537.36"
101.128.109.149 - - [21/Jun/2026:00:13:23 -0400] "GET /wp-content/uploads/WPL/23/Nx1.php HTTP/1.1" 404 207246 "-" "Mozilla/5.0 (Windows NT 10.0; Win64; x64) AppleWebKit/537.36"
150.223.194.177 - - [21/Jun/2026:00:13:22 -0400] "GET /?author=7 HTTP/1.1" 404 207219 "-" "Apache-HttpClient/4.5.2 (Java/1.8.0_161)"
150.223.194.177 - - [21/Jun/2026:00:13:29 -0400] "GET /?author=8 HTTP/1.1" 301 - "-" "Apache-HttpClient/4.5.2 (Java/1.8.0_161)"
122.183.45.63 - - [21/Jun/2026:00:13:33 -0400] "POST /xmlrpc.php HTTP/1.1" 200 15480 "-" "Jetpack/12.1; WordPress/6.4; http://site82268203.com"
150.223.194.177 - - [21/Jun/2026:00:13:31 -0400] "GET /?author=8 HTTP/1.1" 404 207219 "-" "Apache-HttpClient/4.5.2 (Java/1.8.0_161)"
150.223.194.177 - - [21/Jun/2026:00:13:35 -0400] "GET /?author=9 HTTP/1.1" 301 - "-" "Apache-HttpClient/4.5.2 (Java/1.8.0_161)"
150.223.194.177 - - [21/Jun/2026:00:13:36 -0400] "GET /?author=9 HTTP/1.1" 200 192205 "-" "Apache-HttpClient/4.5.2 (Java/1.8.0_161)"
122.183.45.63 - - [21/Jun/2026:00:13:44 -0400] "POST /xmlrpc.php HTTP/1.1" 200 15480 "-" "Jetpack by WordPress.com"
150.223.194.177 - - [21/Jun/2026:00:13:44 -0400] "GET /?author=10 HTTP/1.1" 301 - "-" "Apache-HttpClient/4.5.2 (Java/1.8.0_161)"
150.223.194.177 - - [21/Jun/2026:00:13:45 -0400] "GET /?author=10 HTTP/1.1" 200 192200 "-" "Apache-HttpClient/4.5.2 (Java/1.8.0_161)"
150.223.194.177 - - [21/Jun/2026:00:13:53 -0400] "GET /?author=11 HTTP/1.1" 301 - "-" "Apache-HttpClient/4.5.2 (Java/1.8.0_161)"
122.183.45.63 - - [21/Jun/2026:00:13:55 -0400] "POST /xmlrpc.php HTTP/1.1" 200 15480 "-" "Jetpack/12.5; WordPress/6.1; http://site67515202.com"
101.128.109.149 - - [21/Jun/2026:00:13:57 -0400] "GET /wp-content/uploads/WPL/29/Nx1.php HTTP/1.1" 404 207246 "-" "Mozilla/5.0 (Windows NT 10.0; Win64; x64) AppleWebKit/537.36"
101.128.109.149 - - [21/Jun/2026:00:13:58 -0400] "GET /wp-content/uploads/WPL/25/Nx1.php HTTP/1.1" 404 121124 "-" "Mozilla/5.0 (Windows NT 10.0; Win64; x64) AppleWebKit/537.36"
101.128.109.149 - - [21/Jun/2026:00:13:58 -0400] "GET /wp-content/uploads/WPL/30/Nx1.php HTTP/1.1" 404 7762 "-" "Mozilla/5.0 (Windows NT 10.0; Win64; x64) AppleWebKit/537.36"
101.128.109.149 - - [21/Jun/2026:00:13:58 -0400] "GET /wp-content/uploads/WPL/28/Nx1.php HTTP/1.1" 404 7762 "-" "Mozilla/5.0 (Windows NT 10.0; Win64; x64) AppleWebKit/537.36"
101.128.109.149 - - [21/Jun/2026:00:13:58 -0400] "GET /wp-content/uploads/WPL/27/Nx1.php HTTP/1.1" 404 194340 "-" "Mozilla/5.0 (Windows NT 10.0; Win64; x64) AppleWebKit/537.36"
101.128.109.149 - - [21/Jun/2026:00:13:58 -0400] "GET /wp-content/uploads/WPL/24/Nx1.php HTTP/1.1" 404 7762 "-" "Mozilla/5.0 (Windows NT 10.0; Win64; x64) AppleWebKit/537.36"
150.223.194.177 - - [21/Jun/2026:00:13:54 -0400] "GET /?author=11 HTTP/1.1" 200 192283 "-" "Apache-HttpClient/4.5.2 (Java/1.8.0_161)"
101.128.109.149 - - [21/Jun/2026:00:13:58 -0400] "GET /wp-content/uploads/WPL/26/Nx1.php HTTP/1.1" 404 7762 "-" "Mozilla/5.0 (Windows NT 10.0; Win64; x64) AppleWebKit/537.36"
122.183.45.63 - - [21/Jun/2026:00:14:07 -0400] "POST /xmlrpc.php HTTP/1.1" 200 15480 "-" "Jetpack/12.0; WordPress/6.1; http://site61421330.com"
150.223.194.177 - - [21/Jun/2026:00:14:07 -0400] "GET /?author=12 HTTP/1.1" 301 - "-" "Apache-HttpClient/4.5.2 (Java/1.8.0_161)"
150.223.194.177 - - [21/Jun/2026:00:14:08 -0400] "GET /?author=12 HTTP/1.1" 200 192189 "-" "Apache-HttpClient/4.5.2 (Java/1.8.0_161)"
122.183.45.63 - - [21/Jun/2026:00:14:17 -0400] "POST /xmlrpc.php HTTP/1.1" 200 15480 "-" "Jetpack/12.1; WordPress/6.3; http://site17364449.com"
150.223.194.177 - - [21/Jun/2026:00:14:17 -0400] "GET /?author=13 HTTP/1.1" 301 - "-" "Apache-HttpClient/4.5.2 (Java/1.8.0_161)"
150.223.194.177 - - [21/Jun/2026:00:14:26 -0400] "GET /?author=14 HTTP/1.1" 301 - "-" "Apache-HttpClient/4.5.2 (Java/1.8.0_161)"
122.183.45.63 - - [21/Jun/2026:00:14:28 -0400] "POST /xmlrpc.php HTTP/1.1" 200 15480 "-" "Jetpack by WordPress.com"
150.223.194.177 - - [21/Jun/2026:00:14:27 -0400] "GET /?author=14 HTTP/1.1" 200 192228 "-" "Apache-HttpClient/4.5.2 (Java/1.8.0_161)"
122.183.45.63 - - [21/Jun/2026:00:14:37 -0400] "POST /xmlrpc.php HTTP/1.1" 200 15480 "-" "Jetpack/12.0; WordPress/6.4; http://site21541114.com"
150.223.194.177 - - [21/Jun/2026:00:14:37 -0400] "GET /?author=15 HTTP/1.1" 301 - "-" "Apache-HttpClient/4.5.2 (Java/1.8.0_161)"
150.223.194.177 - - [21/Jun/2026:00:14:40 -0400] "GET /?author=15 HTTP/1.1" 404 207219 "-" "Apache-HttpClient/4.5.2 (Java/1.8.0_161)"
122.183.45.63 - - [21/Jun/2026:00:14:47 -0400] "POST /xmlrpc.php HTTP/1.1" 200 15480 "-" "WordPress.com; https://wordpress.com"
150.223.194.177 - - [21/Jun/2026:00:14:49 -0400] "GET /?author=16 HTTP/1.1" 301 - "-" "Apache-HttpClient/4.5.2 (Java/1.8.0_161)"
122.183.45.63 - - [21/Jun/2026:00:14:59 -0400] "POST /xmlrpc.php HTTP/1.1" 200 15480 "-" "WordPress.com; https://wordpress.com"
150.223.194.177 - - [21/Jun/2026:00:14:50 -0400] "GET /?author=16 HTTP/1.1" 404 207219 "-" "Apache-HttpClient/4.5.2 (Java/1.8.0_161)"
150.223.194.177 - - [21/Jun/2026:00:15:06 -0400] "GET /?author=17 HTTP/1.1" 301 - "-" "Apache-HttpClient/4.5.2 (Java/1.8.0_161)"
150.223.194.177 - - [21/Jun/2026:00:15:08 -0400] "GET /?author=17 HTTP/1.1" 404 207219 "-" "Apache-HttpClient/4.5.2 (Java/1.8.0_161)"
122.183.45.63 - - [21/Jun/2026:00:15:12 -0400] "POST /xmlrpc.php HTTP/1.1" 200 15480 "-" "WordPress.com; https://wordpress.com"
150.223.194.177 - - [21/Jun/2026:00:15:13 -0400] "GET /?author=18 HTTP/1.1" 301 - "-" "Apache-HttpClient/4.5.2 (Java/1.8.0_161)"
150.223.194.177 - - [21/Jun/2026:00:15:17 -0400] "GET /?author=18 HTTP/1.1" 404 207219 "-" "Apache-HttpClient/4.5.2 (Java/1.8.0_161)"
150.223.194.177 - - [21/Jun/2026:00:15:24 -0400] "GET /?author=19 HTTP/1.1" 301 - "-" "Apache-HttpClient/4.5.2 (Java/1.8.0_161)"
150.223.194.177 - - [21/Jun/2026:00:15:25 -0400] "GET /?author=19 HTTP/1.1" 404 207219 "-" "Apache-HttpClient/4.5.2 (Java/1.8.0_161)"
122.183.45.63 - - [21/Jun/2026:00:15:32 -0400] "POST /xmlrpc.php HTTP/1.1" 200 15480 "-" "Jetpack by WordPress.com (Jetpack 12.1; WordPress 6.4)"
122.183.45.63 - - [21/Jun/2026:00:15:41 -0400] "POST /xmlrpc.php HTTP/1.1" 200 15480 "-" "Jetpack by WordPress.com"
150.223.194.177 - - [21/Jun/2026:00:15:43 -0400] "GET /?author=20 HTTP/1.1" 301 - "-" "Apache-HttpClient/4.5.2 (Java/1.8.0_161)"
180.243.254.93 - - [21/Jun/2026:00:15:47 -0400] "POST /xmlrpc.php HTTP/1.1" 200 15481 "-" "Mozilla/5.0 (Macintosh; Intel Mac OS X 10_15_7; x64) AppleWebKit/537.36 (KHTML, like Gecko) Safari/15.0.0.0 Safari/537.36"
150.223.194.177 - - [21/Jun/2026:00:15:44 -0400] "GET /?author=20 HTTP/1.1" 404 207219 "-" "Apache-HttpClient/4.5.2 (Java/1.8.0_161)"
150.223.194.177 - - [21/Jun/2026:00:15:55 -0400] "GET /xmlrpc.php HTTP/1.1" 405 42 "-" "Apache-HttpClient/4.5.2 (Java/1.8.0_161)"
122.183.45.63 - - [21/Jun/2026:00:15:59 -0400] "POST /xmlrpc.php HTTP/1.1" 200 15480 "-" "WordPress.com; https://wordpress.com"
101.128.109.149 - - [21/Jun/2026:00:16:02 -0400] "POST / HTTP/1.1" 200 40 "-" "Mozilla/5.0 (Windows NT 10.0; Win64; x64) AppleWebKit/537.36"
150.223.194.177 - - [21/Jun/2026:00:16:08 -0400] "POST /xmlrpc.php HTTP/1.1" 200 410 "-" "Apache-HttpClient/4.5.2 (Java/1.8.0_161)"
150.223.194.177 - - [21/Jun/2026:00:16:11 -0400] "POST /xmlrpc.php HTTP/1.1" 200 410 "-" "Apache-HttpClient/4.5.2 (Java/1.8.0_161)"
150.223.194.177 - - [21/Jun/2026:00:16:15 -0400] "POST /xmlrpc.php HTTP/1.1" 200 410 "-" "Apache-HttpClient/4.5.2 (Java/1.8.0_161)"
122.183.45.63 - - [21/Jun/2026:00:16:15 -0400] "POST /xmlrpc.php HTTP/1.1" 200 15480 "-" "Jetpack/13.0; WordPress/6.3; http://site59349145.com"
150.223.194.177 - - [21/Jun/2026:00:16:18 -0400] "POST /xmlrpc.php HTTP/1.1" 200 410 "-" "Apache-HttpClient/4.5.2 (Java/1.8.0_161)"
180.243.254.93 - - [21/Jun/2026:00:16:26 -0400] "POST /xmlrpc.php HTTP/1.1" 200 15481 "-" "Mozilla/5.0 (Windows NT 6.2; arm64) AppleWebKit/537.36 (KHTML, like Gecko) Chrome/103.0.0.0 Safari/537.36"
101.128.109.149 - - [21/Jun/2026:00:16:23 -0400] "GET /wp-content/uploads/WPL/1/Nx3.php HTTP/1.1" 404 207246 "-" "Mozilla/5.0 (Windows NT 10.0; Win64; x64) AppleWebKit/537.36"
101.128.109.149 - - [21/Jun/2026:00:16:23 -0400] "GET /wp-content/uploads/WPL/2/Nx3.php HTTP/1.1" 404 207245 "-" "Mozilla/5.0 (Windows NT 10.0; Win64; x64) AppleWebKit/537.36"
101.128.109.149 - - [21/Jun/2026:00:16:23 -0400] "GET /wp-content/uploads/WPL/3/Nx3.php HTTP/1.1" 404 207246 "-" "Mozilla/5.0 (Windows NT 10.0; Win64; x64) AppleWebKit/537.36"
101.128.109.149 - - [21/Jun/2026:00:16:23 -0400] "GET /wp-content/uploads/WPL/4/Nx3.php HTTP/1.1" 404 207246 "-" "Mozilla/5.0 (Windows NT 10.0; Win64; x64) AppleWebKit/537.36"
101.128.109.149 - - [21/Jun/2026:00:16:24 -0400] "GET /wp-content/uploads/WPL/5/Nx3.php HTTP/1.1" 404 207246 "-" "Mozilla/5.0 (Windows NT 10.0; Win64; x64) AppleWebKit/537.36"
150.223.194.177 - - [21/Jun/2026:00:16:28 -0400] "POST /xmlrpc.php HTTP/1.1" 200 410 "-" "Apache-HttpClient/4.5.2 (Java/1.8.0_161)"
101.128.109.149 - - [21/Jun/2026:00:16:25 -0400] "GET /wp-content/uploads/WPL/6/Nx3.php HTTP/1.1" 404 207246 "-" "Mozilla/5.0 (Windows NT 10.0; Win64; x64) AppleWebKit/537.36"
122.183.45.63 - - [21/Jun/2026:00:16:31 -0400] "POST /xmlrpc.php HTTP/1.1" 200 15480 "-" "WordPress.com; https://wordpress.com"
150.223.194.177 - - [21/Jun/2026:00:16:32 -0400] "POST /xmlrpc.php HTTP/1.1" 200 410 "-" "Apache-HttpClient/4.5.2 (Java/1.8.0_161)"
150.223.194.177 - - [21/Jun/2026:00:16:35 -0400] "POST /xmlrpc.php HTTP/1.1" 200 410 "-" "Apache-HttpClient/4.5.2 (Java/1.8.0_161)"
150.223.194.177 - - [21/Jun/2026:00:16:42 -0400] "POST /xmlrpc.php HTTP/1.1" 200 410 "-" "Apache-HttpClient/4.5.2 (Java/1.8.0_161)"
150.223.194.177 - - [21/Jun/2026:00:16:45 -0400] "POST /xmlrpc.php HTTP/1.1" 200 410 "-" "Apache-HttpClient/4.5.2 (Java/1.8.0_161)"
150.223.194.177 - - [21/Jun/2026:00:16:49 -0400] "POST /xmlrpc.php HTTP/1.1" 200 410 "-" "Apache-HttpClient/4.5.2 (Java/1.8.0_161)"
150.223.194.177 - - [21/Jun/2026:00:16:51 -0400] "POST /xmlrpc.php HTTP/1.1" 200 410 "-" "Apache-HttpClient/4.5.2 (Java/1.8.0_161)"
150.223.194.177 - - [21/Jun/2026:00:16:54 -0400] "POST /xmlrpc.php HTTP/1.1" 200 410 "-" "Apache-HttpClient/4.5.2 (Java/1.8.0_161)"
150.223.194.177 - - [21/Jun/2026:00:16:58 -0400] "POST /xmlrpc.php HTTP/1.1" 200 410 "-" "Apache-HttpClient/4.5.2 (Java/1.8.0_161)"
180.243.254.93 - - [21/Jun/2026:00:17:03 -0400] "POST /xmlrpc.php HTTP/1.1" 200 15481 "-" "Mozilla/5.0 (X11; Ubuntu; Linux x86_64; x64) AppleWebKit/537.36 (KHTML, like Gecko) Opera/69.0.0.0 Safari/537.36"
122.183.45.63 - - [21/Jun/2026:00:17:05 -0400] "POST /xmlrpc.php HTTP/1.1" 200 15480 "-" "Jetpack/12.0; WordPress/6.2; http://site48861670.com"
150.223.194.177 - - [21/Jun/2026:00:17:08 -0400] "POST /xmlrpc.php HTTP/1.1" 200 410 "-" "Apache-HttpClient/4.5.2 (Java/1.8.0_161)"
150.223.194.177 - - [21/Jun/2026:00:17:11 -0400] "POST /xmlrpc.php HTTP/1.1" 200 410 "-" "Apache-HttpClient/4.5.2 (Java/1.8.0_161)"
150.223.194.177 - - [21/Jun/2026:00:17:12 -0400] "POST /xmlrpc.php HTTP/1.1" 200 410 "-" "Apache-HttpClient/4.5.2 (Java/1.8.0_161)"
150.223.194.177 - - [21/Jun/2026:00:17:13 -0400] "POST /xmlrpc.php HTTP/1.1" 200 410 "-" "Apache-HttpClient/4.5.2 (Java/1.8.0_161)"
150.223.194.177 - - [21/Jun/2026:00:17:14 -0400] "POST /xmlrpc.php HTTP/1.1" 200 410 "-" "Apache-HttpClient/4.5.2 (Java/1.8.0_161)"
122.183.45.63 - - [21/Jun/2026:00:17:14 -0400] "POST /xmlrpc.php HTTP/1.1" 200 15480 "-" "Jetpack by WordPress.com (Jetpack 12.5; WordPress 6.3)"
150.223.194.177 - - [21/Jun/2026:00:17:20 -0400] "POST /xmlrpc.php HTTP/1.1" 200 410 "-" "Apache-HttpClient/4.5.2 (Java/1.8.0_161)"
101.128.109.149 - - [21/Jun/2026:00:17:19 -0400] "GET /wp-content/uploads/WPL/10/Nx3.php HTTP/1.1" 404 207246 "-" "Mozilla/5.0 (Windows NT 10.0; Win64; x64) AppleWebKit/537.36"
101.128.109.149 - - [21/Jun/2026:00:17:19 -0400] "GET /wp-content/uploads/WPL/9/Nx3.php HTTP/1.1" 404 207246 "-" "Mozilla/5.0 (Windows NT 10.0; Win64; x64) AppleWebKit/537.36"
101.128.109.149 - - [21/Jun/2026:00:17:19 -0400] "GET /wp-content/uploads/WPL/8/Nx3.php HTTP/1.1" 404 207246 "-" "Mozilla/5.0 (Windows NT 10.0; Win64; x64) AppleWebKit/537.36"
101.128.109.149 - - [21/Jun/2026:00:17:19 -0400] "GET /wp-content/uploads/WPL/7/Nx3.php HTTP/1.1" 404 207246 "-" "Mozilla/5.0 (Windows NT 10.0; Win64; x64) AppleWebKit/537.36"
122.183.45.63 - - [21/Jun/2026:00:17:28 -0400] "POST /xmlrpc.php HTTP/1.1" 200 15480 "-" "Jetpack by WordPress.com (Jetpack 13.0; WordPress 6.1)"
122.183.45.63 - - [21/Jun/2026:00:17:35 -0400] "POST /xmlrpc.php HTTP/1.1" 200 15480 "-" "Jetpack by WordPress.com (Jetpack 12.5; WordPress 6.2)"
150.223.194.177 - - [21/Jun/2026:00:17:37 -0400] "POST /xmlrpc.php HTTP/1.1" 200 410 "-" "Apache-HttpClient/4.5.2 (Java/1.8.0_161)"
180.243.254.93 - - [21/Jun/2026:00:17:39 -0400] "POST /xmlrpc.php HTTP/1.1" 200 15481 "-" "Mozilla/5.0 (Windows NT 6.3; x64) AppleWebKit/537.36 (KHTML, like Gecko) Opera/69.0.0.0 Safari/537.36"
150.223.194.177 - - [21/Jun/2026:00:17:44 -0400] "POST /xmlrpc.php HTTP/1.1" 200 410 "-" "Apache-HttpClient/4.5.2 (Java/1.8.0_161)"
122.183.45.63 - - [21/Jun/2026:00:17:45 -0400] "POST /xmlrpc.php HTTP/1.1" 200 15480 "-" "Jetpack/12.5; WordPress/6.1; http://site32064520.com"
101.128.109.149 - - [21/Jun/2026:00:17:44 -0400] "GET /wp-content/uploads/WPL/14/Nx3.php HTTP/1.1" 404 207246 "-" "Mozilla/5.0 (Windows NT 10.0; Win64; x64) AppleWebKit/537.36"
101.128.109.149 - - [21/Jun/2026:00:17:44 -0400] "GET /wp-content/uploads/WPL/13/Nx3.php HTTP/1.1" 404 207246 "-" "Mozilla/5.0 (Windows NT 10.0; Win64; x64) AppleWebKit/537.36"
101.128.109.149 - - [21/Jun/2026:00:17:43 -0400] "GET /wp-content/uploads/WPL/12/Nx3.php HTTP/1.1" 404 207246 "-" "Mozilla/5.0 (Windows NT 10.0; Win64; x64) AppleWebKit/537.36"
101.128.109.149 - - [21/Jun/2026:00:17:44 -0400] "GET /wp-content/uploads/WPL/11/Nx3.php HTTP/1.1" 404 207246 "-" "Mozilla/5.0 (Windows NT 10.0; Win64; x64) AppleWebKit/537.36"
150.223.194.177 - - [21/Jun/2026:00:17:49 -0400] "POST /xmlrpc.php HTTP/1.1" 200 410 "-" "Apache-HttpClient/4.5.2 (Java/1.8.0_161)"
101.128.109.149 - - [21/Jun/2026:00:17:50 -0400] "GET /wp-content/uploads/WPL/16/Nx3.php HTTP/1.1" 404 207246 "-" "Mozilla/5.0 (Windows NT 10.0; Win64; x64) AppleWebKit/537.36"
101.128.109.149 - - [21/Jun/2026:00:17:51 -0400] "GET /wp-content/uploads/WPL/15/Nx3.php HTTP/1.1" 404 207244 "-" "Mozilla/5.0 (Windows NT 10.0; Win64; x64) AppleWebKit/537.36"
101.128.109.149 - - [21/Jun/2026:00:17:51 -0400] "GET /wp-content/uploads/WPL/17/Nx3.php HTTP/1.1" 404 207245 "-" "Mozilla/5.0 (Windows NT 10.0; Win64; x64) AppleWebKit/537.36"
122.183.45.63 - - [21/Jun/2026:00:17:56 -0400] "POST /xmlrpc.php HTTP/1.1" 200 15480 "-" "WordPress.com; https://wordpress.com"
101.128.109.149 - - [21/Jun/2026:00:17:58 -0400] "GET /wp-content/uploads/WPL/20/Nx3.php HTTP/1.1" 404 207246 "-" "Mozilla/5.0 (Windows NT 10.0; Win64; x64) AppleWebKit/537.36"
101.128.109.149 - - [21/Jun/2026:00:17:58 -0400] "GET /wp-content/uploads/WPL/19/Nx3.php HTTP/1.1" 404 207246 "-" "Mozilla/5.0 (Windows NT 10.0; Win64; x64) AppleWebKit/537.36"
101.128.109.149 - - [21/Jun/2026:00:17:58 -0400] "GET /wp-content/uploads/WPL/18/Nx3.php HTTP/1.1" 404 207246 "-" "Mozilla/5.0 (Windows NT 10.0; Win64; x64) AppleWebKit/537.36"
122.183.45.63 - - [21/Jun/2026:00:18:07 -0400] "POST /xmlrpc.php HTTP/1.1" 200 15480 "-" "Jetpack by WordPress.com (Jetpack 12.0; WordPress 6.4)"
122.183.45.63 - - [21/Jun/2026:00:18:20 -0400] "POST /xmlrpc.php HTTP/1.1" 200 15480 "-" "WordPress.com; https://wordpress.com"
101.128.109.149 - - [21/Jun/2026:00:18:17 -0400] "GET /wp-content/uploads/WPL/26/Nx3.php HTTP/1.1" 404 207246 "-" "Mozilla/5.0 (Windows NT 10.0; Win64; x64) AppleWebKit/537.36"
101.128.109.149 - - [21/Jun/2026:00:18:18 -0400] "GET /wp-content/uploads/WPL/21/Nx3.php HTTP/1.1" 404 207246 "-" "Mozilla/5.0 (Windows NT 10.0; Win64; x64) AppleWebKit/537.36"
101.128.109.149 - - [21/Jun/2026:00:18:17 -0400] "GET /wp-content/uploads/WPL/22/Nx3.php HTTP/1.1" 404 207246 "-" "Mozilla/5.0 (Windows NT 10.0; Win64; x64) AppleWebKit/537.36"
180.243.254.93 - - [21/Jun/2026:00:18:21 -0400] "POST /xmlrpc.php HTTP/1.1" 200 15481 "-" "Mozilla/5.0 (Macintosh; Intel Mac OS X 10_15_7; arm64) AppleWebKit/537.36 (KHTML, like Gecko) Chrome/108.0.0.0 Safari/537.36"
101.128.109.149 - - [21/Jun/2026:00:18:18 -0400] "GET /wp-content/uploads/WPL/30/Nx3.php HTTP/1.1" 404 207246 "-" "Mozilla/5.0 (Windows NT 10.0; Win64; x64) AppleWebKit/537.36"
101.128.109.149 - - [21/Jun/2026:00:18:17 -0400] "GET /wp-content/uploads/WPL/25/Nx3.php HTTP/1.1" 404 207246 "-" "Mozilla/5.0 (Windows NT 10.0; Win64; x64) AppleWebKit/537.36"
101.128.109.149 - - [21/Jun/2026:00:18:18 -0400] "GET /wp-content/uploads/WPL/27/Nx3.php HTTP/1.1" 404 207246 "-" "Mozilla/5.0 (Windows NT 10.0; Win64; x64) AppleWebKit/537.36"
101.128.109.149 - - [21/Jun/2026:00:18:18 -0400] "GET /wp-content/uploads/WPL/28/Nx3.php HTTP/1.1" 404 207246 "-" "Mozilla/5.0 (Windows NT 10.0; Win64; x64) AppleWebKit/537.36"
101.128.109.149 - - [21/Jun/2026:00:18:18 -0400] "GET /wp-content/uploads/WPL/29/Nx3.php HTTP/1.1" 404 207246 "-" "Mozilla/5.0 (Windows NT 10.0; Win64; x64) AppleWebKit/537.36"
101.128.109.149 - - [21/Jun/2026:00:18:18 -0400] "GET /wp-content/uploads/WPL/23/Nx3.php HTTP/1.1" 404 207246 "-" "Mozilla/5.0 (Windows NT 10.0; Win64; x64) AppleWebKit/537.36"
101.128.109.149 - - [21/Jun/2026:00:18:18 -0400] "GET /wp-content/uploads/WPL/24/Nx3.php HTTP/1.1" 404 207246 "-" "Mozilla/5.0 (Windows NT 10.0; Win64; x64) AppleWebKit/537.36"
122.183.45.63 - - [21/Jun/2026:00:18:31 -0400] "POST /xmlrpc.php HTTP/1.1" 200 15480 "-" "Jetpack by WordPress.com"

Hry